000
CXUS53 KMPX 050531
CF6RWF
PRELIMINARY LOCAL CLIMATOLOGICAL DATA (WS FORM: F-6)
STATION: REDWOOD FALLS MN
MONTH: JULY
YEAR: 2022
LATITUDE: 44 32 N
LONGITUDE: 95 5 W
TEMPERATURE IN F: :PCPN: SNOW: WIND :SUNSHINE: SKY :PK WND
================================================================================
1 2 3 4 5 6A 6B 7 8 9 10 11 12 13 14 15 16 17 18
12Z AVG MX 2MIN
DY MAX MIN AVG DEP HDD CDD WTR SNW DPTH SPD SPD DIR MIN PSBL S-S WX SPD DR
================================================================================
1 85 61 73 1 0 8 0.00 M M 6.2 15 270 M M 2 25 310
2 76 65 71 -1 0 6 T M M 6.2 13 200 M M 4 1 17 190
3 86 60 73 1 0 8 T M M 8.7 17 200 M M 2 1 22 190
4 91 71 81 9 0 16 0.82 M M 6.4 21 200 M M 3 13 31 200
5 90 71 81 9 0 16 T M M 4.6 26 130 M M 2 18 34 110
6 81 65 73 0 0 8 0.00 M M 4.7 9 80 M M 6 15 50
7 87 68 78 5 0 13 0.82 M M 5.2 17 130 M M 6 1238 29 140
8 87 69 78 5 0 13 T M M 5.3 10 20 M M 5 1 14 90
9 82 67 75 2 0 10 0.00 M M 8.1 20 150 M M 4 1 25 150
10 93 69 81 8 0 16 T M M 11.9 28 180 M M 3 36 170
11 84 65 75 2 0 10 0.00 M M 12.6 26 300 M M 2 39 300
12 87 62 75 2 0 10 0.05 M M 9.4 20 270 M M 1 8 25 270
13 82 61 72 -1 0 7 0.00 M M 5.6 12 80 M M 0 17 60
14 89 60 75 2 0 10 T M M 10.8 21 130 M M 1 8 29 110
15 89 72 81 8 0 16 T M M 6.5 13 70 M M 4 1 20 70
16 81 68 75 2 0 10 0.00 M M 5.1 12 170 M M 0 1 M M
17 89 64 77 4 0 12 0.00 M M 3.9 10 200 M M 2 1 16 210
18 94 67 81 8 0 16 0.00 M M 10.9 18 180 M M 0 25 210
19 89 73 81 8 0 16 T M M 16.2 30 270 M M 2 42 260
20 89 70 80 7 0 15 0.05 M M 13.9 24 300 M M 1 35 300
21 84 66 75 2 0 10 0.11 M M 8.2 21 320 M M 2 3 36 320
22 91 67 79 6 0 14 0.00 M M 4.4 12 200 M M 1 15 190
23 82 67 75 2 0 10 0.12 M M 8.9 24 360 M M 1 13 36 350
24 78 62 70 -3 0 5 0.00 M M 8.7 20 310 M M 2 28 330
25 75 57 66 -6 0 1 T M M 5.0 14 220 M M 4 20 220
26 83 61 72 0 0 7 0.03 M M 9.2 17 200 M M 8 13 24 210
27 82 59 71 -1 0 6 0.00 M M 9.1 18 310 M M 1 28 290
28 77 53 65 -7 0 0 0.00 M M 10.0 22 310 M M 2 33 300
29 82 54 68 -4 0 3 0.00 M M 6.2 12 280 M M 1 20 360
30 88 56 72 0 0 7 0.00 M M 11.4 22 220 M M 0 29 220
31 90 60 75 3 0 10 T M M 14.1 29 170 M M 4 3 40 180
================================================================================
SM 2643 1990 0 309 2.00 M 257.4 M 76
================================================================================
AV 85.3 64.2 8.3 FASTST M M 2 MAX(MPH)
MISC ----> 30 270 42 260
================================================================================
NOTES:
# LAST OF SEVERAL OCCURRENCES
COLUMN 17 PEAK WIND IN M.P.H.
PRELIMINARY LOCAL CLIMATOLOGICAL DATA (WS FORM: F-6) , PAGE 2
STATION: REDWOOD FALLS MN
MONTH: JULY
YEAR: 2022
LATITUDE: 44 32 N
LONGITUDE: 95 5 W
[TEMPERATURE DATA] [PRECIPITATION DATA] SYMBOLS USED IN COLUMN 16
AVERAGE MONTHLY: 74.7 TOTAL FOR MONTH: 2.00 1 = FOG OR MIST
DPTR FM NORMAL: 2.1 DPTR FM NORMAL: -1.37 2 = FOG REDUCING VISIBILITY
HIGHEST: 94 ON 18 GRTST 24HR 0.82 ON 3- 4 TO 1/4 MILE OR LESS
LOWEST: 53 ON 28 3 = THUNDER
SNOW, ICE PELLETS, HAIL 4 = ICE PELLETS
TOTAL MONTH: M 5 = HAIL
GRTST 24HR M ON M 6 = FREEZING RAIN OR DRIZZLE
GRTST DEPTH: M ON M 7 = DUSTSTORM OR SANDSTORM:
VSBY 1/2 MILE OR LESS
8 = SMOKE OR HAZE
[NO. OF DAYS WITH] [WEATHER - DAYS WITH] 9 = BLOWING SNOW
X = TORNADO
MAX 32 OR BELOW: 0 0.01 INCH OR MORE: 7
MAX 90 OR ABOVE: 6 0.10 INCH OR MORE: 4
MIN 32 OR BELOW: 0 0.50 INCH OR MORE: 2
MIN 0 OR BELOW: 0 1.00 INCH OR MORE: 0
[HDD (BASE 65) ]
TOTAL THIS MO. 0 CLEAR (SCALE 0-3) 21
DPTR FM NORMAL -7 PTCLDY (SCALE 4-7) 10
TOTAL FM JUL 1 0 CLOUDY (SCALE 8-10) 0
DPTR FM NORMAL 0
[CDD (BASE 65) ]
TOTAL THIS MO. 309
DPTR FM NORMAL 67 [PRESSURE DATA]
TOTAL FM JAN 1 612 HIGHEST SLP 30.22 ON 9
DPTR FM NORMAL 170 LOWEST SLP 29.52 ON 19
[REMARKS]
#FINAL-07-22#