000
CXUS53 KMPX 032037
CF6RWF
PRELIMINARY LOCAL CLIMATOLOGICAL DATA (WS FORM: F-6)
STATION: REDWOOD FALLS MN
MONTH: APRIL
YEAR: 2021
LATITUDE: 44 32 N
LONGITUDE: 95 5 W
TEMPERATURE IN F: :PCPN: SNOW: WIND :SUNSHINE: SKY :PK WND
================================================================================
1 2 3 4 5 6A 6B 7 8 9 10 11 12 13 14 15 16 17 18
12Z AVG MX 2MIN
DY MAX MIN AVG DEP HDD CDD WTR SNW DPTH SPD SPD DIR MIN PSBL S-S WX SPD DR
================================================================================
1 51 15 33 -6 32 0 0.00 M M 9.8 21 160 M M 0 32 160
2 68 33 51 11 14 0 0.00 M M 18.9 32 180 M M 0 43 180
3 72 35 54 14 11 0 0.00 M M 7.8 14 320 M M 0 20 330
4 80 39 60 19 5 0 0.00 M M 7.3 15 290 M M 0 19 280
5 88 49 69 28 0 4 T M M 11.7 24 280 M M 0 3 33 280
6 64 46 55 13 10 0 0.06 M M 9.9 20 10 M M 3 13 31 360
7 61 49 55 13 10 0 0.35 M M 9.7 15 70 M M 10 13 24 60
8 50 44 47 4 18 0 0.30 M M 8.3 13 360 M M 10 1 20 350
9 47 42 45 2 20 0 0.01 M M 12.3 25 300 M M 10 1 36 300
10 55 38 47 3 18 0 0.00 M M 8.9 21 340 M M 3 30 340
11 55 34 45 1 20 0 T M M 8.1 17 290 M M 6 27 20
12 45 33 39 -6 26 0 0.01 M M 18.5 29 290 M M 10 1 41 280
13 38 29 34 -12 31 0 T M M 17.1 29 300 M M 10 1 38 300
14 42 29 36 -10 29 0 0.00 M M 14.0 20 340 M M 10 29 320
15 44 31 38 -8 27 0 T M M 8.1 14 310 M M 10 1 21 340
16 59 38 49 2 16 0 0.00 M M 8.0 15 320 M M 10 23 320
17 58 38 48 0 17 0 0.00 M M 8.6 17 310 M M 6 25 330
18 67 31 49 1 16 0 0.00 M M 14.2 24 300 M M 4 38 350
19 43 28 36 -12 29 0 0.00 M M 14.2 22 320 M M 7 35 320
20 46 22 34 -15 31 0 0.00 M M 10.7 22 310 M M 5 35 320
21 47 20 34 -15 31 0 0.00 M M 9.2 23 290 M M 6 29 290
22 63 35 49 -1 16 0 T M M 13.3 24 250 M M 2 34 250
23 55 38 47 -3 18 0 T M M 9.4 17 330 M M 10 1 26 310
24 51 33 42 -9 23 0 T M M 10.1 18 310 M M 5 1 28 340
25 42 33 38 -13 27 0 0.01 M M 13.4 29 140 M M 7 1 39 140
26 59 39 49 -3 16 0 0.11 M M 10.1 18 110 M M 6 1 26 70
27 53 41 47 -5 18 0 0.03 M M 8.4 15 360 M M 8 1 24 350
28 66 36 51 -2 14 0 0.00 M M 4.0 12 50 M M 0 1 17 50
29 69 42 56 3 9 0 0.00 M M 10.4 21 320 M M 2 33 320
30 66 42 54 1 11 0 0.00 M M 9.4 18 150 M M 5 24 150
================================================================================
SM 1704 1062 563 4 0.88 M 323.8 M 165
================================================================================
AV 56.8 35.4 10.8 FASTST M M 6 MAX(MPH)
MISC ----> 32 180 43 180
================================================================================
NOTES:
# LAST OF SEVERAL OCCURRENCES
COLUMN 17 PEAK WIND IN M.P.H.
PRELIMINARY LOCAL CLIMATOLOGICAL DATA (WS FORM: F-6) , PAGE 2
STATION: REDWOOD FALLS MN
MONTH: APRIL
YEAR: 2021
LATITUDE: 44 32 N
LONGITUDE: 95 5 W
[TEMPERATURE DATA] [PRECIPITATION DATA] SYMBOLS USED IN COLUMN 16
AVERAGE MONTHLY: 46.1 TOTAL FOR MONTH: 0.88 1 = FOG OR MIST
DPTR FM NORMAL: -0.5 DPTR FM NORMAL: -1.83 2 = FOG REDUCING VISIBILITY
HIGHEST: 88 ON 5 GRTST 24HR 0.53 ON 7- 8 TO 1/4 MILE OR LESS
LOWEST: 15 ON 1 3 = THUNDER
SNOW, ICE PELLETS, HAIL 4 = ICE PELLETS
TOTAL MONTH: M 5 = HAIL
GRTST 24HR M ON M 6 = FREEZING RAIN OR DRIZZLE
GRTST DEPTH: M ON M 7 = DUSTSTORM OR SANDSTORM:
VSBY 1/2 MILE OR LESS
8 = SMOKE OR HAZE
[NO. OF DAYS WITH] [WEATHER - DAYS WITH] 9 = BLOWING SNOW
X = TORNADO
MAX 32 OR BELOW: 0 0.01 INCH OR MORE: 8
MAX 90 OR ABOVE: 0 0.10 INCH OR MORE: 3
MIN 32 OR BELOW: 8 0.50 INCH OR MORE: 0
MIN 0 OR BELOW: 0 1.00 INCH OR MORE: 0
[HDD (BASE 65) ]
TOTAL THIS MO. 563 CLEAR (SCALE 0-3) 10
DPTR FM NORMAL 7 PTCLDY (SCALE 4-7) 11
TOTAL FM JUL 1 7106 CLOUDY (SCALE 8-10) 9
DPTR FM NORMAL -509
[CDD (BASE 65) ]
TOTAL THIS MO. 4
DPTR FM NORMAL 0 [PRESSURE DATA]
TOTAL FM JAN 1 4 HIGHEST SLP 30.61 ON 1
DPTR FM NORMAL 0 LOWEST SLP 29.42 ON 8
[REMARKS]
#FINAL-04-21#
QC