000
CXUS55 KCYS 051212
CF6RWL
PRELIMINARY LOCAL CLIMATOLOGICAL DATA (WS FORM: F-6)
STATION: RAWLINS WYOMING AIRPORT
MONTH: FEBRUARY
YEAR: 2024
LATITUDE: 41 47 N
LONGITUDE: 107 12 W
TEMPERATURE IN F: :PCPN: SNOW: WIND :SUNSHINE: SKY :PK WND
================================================================================
1 2 3 4 5 6A 6B 7 8 9 10 11 12 13 14 15 16 17 18
12Z AVG MX 2MIN
DY MAX MIN AVG DEP HDD CDD WTR SNW DPTH SPD SPD DIR MIN PSBL S-S WX SPD DR
================================================================================
1 50 24 37 15 28 0 0.00 M M 8.1 24 200 M M 1 33 200
2 49 29 39 17 26 0 0.00 M M 4.4 10 60 M M 5 13 70
3 35 27 31 9 34 0 0.22 M M 12.1 22 200 M M 10 18 30 180
4 31 20 26 4 39 0 0.01 M M 15.2 29 210 M M 4 1 38 210
5 41 22 32 9 33 0 T M M 15.1 31 200 M M 4 48 180
6 51 34 43 20 22 0 T M M 8.6 29 190 M M 5 51 170
7 41 30 36 13 29 0 0.08 M M 18.1 33 210 M M 7 18 47 220
8 31 19 25 2 40 0 0.15 M M 17.4 32 230 M M 5 12 44 230
9 29 5 17 -6 48 0 0.00 M M 3.9 15 250 M M 5 20 250
10 28 0 14 -9 51 0 0.00 M M 4.1 10 290 M M 3 18 13 300
11 25 7 16 -7 49 0 0.00 M M 10.8 24 230 M M 1 32 220
12 32 18 25 2 40 0 T M M 11.9 26 220 M M 3 37 210
13 35 21 28 5 37 0 0.00 M M 14.2 29 230 M M 3 37 230
14 36 25 31 7 34 0 T M M 12.9 29 250 M M 7 1 39 260
15 36 24 30 6 35 0 0.01 M M 18.8 31 200 M M 8 128 43 200
16 32 -4 14 -10 51 0 0.04 M M 12.1 23 220 M M 7 33 220
17 20 -16 2 -22 63 0 0.00 M M 4.6 16 210 M M 0 21 210
18 34 -6 14 -10 51 0 0.01 M M 15.7 39 240 M M 7 55 230
19 43 23 33 8 32 0 0.00 M M 13.4 26 220 M M 3 39 200
20 43 29 36 11 29 0 0.00 M M 15.6 26 220 M M 5 38 220
21 40 33 37 12 28 0 0.25 M M 9.9 22 220 M M 9 12 36 210
22 38 24 31 5 34 0 0.00 M M 13.6 24 250 M M 4 32 240
23 37 22 30 4 35 0 0.00 M M 16.4 28 250 M M 2 39 240
24 40 25 33 7 32 0 0.00 M M 24.8 43 220 M M 0 58 230
25 45 29 37 10 28 0 0.00 M M 15.9 35 220 M M 0 48 220
26 48 33 41 14 24 0 0.00 M M 18.1 35 240 M M 3 51 230
27 36 13 25 -2 40 0 T M M 23.7 33 260 M M 6 48 260
28 33 13 23 -5 42 0 0.00 M M 19.6 37 230 M M 0 51 230
29 46 21 34 6 31 0 0.00 M M 13.7 29 190 M M 0 47 180
================================================================================
SM 1085 544 1065 0 0.77 M 392.7 M 117
================================================================================
AV 37.4 18.8 13.5 FASTST M M 4 MAX(MPH)
MISC ----> 43 220 58 230
================================================================================
NOTES:
# LAST OF SEVERAL OCCURRENCES
COLUMN 17 PEAK WIND IN M.P.H.
PRELIMINARY LOCAL CLIMATOLOGICAL DATA (WS FORM: F-6) , PAGE 2
STATION: RAWLINS WYOMING AIRPORT
MONTH: FEBRUARY
YEAR: 2024
LATITUDE: 41 47 N
LONGITUDE: 107 12 W
[TEMPERATURE DATA] [PRECIPITATION DATA] SYMBOLS USED IN COLUMN 16
AVERAGE MONTHLY: 28.1 TOTAL FOR MONTH: 0.77 1 = FOG OR MIST
DPTR FM NORMAL: 3.9 DPTR FM NORMAL: 0.29 2 = FOG REDUCING VISIBILITY
HIGHEST: 51 ON 6 GRTST 24HR 0.25 ON 20-21 TO 1/4 MILE OR LESS
LOWEST: -16 ON 17 3 = THUNDER
SNOW, ICE PELLETS, HAIL 4 = ICE PELLETS
TOTAL MONTH: M 5 = HAIL
GRTST 24HR M ON M 6 = FREEZING RAIN OR DRIZZLE
GRTST DEPTH: M ON M 7 = DUSTSTORM OR SANDSTORM:
VSBY 1/2 MILE OR LESS
8 = SMOKE OR HAZE
[NO. OF DAYS WITH] [WEATHER - DAYS WITH] 9 = BLOWING SNOW
X = TORNADO
MAX 32 OR BELOW: 8 0.01 INCH OR MORE: 8
MAX 90 OR ABOVE: 0 0.10 INCH OR MORE: 3
MIN 32 OR BELOW: 26 0.50 INCH OR MORE: 0
MIN 0 OR BELOW: 4 1.00 INCH OR MORE: 0
[HDD (BASE 65) ]
TOTAL THIS MO. 1065 CLEAR (SCALE 0-3) 11
DPTR FM NORMAL -77 PTCLDY (SCALE 4-7) 16
TOTAL FM JUL 1 5321 CLOUDY (SCALE 8-10) 2
DPTR FM NORMAL -558
[CDD (BASE 65) ]
TOTAL THIS MO. 0
DPTR FM NORMAL 0 [PRESSURE DATA]
TOTAL FM JAN 1 0 HIGHEST SLP 30.67 ON 17
DPTR FM NORMAL 0 LOWEST SLP 29.31 ON 27
[REMARKS]
#FINAL-02-24#
FEBRUARY 2... RECORD HIGH TEMPERATURE: 49F (PREVIOUS: 46F IN 2000)
FEBRUARY 3... RECORD DAILY PRECIPITATION: 0.22" (PREVIOUS: 0.20 IN 2020)
FEBRUARY 26... RECORD HIGH MINIMUM TEMPERATURE TIED: 33F (PREVIOUS IN 2004)