000
CXUS55 KCYS 151130
CF6RWL
PRELIMINARY LOCAL CLIMATOLOGICAL DATA (WS FORM: F-6)
STATION: RAWLINS WYOMING AIRPORT
MONTH: OCTOBER
YEAR: 2021
LATITUDE: 41 47 N
LONGITUDE: 107 12 W
TEMPERATURE IN F: :PCPN: SNOW: WIND :SUNSHINE: SKY :PK WND
================================================================================
1 2 3 4 5 6A 6B 7 8 9 10 11 12 13 14 15 16 17 18
12Z AVG MX 2MIN
DY MAX MIN AVG DEP HDD CDD WTR SNW DPTH SPD SPD DIR MIN PSBL S-S WX SPD DR
================================================================================
1 66 33 50 0 15 0 0.00 M M 5.7 14 340 M M 0 18 340
2 68 31 50 0 15 0 0.00 M M 3.0 12 320 M M 0 16 310
3 71 33 52 3 13 0 0.00 M M 5.8 23 250 M M 0 32 270
4 73 31 52 3 13 0 0.00 M M 5.5 20 220 M M 0 29 220
5 75 36 56 8 9 0 0.00 M M 3.7 13 310 M M 1 14 130
6 66 43 55 7 10 0 T M M 12.0 31 230 M M 2 45 230
7 69 37 53 6 12 0 0.01 M M 9.3 23 230 M M 3 34 230
8 60 38 49 2 16 0 T M M 10.7 30 240 M M 4 40 210
9 53 41 47 1 18 0 0.08 M M 15.7 30 250 M M 9 1 41 240
10 54 38 46 0 19 0 0.00 M M 14.1 25 250 M M 6 36 260
11 55 33 44 -2 21 0 0.01 M M 9.0 28 60 M M 6 39 60
12 43 25 34 -11 31 0 0.31 M M 15.3 35 50 M M 9 18 47 60
13 35 24 30 -15 35 0 T M M 18.3 30 250 M M 8 18 39 240
14 39 27 33 -11 32 0 T M M 15.6 28 250 M M 8 18 38 270
15 43 24 34 -10 31 0 0.00 M M 16.0 31 250 M M 3 42 250
16 57 27 42 -2 23 0 0.00 M M 8.1 22 230 M M 0 30 220
17 65 25 45 2 20 0 0.00 M M 9.6 32 220 M M 0 47 230
18 64 37 51 8 14 0 0.00 M M 9.2 24 200 M M 2 33 200
19 47 34 41 -1 24 0 0.22 M M 6.9 22 240 M M 10 1 30 240
20 50 34 42 0 23 0 0.00 M M 13.5 29 240 M M 4 37 230
21 59 36 48 6 17 0 0.00 M M 12.3 25 270 M M 0 35 270
22 63 38 51 10 14 0 0.00 M M 12.3 28 210 M M 0 40 230
23 56 35 46 5 19 0 0.05 M M 14.9 29 230 M M 4 1 40 230
24 54 33 44 4 21 0 T M M 12.7 26 230 M M 2 35 220
25 68 49 59 19 6 0 0.00 M M 20.1 40 220 M M 0 55 220
26 60 32 46 6 19 0 0.10 M M 17.3 32 200 M M 7 18 49 190
27 47 30 39 0 26 0 0.00 M M 21.3 35 280 M M 3 48 280
28 54 34 44 5 21 0 0.00 M M 15.4 25 260 M M 1 34 260
29 60 32 46 8 19 0 0.00 M M 10.5 25 230 M M 0 34 230
30 60 33 47 9 18 0 0.00 M M 13.2 26 260 M M 1 36 250
31 42 29 36 -2 29 0 0.21 M M 10.3 16 30 M M 10 1 22 30
================================================================================
SM 1776 1032 603 0 0.99 M 367.3 M 103
================================================================================
AV 57.3 33.3 11.8 FASTST M M 3 MAX(MPH)
MISC ----> 40 220 55 220
================================================================================
NOTES:
# LAST OF SEVERAL OCCURRENCES
COLUMN 17 PEAK WIND IN M.P.H.
PRELIMINARY LOCAL CLIMATOLOGICAL DATA (WS FORM: F-6) , PAGE 2
STATION: RAWLINS WYOMING AIRPORT
MONTH: OCTOBER
YEAR: 2021
LATITUDE: 41 47 N
LONGITUDE: 107 12 W
[TEMPERATURE DATA] [PRECIPITATION DATA] SYMBOLS USED IN COLUMN 16
AVERAGE MONTHLY: 45.3 TOTAL FOR MONTH: 0.99 1 = FOG OR MIST
DPTR FM NORMAL: 1.7 DPTR FM NORMAL: 0.31 2 = FOG REDUCING VISIBILITY
HIGHEST: 75 ON 5 GRTST 24HR 0.32 ON 11-12 TO 1/4 MILE OR LESS
LOWEST: 24 ON 15,13 3 = THUNDER
SNOW, ICE PELLETS, HAIL 4 = ICE PELLETS
TOTAL MONTH: M 5 = HAIL
GRTST 24HR M ON M 6 = FREEZING RAIN OR DRIZZLE
GRTST DEPTH: M ON M 7 = DUSTSTORM OR SANDSTORM:
VSBY 1/2 MILE OR LESS
8 = SMOKE OR HAZE
[NO. OF DAYS WITH] [WEATHER - DAYS WITH] 9 = BLOWING SNOW
X = TORNADO
MAX 32 OR BELOW: 0 0.01 INCH OR MORE: 8
MAX 90 OR ABOVE: 0 0.10 INCH OR MORE: 4
MIN 32 OR BELOW: 12 0.50 INCH OR MORE: 0
MIN 0 OR BELOW: 0 1.00 INCH OR MORE: 0
[HDD (BASE 65) ]
TOTAL THIS MO. 603 CLEAR (SCALE 0-3) 17
DPTR FM NORMAL -60 PTCLDY (SCALE 4-7) 9
TOTAL FM JUL 1 829 CLOUDY (SCALE 8-10) 5
DPTR FM NORMAL -176
[CDD (BASE 65) ]
TOTAL THIS MO. 0
DPTR FM NORMAL 0 [PRESSURE DATA]
TOTAL FM JAN 1 410 HIGHEST SLP 30.48 ON 16
DPTR FM NORMAL 185 LOWEST SLP 29.28 ON 26
[REMARKS]
#FINAL-10-21#