000
CXUS55 KPIH 011200
CF6RXE
PRELIMINARY LOCAL CLIMATOLOGICAL DATA (WS FORM: F-6)
STATION: REXBURG
MONTH: NOVEMBER
YEAR: 2022
LATITUDE: 43 49 N
LONGITUDE: 111 48 W
TEMPERATURE IN F: :PCPN: SNOW: WIND :SUNSHINE: SKY :PK WND
================================================================================
1 2 3 4 5 6A 6B 7 8 9 10 11 12 13 14 15 16 17 18
12Z AVG MX 2MIN
DY MAX MIN AVG DEP HDD CDD WTR SNW DPTH SPD SPD DIR MIN PSBL S-S WX SPD DR
================================================================================
1 64 34 49 11 16 0 0.00 M M 9.3 24 200 M M 1 36 210
2 56 31 44 6 21 0 0.04 M M 14.4 29 220 M M 7 45 220
3 42 22 32 -5 33 0 0.00 M M 5.6 16 200 M M 4 23 190
4 35 28 32 -5 33 0 0.16 M M 13.3 21 220 M M 9 168 30 220
5 50 30 40 4 25 0 0.05 M M 16.8 37 220 M M 6 16 62 220
6 46 20 33 -3 32 0 0.00 M M 7.1 15 200 M M 2 21 150
7 48 31 40 4 25 0 0.31 M M 9.9 29 230 M M 9 1 44 250
8 37 30 34 -1 31 0 0.25 M M 4.9 13 290 M M 9 1 21 290
9 42 28 35 0 30 0 0.25 M M 13.5 25 220 M M 9 1 41 200
10 29 23 26 -8 39 0 0.02 M M 8.1 20 230 M M 9 18 29 200
11 28 14 21 -13 44 0 0.00 M M 2.9 9 200 M M 6 12 190
12 33 11 22 -12 43 0 0.00 M M 3.3 8 60 M M 0 12 80
13 30 11 21 -12 44 0 0.00 M M 3.4 9 220 M M 4 13 210
14 30 16 23 -10 42 0 0.00 M M 1.9 7 230 M M 6 18 10 250
15 29 15 22 -10 43 0 0.00 M M 2.0 8 240 M M 8 8 12 210
16 24 20 22 -10 43 0 0.00 M M 2.8 7 200 M M 10 18 10 230
17 30 11 21 -11 44 0 T M M 6.2 16 50 M M 8 8 23 40
18 27 3 15 -16 50 0 0.00 M M 3.9 12 60 M M 0 16 40
19 28 2 15 -16 50 0 0.00 M M 3.2 8 60 M M 0 10 60
20 35 5 20 -10 45 0 0.00 M M 2.5 7 60 M M 0 9 60
21 35 8 22 -8 43 0 0.00 M M 2.2 6 40 M M 1 8 30
22 38 11 25 -4 40 0 0.00 M M 1.8 6 80 M M 1 8 80
23 38 22 30 1 35 0 T M M 6.3 16 210 M M 8 24 200
24 39 13 26 -2 39 0 0.00 M M 2.1 6 280 M M 1 8 30
25 41 14 28 0 37 0 0.00 M M 2.1 8 40 M M M 10 50
26 31 26 29 1 36 0 0.08 M M 3.1 10 250 M M 10 1 15 240
27 37 28 33 6 32 0 T M M 13.4 26 220 M M 8 1 42 230
28 34 15 25 -2 40 0 0.06 M M 4.7 23 230 M M 8 1 35 230
29 23 3 13 -13 52 0 T M M 6.3 16 200 M M 8 23 190
30 32 22 27 1 38 0 0.01 M M 6.5 16 180 M M 10 24 180
================================================================================
SM 1091 547 1125 0 1.23 M 183.5 M 162
================================================================================
AV 36.4 18.2 6.1 FASTST M M 6 MAX(MPH)
MISC ----> 37 220 62 220
================================================================================
NOTES:
# LAST OF SEVERAL OCCURRENCES
COLUMN 17 PEAK WIND IN M.P.H.
PRELIMINARY LOCAL CLIMATOLOGICAL DATA (WS FORM: F-6) , PAGE 2
STATION: REXBURG
MONTH: NOVEMBER
YEAR: 2022
LATITUDE: 43 49 N
LONGITUDE: 111 48 W
[TEMPERATURE DATA] [PRECIPITATION DATA] SYMBOLS USED IN COLUMN 16
AVERAGE MONTHLY: 27.3 TOTAL FOR MONTH: 1.23 1 = FOG OR MIST
DPTR FM NORMAL: -4.8 DPTR FM NORMAL: 0.48 2 = FOG REDUCING VISIBILITY
HIGHEST: 64 ON 1 GRTST 24HR 0.42 ON 8- 9 TO 1/4 MILE OR LESS
LOWEST: 2 ON 19 3 = THUNDER
SNOW, ICE PELLETS, HAIL 4 = ICE PELLETS
TOTAL MONTH: M 5 = HAIL
GRTST 24HR M ON M 6 = FREEZING RAIN OR DRIZZLE
GRTST DEPTH: M ON M 7 = DUSTSTORM OR SANDSTORM:
VSBY 1/2 MILE OR LESS
8 = SMOKE OR HAZE
[NO. OF DAYS WITH] [WEATHER - DAYS WITH] 9 = BLOWING SNOW
X = TORNADO
MAX 32 OR BELOW: 12 0.01 INCH OR MORE: 10
MAX 90 OR ABOVE: 0 0.10 INCH OR MORE: 4
MIN 32 OR BELOW: 29 0.50 INCH OR MORE: 0
MIN 0 OR BELOW: 0 1.00 INCH OR MORE: 0
[HDD (BASE 65) ]
TOTAL THIS MO. 1125 CLEAR (SCALE 0-3) 9
DPTR FM NORMAL 138 PTCLDY (SCALE 4-7) 12
TOTAL FM JUL 1 1704 CLOUDY (SCALE 8-10) 9
DPTR FM NORMAL -212
[CDD (BASE 65) ]
TOTAL THIS MO. 0
DPTR FM NORMAL 0 [PRESSURE DATA]
TOTAL FM JAN 1 641 HIGHEST SLP 30.79 ON 16
DPTR FM NORMAL 384 LOWEST SLP 29.44 ON 2
[REMARKS]
#FINAL-11-22#