000
CXUS55 KPIH 032347
CF6RXE
PRELIMINARY LOCAL CLIMATOLOGICAL DATA (WS FORM: F-6)
STATION: REXBURG
MONTH: AUGUST
YEAR: 2021
LATITUDE: 43 49 N
LONGITUDE: 111 48 W
TEMPERATURE IN F: :PCPN: SNOW: WIND :SUNSHINE: SKY :PK WND
================================================================================
1 2 3 4 5 6A 6B 7 8 9 10 11 12 13 14 15 16 17 18
12Z AVG MX 2MIN
DY MAX MIN AVG DEP HDD CDD WTR SNW DPTH SPD SPD DIR MIN PSBL S-S WX SPD DR
================================================================================
1 87 64 76 6 0 11 0.00 M M 5.3 14 210 M M 4 19 210
2 79 62 71 1 0 6 0.62 M M 5.4 20 230 M M 5 13 27 240
3 83 55 69 -1 0 4 0.00 M M 3.2 10 200 M M 1 128 15 200
4 89 56 73 3 0 8 0.00 M M 4.5 12 220 M M 0 1 17 210
5 92 59 76 6 0 11 T M M 6.2 17 210 M M 1 3 29 210
6 69 54 62 -7 3 0 0.15 M M 8.0 24 240 M M 2 38 37 330
7 82 48 65 -4 0 0 0.00 M M 7.0 16 220 M M 0 18 24 240
8 86 51 69 0 0 4 0.00 M M 9.4 23 230 M M 1 8 32 230
9 76 49 63 -6 2 0 0.00 M M 6.4 15 210 M M 0 21 240
10 82 43 63 -6 2 0 0.00 M M 7.2 17 220 M M 0 29 200
11 88 49 69 1 0 4 0.00 M M 3.2 10 240 M M 0 14 240
12 93 52 73 5 0 8 0.00 M M 3.6 12 240 M M M 16 240
13 95 56 76 8 0 11 0.00 M M 4.1 12 220 M M 0 17 220
14 92 54 73 5 0 8 0.00 M M 6.1 18 230 M M 0 8 25 230
15 90 57 74 6 0 9 0.00 M M 4.0 13 180 M M 6 8 16 180
16 88 52 70 3 0 5 0.00 M M 3.5 13 200 M M 5 8 19 200
17 90 55 73 6 0 8 0.00 M M 7.7 20 250 M M 3 8 32 250
18 68 53 61 -6 4 0 0.55 M M 4.0 15 250 M M 10 138 24 170
19 56 49 53 -13 12 0 0.41 M M 6.9 20 220 M M 10 1 30 200
20 69 49 59 -7 6 0 0.07 M M 5.9 15 30 M M 7 1 20 40
21 68 48 58 -8 7 0 0.37 M M 5.9 30 220 M M 2 138 49 230
22 72 48 60 -6 5 0 0.00 M M 8.9 22 240 M M 2 18 30 230
23 80 49 65 0 0 0 0.00 M M 9.4 23 230 M M 4 8 35 200
24 77 47 62 -3 3 0 0.00 M M 4.1 13 190 M M 2 8 20 170
25 84 49 67 2 0 2 0.00 M M 4.9 14 230 M M 0 8 20 220
26 78 46 62 -2 3 0 0.00 M M 8.1 18 220 M M 0 26 200
27 78 49 64 0 1 0 0.00 M M 10.6 23 210 M M 0 8 34 190
28 76 44 60 -4 5 0 0.00 M M 3.5 17 200 M M 0 28 180
29 82 40 61 -2 4 0 0.00 M M 4.2 12 210 M M 0 17 230
30 84 45 65 2 0 0 0.00 M M 7.4 20 180 M M 2 8 28 200
31 81 46 64 1 1 0 0.00 M M 10.6 22 190 M M 2 8 34 200
================================================================================
SM 2514 1578 58 99 2.17 M 189.2 M 69
================================================================================
AV 81.1 50.9 6.1 FASTST M M 2 MAX(MPH)
MISC ----> 30 220 49 230
================================================================================
NOTES:
# LAST OF SEVERAL OCCURRENCES
COLUMN 17 PEAK WIND IN M.P.H.
PRELIMINARY LOCAL CLIMATOLOGICAL DATA (WS FORM: F-6) , PAGE 2
STATION: REXBURG
MONTH: AUGUST
YEAR: 2021
LATITUDE: 43 49 N
LONGITUDE: 111 48 W
[TEMPERATURE DATA] [PRECIPITATION DATA] SYMBOLS USED IN COLUMN 16
AVERAGE MONTHLY: 66.0 TOTAL FOR MONTH: 2.17 1 = FOG OR MIST
DPTR FM NORMAL: -0.9 DPTR FM NORMAL: 1.42 2 = FOG REDUCING VISIBILITY
HIGHEST: 95 ON 13 GRTST 24HR 0.63 ON 18-19 TO 1/4 MILE OR LESS
LOWEST: 40 ON 29 3 = THUNDER
SNOW, ICE PELLETS, HAIL 4 = ICE PELLETS
TOTAL MONTH: M 5 = HAIL
GRTST 24HR M ON M 6 = FREEZING RAIN OR DRIZZLE
GRTST DEPTH: M ON M 7 = DUSTSTORM OR SANDSTORM:
VSBY 1/2 MILE OR LESS
8 = SMOKE OR HAZE
[NO. OF DAYS WITH] [WEATHER - DAYS WITH] 9 = BLOWING SNOW
X = TORNADO
MAX 32 OR BELOW: 0 0.01 INCH OR MORE: 6
MAX 90 OR ABOVE: 6 0.10 INCH OR MORE: 5
MIN 32 OR BELOW: 0 0.50 INCH OR MORE: 2
MIN 0 OR BELOW: 0 1.00 INCH OR MORE: 0
[HDD (BASE 65) ]
TOTAL THIS MO. 58 CLEAR (SCALE 0-3) 22
DPTR FM NORMAL 20 PTCLDY (SCALE 4-7) 6
TOTAL FM JUL 1 58 CLOUDY (SCALE 8-10) 3
DPTR FM NORMAL 0
[CDD (BASE 65) ]
TOTAL THIS MO. 99
DPTR FM NORMAL 1 [PRESSURE DATA]
TOTAL FM JAN 1 497 HIGHEST SLP 30.25 ON 3
DPTR FM NORMAL 251 LOWEST SLP 29.53 ON 17
[REMARKS]
#FINAL-08-21#