000
CXUS56 KSGX 011145
CF6SAN
PRELIMINARY LOCAL CLIMATOLOGICAL DATA (WS FORM: F-6)
STATION: SAN DIEGO INTL AIRPORT CA
MONTH: FEBRUARY
YEAR: 2023
LATITUDE: 32 43 N
LONGITUDE: 117 10 W
TEMPERATURE IN F: :PCPN: SNOW: WIND :SUNSHINE: SKY :PK WND
================================================================================
1 2 3 4 5 6A 6B 7 8 9 10 11 12 13 14 15 16 17 18
12Z AVG MX 2MIN
DY MAX MIN AVG DEP HDD CDD WTR SNW DPTH SPD SPD DIR MIN PSBL S-S WX SPD DR
================================================================================
1 66 42 54 -5 11 0 0.00 M M 2.5 12 300 M M 1 15 300
2 68 41 55 -4 10 0 0.00 M M 2.2 12 290 M M 5 14 190
3 69 48 59 0 6 0 0.00 M M 2.7 15 310 M M 6 20 310
4 67 42 55 -4 10 0 0.00 M M 2.5 14 310 M M 2 18 17 310
5 63 48 56 -3 9 0 T M M 4.7 15 290 M M 6 18 20 290
6 65 49 57 -2 8 0 0.00 M M 6.1 17 310 M M 3 23 320
7 70 43 57 -2 8 0 0.00 M M 3.2 13 320 M M 1 19 220
8 70 45 58 -1 7 0 0.00 M M 3.5 14 320 M M 3 19 310
9 78 45 62 3 3 0 0.00 M M 3.5 14 30 M M 0 17 10
10 73 46 60 1 5 0 0.00 M M 3.3 14 320 M M 4 18 320
11 61 51 56 -3 9 0 0.00 M M 6.3 21 270 M M 7 27 250
12 60 46 53 -6 12 0 0.39 M M 6.3 14 180 M M 7 13 25 210
13 61 50 56 -3 9 0 0.07 M M 7.5 14 180 M M 8 1 25 190
14 58 54 56 -3 9 0 0.03 M M 11.5 22 260 M M 7 8 28 270
15 60 42 51 -8 14 0 0.00 M M 5.2 14 280 M M 0 22 330
16 69 39 54 -5 11 0 0.00 M M 5.8 18 30 M M 5 26 40
17 65 43 54 -5 11 0 0.00 M M 3.0 13 280 M M 7 18 260
18 67 45 56 -3 9 0 0.00 M M 3.2 10 210 M M 4 21 200
19 64 43 54 -5 11 0 T M M 3.7 13 210 M M 4 24 210
20 66 45 56 -3 9 0 0.00 M M 2.8 16 310 M M 2 21 320
21 63 47 55 -4 10 0 0.02 M M 9.3 26 280 M M 7 1 35 280
22 59 51 55 -4 10 0 T M M 19.0 39 270 M M 7 48 260
23 58 50 54 -5 11 0 0.11 M M 10.0 21 230 M M 8 28 230
24 61 50 56 -3 9 0 0.04 M M 14.3 25 150 M M 7 35 160
25 58 47 53 -6 12 0 1.03 M M 11.1 26 150 M M 9 1358 35 150
26 58 46 52 -8 13 0 0.07 M M 6.1 22 280 M M 6 28 300
27 60 43 52 -8 13 0 T M M 4.7 12 230 M M 6 23 200
28 61 49 55 -5 10 0 0.02 M M 6.8 16 210 M M 7 21 210
================================================================================
SM 1798 1290 269 0 1.78 M 170.8 M 139
================================================================================
AV 64.2 46.1 6.1 FASTST M M 5 MAX(MPH)
MISC ----> 39 270 48 260
================================================================================
NOTES:
# LAST OF SEVERAL OCCURRENCES
COLUMN 17 PEAK WIND IN M.P.H.
PRELIMINARY LOCAL CLIMATOLOGICAL DATA (WS FORM: F-6) , PAGE 2
STATION: SAN DIEGO INTL AIRPORT CA
MONTH: FEBRUARY
YEAR: 2023
LATITUDE: 32 43 N
LONGITUDE: 117 10 W
[TEMPERATURE DATA] [PRECIPITATION DATA] SYMBOLS USED IN COLUMN 16
AVERAGE MONTHLY: 55.1 TOTAL FOR MONTH: 1.78 1 = FOG OR MIST
DPTR FM NORMAL: -3.9 DPTR FM NORMAL: -0.42 2 = FOG REDUCING VISIBILITY
HIGHEST: 78 ON 9 GRTST 24HR 1.09 ON 25-26 TO 1/4 MILE OR LESS
LOWEST: 39 ON 16 3 = THUNDER
SNOW, ICE PELLETS, HAIL 4 = ICE PELLETS
TOTAL MONTH: M 5 = HAIL
GRTST 24HR M ON M 6 = FREEZING RAIN OR DRIZZLE
GRTST DEPTH: M ON M 7 = DUSTSTORM OR SANDSTORM:
VSBY 1/2 MILE OR LESS
8 = SMOKE OR HAZE
[NO. OF DAYS WITH] [WEATHER - DAYS WITH] 9 = BLOWING SNOW
X = TORNADO
MAX 32 OR BELOW: 0 0.01 INCH OR MORE: 9
MAX 90 OR ABOVE: 0 0.10 INCH OR MORE: 3
MIN 32 OR BELOW: 0 0.50 INCH OR MORE: 1
MIN 0 OR BELOW: 0 1.00 INCH OR MORE: 1
[HDD (BASE 65) ]
TOTAL THIS MO. 269 CLEAR (SCALE 0-3) 8
DPTR FM NORMAL 96 PTCLDY (SCALE 4-7) 19
TOTAL FM JUL 1 988 CLOUDY (SCALE 8-10) 1
DPTR FM NORMAL 285
[CDD (BASE 65) ]
TOTAL THIS MO. 0
DPTR FM NORMAL -5 [PRESSURE DATA]
TOTAL FM JAN 1 0 HIGHEST SLP 30.35 ON 2
DPTR FM NORMAL -3 LOWEST SLP 29.76 ON 22
[REMARKS]
#FINAL-02-23#