000
CXUS56 KSGX 011045
CF6SAN
PRELIMINARY LOCAL CLIMATOLOGICAL DATA (WS FORM: F-6)
STATION: SAN DIEGO INTL AIRPORT CA
MONTH: JUNE
YEAR: 2022
LATITUDE: 32 43 N
LONGITUDE: 117 10 W
TEMPERATURE IN F: :PCPN: SNOW: WIND :SUNSHINE: SKY :PK WND
================================================================================
1 2 3 4 5 6A 6B 7 8 9 10 11 12 13 14 15 16 17 18
12Z AVG MX 2MIN
DY MAX MIN AVG DEP HDD CDD WTR SNW DPTH SPD SPD DIR MIN PSBL S-S WX SPD DR
================================================================================
1 67 61 64 -2 1 0 0.00 M M 5.6 13 190 M M 6 25 200
2 67 59 63 -3 2 0 0.00 M M 5.6 13 220 M M 8 18 25 200
3 67 59 63 -3 2 0 0.00 M M 5.6 12 210 M M 8 18 26 210
4 68 61 65 -1 0 0 0.00 M M 6.0 14 260 M M 9 24 200
5 70 62 66 0 0 1 0.00 M M 6.7 13 260 M M 7 19 210
6 70 61 66 0 0 1 0.00 M M 6.5 12 220 M M 8 1 23 220
7 67 61 64 -2 1 0 0.00 M M 6.1 13 230 M M 8 1 23 200
8 69 61 65 -1 0 0 0.00 M M 5.7 13 260 M M 9 1 22 200
9 69 61 65 -1 0 0 T M M 5.4 12 210 M M 8 18 26 190
10 71 60 66 0 0 1 0.00 M M 4.7 12 190 M M 6 18 23 200
11 71 62 67 1 0 2 0.00 M M 5.5 13 280 M M 4 1 17 220
12 68 62 65 -2 0 0 0.00 M M 4.5 13 190 M M 7 24 190
13 67 62 65 -2 0 0 T M M 6.6 12 230 M M 9 18 25 220
14 69 62 66 -1 0 1 0.00 M M 6.6 12 190 M M 6 24 200
15 68 61 65 -2 0 0 0.00 M M 6.1 12 200 M M 7 18 24 200
16 69 62 66 -1 0 1 0.00 M M 5.7 13 250 M M 6 23 210
17 68 62 65 -2 0 0 0.00 M M 5.9 13 210 M M 6 24 200
18 68 61 65 -2 0 0 0.00 M M 5.9 14 270 M M 4 21 190
19 72 56 64 -4 1 0 0.00 M M 4.7 15 310 M M 1 21 320
20 77 58 68 0 0 3 0.00 M M 4.9 13 280 M M 0 21 280
21 73 65 69 1 0 4 0.00 M M 5.2 10 280 M M 6 18 21 210
22 74 64 69 1 0 4 T M M 7.0 16 290 M M 6 21 290
23 76 66 71 3 0 6 0.00 M M 7.7 18 280 M M 1 22 290
24 74 64 69 1 0 4 0.00 M M 7.3 16 290 M M 2 18 20 290
25 72 61 67 -1 0 2 0.00 M M 7.3 18 280 M M 3 18 20 300
26 73 62 68 0 0 3 0.00 M M 5.8 13 310 M M 4 1 20 200
27 75 62 69 0 0 4 0.00 M M 4.7 12 270 M M 4 1 20 260
28 77 65 71 2 0 6 0.00 M M 4.8 12 200 M M 3 1 19 200
29 76 66 71 2 0 6 0.00 M M 5.5 10 220 M M 4 1 23 210
30 76 66 71 2 0 6 0.00 M M 5.8 10 280 M M 5 20 190
================================================================================
SM 2128 1855 7 55 T M 175.4 M 165
================================================================================
AV 70.9 61.8 5.8 FASTST M M 6 MAX(MPH)
MISC ----> # 18 280 # 26 210
================================================================================
NOTES:
# LAST OF SEVERAL OCCURRENCES
COLUMN 17 PEAK WIND IN M.P.H.
PRELIMINARY LOCAL CLIMATOLOGICAL DATA (WS FORM: F-6) , PAGE 2
STATION: SAN DIEGO INTL AIRPORT CA
MONTH: JUNE
YEAR: 2022
LATITUDE: 32 43 N
LONGITUDE: 117 10 W
[TEMPERATURE DATA] [PRECIPITATION DATA] SYMBOLS USED IN COLUMN 16
AVERAGE MONTHLY: 66.4 TOTAL FOR MONTH: T 1 = FOG OR MIST
DPTR FM NORMAL: -0.8 DPTR FM NORMAL: -0.05 2 = FOG REDUCING VISIBILITY
HIGHEST: 77 ON 28,20 GRTST 24HR T ON 9- 9 TO 1/4 MILE OR LESS
LOWEST: 56 ON 19 3 = THUNDER
SNOW, ICE PELLETS, HAIL 4 = ICE PELLETS
TOTAL MONTH: M 5 = HAIL
GRTST 24HR M ON M 6 = FREEZING RAIN OR DRIZZLE
GRTST DEPTH: M ON M 7 = DUSTSTORM OR SANDSTORM:
VSBY 1/2 MILE OR LESS
8 = SMOKE OR HAZE
[NO. OF DAYS WITH] [WEATHER - DAYS WITH] 9 = BLOWING SNOW
X = TORNADO
MAX 32 OR BELOW: 0 0.01 INCH OR MORE: 0
MAX 90 OR ABOVE: 0 0.10 INCH OR MORE: 0
MIN 32 OR BELOW: 0 0.50 INCH OR MORE: 0
MIN 0 OR BELOW: 0 1.00 INCH OR MORE: 0
[HDD (BASE 65) ]
TOTAL THIS MO. 7 CLEAR (SCALE 0-3) 6
DPTR FM NORMAL -3 PTCLDY (SCALE 4-7) 19
TOTAL FM JUL 1 1167 CLOUDY (SCALE 8-10) 5
DPTR FM NORMAL 181
[CDD (BASE 65) ]
TOTAL THIS MO. 55
DPTR FM NORMAL -20 [PRESSURE DATA]
TOTAL FM JAN 1 94 HIGHEST SLP 30.04 ON 30
DPTR FM NORMAL -59 LOWEST SLP 29.79 ON 8
[REMARKS]
#FINAL-06-22#