000
CXUS52 KCHS 010815
CF6SAV
PRELIMINARY LOCAL CLIMATOLOGICAL DATA (WS FORM: F-6)
STATION: SAVANNAH GA
MONTH: AUGUST
YEAR: 2022
LATITUDE: 32 7 N
LONGITUDE: 81 12 W
TEMPERATURE IN F: :PCPN: SNOW: WIND :SUNSHINE: SKY :PK WND
================================================================================
1 2 3 4 5 6A 6B 7 8 9 10 11 12 13 14 15 16 17 18
12Z AVG MX 2MIN
DY MAX MIN AVG DEP HDD CDD WTR SNW DPTH SPD SPD DIR MIN PSBL S-S WX SPD DR
================================================================================
1 96 75 86 3 0 21 0.02 0.0 0 7.7 17 240 M M 3 22 200
2 95 75 85 2 0 20 0.00 0.0 0 5.8 15 270 M M 5 19 280
3 93 73 83 0 0 18 1.50 0.0 0 4.5 18 310 M M 6 13 24 300
4 91 72 82 -1 0 17 0.00 0.0 0 7.4 18 150 M M 3 1 22 150
5 90 74 82 -1 0 17 0.00 0.0 0 6.8 17 100 M M 5 22 130
6 90 75 83 0 0 18 T 0.0 0 6.0 15 150 M M 4 3 20 170
7 90 74 82 -1 0 17 0.03 0.0 0 4.8 14 210 M M 5 3 18 210
8 89 73 81 -2 0 16 0.01 0.0 0 4.1 28 150 M M 5 3 32 140
9 92 73 83 0 0 18 0.00 0.0 0 6.5 18 150 M M 5 23 150
10 93 71 82 -1 0 17 T 0.0 0 4.7 36 250 M M 6 3 53 230
11 91 71 81 -2 0 16 0.74 0.0 0 3.0 32 200 M M 8 13 40 200
12 90 72 81 -1 0 16 T 0.0 0 7.5 18 260 M M 6 23 260
13 88 71 80 -2 0 15 0.00 0.0 0 7.3 15 80 M M 7 1 19 20
14 89 67 78 -4 0 13 0.00 0.0 0 4.9 13 50 M M 1 1 16 50
15 91 68 80 -2 0 15 0.00 0.0 0 6.5 14 180 M M 5 17 190
16 92 72 82 0 0 17 T 0.0 0 8.8 18 20 M M 5 8 23 330
17 89 70 80 -2 0 15 0.00 0.0 0 5.8 14 330 M M 5 17 340
18 85 71 78 -4 0 13 1.04 0.0 0 5.2 16 180 M M 9 13 21 170
19 90 73 82 0 0 17 T 0.0 0 4.8 21 170 M M 8 3 25 170
20 91 72 82 0 0 17 0.02 0.0 0 4.4 13 160 M M 6 13 16 160
21 92 73 83 1 0 18 1.90 0.0 0 6.2 24 90 M M 7 13X 31 100
22 88 73 81 -1 0 16 0.63 0.0 0 5.2 17 350 M M 8 13 21 350
23 88 73 81 -1 0 16 T 0.0 0 4.6 13 20 M M 7 15 10
24 87 73 80 -1 0 15 T 0.0 0 2.3 8 100 M M 7 10 100
25 86 74 80 -1 0 15 0.20 0.0 0 4.3 16 100 M M 7 138 18 100
26 88 73 81 0 0 16 0.41 0.0 0 2.4 16 160 M M 7 1 19 160
27 89 73 81 0 0 16 0.37 0.0 0 3.0 15 140 M M 6 13 17 70
28 88 74 81 0 0 16 0.04 0.0 0 7.2 18 110 M M 6 1 24 110
29 80 75 78 -3 0 13 0.89 0.0 0 5.7 14 280 M M 8 13 19 260
30 88 74 81 0 0 16 0.51 0.0 0 3.8 13 170 M M 7 13 15 190
31 93 74 84 3 0 19 0.00 0.0 0 3.6 17 180 M M 5 123 19 180
================================================================================
SM 2782 2251 0 509 8.31 0.0 164.8 M 182
================================================================================
AV 89.7 72.6 5.3 FASTST M M 6 MAX(MPH)
MISC ----> 36 250 53 230
================================================================================
NOTES:
# LAST OF SEVERAL OCCURRENCES
COLUMN 17 PEAK WIND IN M.P.H.
PRELIMINARY LOCAL CLIMATOLOGICAL DATA (WS FORM: F-6) , PAGE 2
STATION: SAVANNAH GA
MONTH: AUGUST
YEAR: 2022
LATITUDE: 32 7 N
LONGITUDE: 81 12 W
[TEMPERATURE DATA] [PRECIPITATION DATA] SYMBOLS USED IN COLUMN 16
AVERAGE MONTHLY: 81.2 TOTAL FOR MONTH: 8.31 1 = FOG OR MIST
DPTR FM NORMAL: -0.9 DPTR FM NORMAL: 2.85 2 = FOG REDUCING VISIBILITY
HIGHEST: 96 ON 1 GRTST 24HR 1.93 ON 21-22 TO 1/4 MILE OR LESS
LOWEST: 67 ON 14 3 = THUNDER
SNOW, ICE PELLETS, HAIL 4 = ICE PELLETS
TOTAL MONTH: 0.0 INCH 5 = HAIL
GRTST 24HR 0.0 6 = FREEZING RAIN OR DRIZZLE
GRTST DEPTH: 0 7 = DUSTSTORM OR SANDSTORM:
VSBY 1/2 MILE OR LESS
8 = SMOKE OR HAZE
[NO. OF DAYS WITH] [WEATHER - DAYS WITH] 9 = BLOWING SNOW
X = TORNADO
MAX 32 OR BELOW: 0 0.01 INCH OR MORE: 15
MAX 90 OR ABOVE: 17 0.10 INCH OR MORE: 10
MIN 32 OR BELOW: 0 0.50 INCH OR MORE: 7
MIN 0 OR BELOW: 0 1.00 INCH OR MORE: 3
[HDD (BASE 65) ]
TOTAL THIS MO. 0 CLEAR (SCALE 0-3) 3
DPTR FM NORMAL 0 PTCLDY (SCALE 4-7) 25
TOTAL FM JUL 1 0 CLOUDY (SCALE 8-10) 3
DPTR FM NORMAL 0
[CDD (BASE 65) ]
TOTAL THIS MO. 509
DPTR FM NORMAL -19 [PRESSURE DATA]
TOTAL FM JAN 1 2118 HIGHEST SLP 30.25 ON 7
DPTR FM NORMAL 116 LOWEST SLP 29.83 ON 16
[REMARKS]
#FINAL-08-22#