000
CXUS53 KIWX 011907
CLASBN
CLIMATE REPORT
NATIONAL WEATHER SERVICE NORTHERN INDIANA
207 PM EST SUN JAN 01 2023
...................................
...THE SOUTH BEND CLIMATE SUMMARY FOR THE YEAR OF 2022...
CLIMATE NORMAL PERIOD 1991 TO 2020
CLIMATE RECORD PERIOD 1893 TO 2022
WEATHER OBSERVED NORMAL DEPART LAST YEAR`S
VALUE DATE(S) VALUE FROM VALUE
NORMAL
..............................................................
TEMPERATURE (F)
RECORD
HIGH 109 07/24/1934
LOW -22 01/20/1943
01/25/1897
HIGHEST 99 06/21 MM MM 95
LOWEST -8 12/23 MM MM -4
AVG. MAXIMUM 60.2 58.7 1.5 61.7
AVG. MINIMUM 41.1 39.9 1.2 43.1
MEAN 50.7 49.3 1.4
DAYS MAX >= 90 17 13.5 3.5 14
DAYS MAX <= 32 49 44.7 4.3 33
DAYS MIN <= 32 125 126.4 -1.4 126
DAYS MIN <= 0 3 5.8 -2.8 2
PRECIPITATION (INCHES)
RECORD
MAXIMUM 55.61 1990
MINIMUM 25.15 1963
TOTALS 35.15 39.23 -4.08 42.17
DAILY AVG. 0.10 0.11 -0.01 0.12
DAYS >= .01 144 147.5 -3.5 143
DAYS >= .10 81 80.0 1.0 76
DAYS >= .50 24 24.6 -0.6 26
DAYS >= 1.00 6 7.5 -1.5 8
SNOWFALL (INCHES)
RECORDS
TOTAL 141.7 1978
TOTALS 91.8 64.5 27.3 39.0
SINCE 7/1 39.1 19.0 20.1 3.3
SNOWDEPTH AVG. 1 1
DAYS >= TRACE 74 42.2 31.8 70
DAYS >= 1.0 27 20.3 6.7 14
GREATEST
SNOW DEPTH 15 11/20 16
DEGREE DAYS
HEATING TOTAL 5742 6400 -658 5599
SINCE 7/1 2196 2404 -208 1871
COOLING TOTAL 1003 722 281 1167
SINCE 1/1 1003 723 280 1167
..............................................................
WIND (MPH)
AVERAGE WIND SPEED 9.4
HIGHEST WIND SPEED/DIRECTION 47/210 DATE 11/05
HIGHEST GUST SPEED/DIRECTION 66/200 DATE 11/05
SKY COVER
POSSIBLE SUNSHINE (PERCENT) MM
AVERAGE SKY COVER 0.47
NUMBER OF DAYS FAIR 155
NUMBER OF DAYS PC 112
NUMBER OF DAYS CLOUDY 98
AVERAGE RH (PERCENT) 68
WEATHER CONDITIONS. NUMBER OF DAYS WITH
THUNDERSTORM 27 MIXED PRECIP 0
HEAVY RAIN 32 RAIN 49
LIGHT RAIN 124 FREEZING RAIN 0
LT FREEZING RAIN 7 HAIL 0
HEAVY SNOW 9 SNOW 24
LIGHT SNOW 69 SLEET 1
FOG 168 FOG W/VIS <= 1/4 MILE 23
HAZE 90
- INDICATES NEGATIVE NUMBERS.
R INDICATES RECORD WAS SET OR TIED.
MM INDICATES DATA IS MISSING.
T INDICATES TRACE AMOUNT.
&&
A NARRATIVE SUMMARY WILL BE PUBLISHED ON MONDAY 1/2.
$$