000
CXUS56 KLOX 011155
CF6SBP
PRELIMINARY LOCAL CLIMATOLOGICAL DATA (WS FORM: F-6)
STATION: SAN LUIS OBISPO AIRPORT CA
MONTH: MARCH
YEAR: 2022
LATITUDE: 35 13 N
LONGITUDE: 120 38 W
TEMPERATURE IN F: :PCPN: SNOW: WIND :SUNSHINE: SKY :PK WND
================================================================================
1 2 3 4 5 6A 6B 7 8 9 10 11 12 13 14 15 16 17 18
12Z AVG MX 2MIN
DY MAX MIN AVG DEP HDD CDD WTR SNW DPTH SPD SPD DIR MIN PSBL S-S WX SPD DR
================================================================================
1 86 56 71 16 0 6 0.00 M M 7.2 20 290 M M 0 26 310
2 81 48 65 10 0 0 0.00 M M 5.1 20 320 M M 0 24 330
3 71 43 57 2 8 0 0.00 M M 4.2 16 320 M M 2 19 330
4 57 44 51 -4 14 0 T M M 9.1 24 310 M M 9 18 33 310
5 57 40 49 -6 16 0 0.06 M M 10.5 32 290 M M 4 1 39 290
6 63 34 49 -6 16 0 0.00 M M 7.9 24 320 M M 1 30 340
7 70 39 55 0 10 0 0.00 M M 6.8 25 310 M M 0 34 320
8 71 36 54 -1 11 0 0.00 M M 5.6 20 310 M M 0 23 320
9 70 38 54 -1 11 0 0.00 M M 3.9 18 310 M M 0 23 300
10 69 39 54 -1 11 0 0.00 M M 8.9 24 310 M M 0 28 320
11 71 38 55 0 10 0 0.00 M M 4.7 15 210 M M 0 25 180
12 69 36 53 -2 12 0 0.00 M M 8.0 28 310 M M 1 32 310
13 67 41 54 -2 11 0 0.00 M M 9.7 25 320 M M 1 29 320
14 75 41 58 2 7 0 0.00 M M 10.2 22 310 M M 2 12 30 310
15 75 43 59 3 6 0 0.00 M M 9.6 23 310 M M 2 12 30 310
16 72 46 59 3 6 0 T M M 12.3 24 310 M M 0 30 320
17 71 44 58 2 7 0 0.00 M M 10.3 24 320 M M 0 35 320
18 75 40 58 2 7 0 0.00 M M 8.7 23 320 M M 1 30 310
19 61 49 55 -1 10 0 0.03 M M 5.4 17 300 M M 9 1 22 320
20 66 47 57 1 8 0 0.00 M M 8.8 22 320 M M 2 M M
21 74 49 62 6 3 0 0.00 M M 9.9 23 310 M M 0 27 310
22 87 48 68 12 0 3 0.00 M M 5.1 15 310 M M 0 18 310
23 76 47 62 6 3 0 0.00 M M 4.5 14 310 M M 2 12 16 310
24 76 43 60 4 5 0 0.00 M M 3.9 14 310 M M 5 12 17 310
25 72 48 60 4 5 0 0.00 M M 3.5 14 300 M M 6 12 17 340
26 70 47 59 3 6 0 0.00 M M 4.1 9 290 M M 6 1 M M
27 62 50 56 0 9 0 0.00 M M 11.0 20 140 M M 9 1 32 190
28 63 51 57 1 8 0 0.79 M M 9.3 28 160 M M 8 1 34 150
29 64 46 55 -1 10 0 0.00 M M 11.0 25 320 M M 4 29 310
30 66 50 58 2 7 0 0.00 M M 13.6 24 310 M M 4 30 310
31 65 47 56 0 9 0 0.00 M M 12.5 26 310 M M 0 1 31 320
================================================================================
SM 2172 1368 246 9 0.88 M 245.1 M 78
================================================================================
AV 70.1 44.1 7.9 FASTST M M 3 MAX(MPH)
MISC ----> 32 290 39 290
================================================================================
NOTES:
# LAST OF SEVERAL OCCURRENCES
COLUMN 17 PEAK WIND IN M.P.H.
PRELIMINARY LOCAL CLIMATOLOGICAL DATA (WS FORM: F-6) , PAGE 2
STATION: SAN LUIS OBISPO AIRPORT CA
MONTH: MARCH
YEAR: 2022
LATITUDE: 35 13 N
LONGITUDE: 120 38 W
[TEMPERATURE DATA] [PRECIPITATION DATA] SYMBOLS USED IN COLUMN 16
AVERAGE MONTHLY: 57.1 TOTAL FOR MONTH: 0.88 1 = FOG OR MIST
DPTR FM NORMAL: 1.5 DPTR FM NORMAL: -2.29 2 = FOG REDUCING VISIBILITY
HIGHEST: 87 ON 22 GRTST 24HR 0.79 ON 28-28 TO 1/4 MILE OR LESS
LOWEST: 34 ON 6 3 = THUNDER
SNOW, ICE PELLETS, HAIL 4 = ICE PELLETS
TOTAL MONTH: M 5 = HAIL
GRTST 24HR M ON M 6 = FREEZING RAIN OR DRIZZLE
GRTST DEPTH: M ON M 7 = DUSTSTORM OR SANDSTORM:
VSBY 1/2 MILE OR LESS
8 = SMOKE OR HAZE
[NO. OF DAYS WITH] [WEATHER - DAYS WITH] 9 = BLOWING SNOW
X = TORNADO
MAX 32 OR BELOW: 0 0.01 INCH OR MORE: 3
MAX 90 OR ABOVE: 0 0.10 INCH OR MORE: 1
MIN 32 OR BELOW: 0 0.50 INCH OR MORE: 1
MIN 0 OR BELOW: 0 1.00 INCH OR MORE: 0
[HDD (BASE 65) ]
TOTAL THIS MO. 246 CLEAR (SCALE 0-3) 21
DPTR FM NORMAL -49 PTCLDY (SCALE 4-7) 6
TOTAL FM JUL 1 1388 CLOUDY (SCALE 8-10) 4
DPTR FM NORMAL -390
[CDD (BASE 65) ]
TOTAL THIS MO. 9
DPTR FM NORMAL 5 [PRESSURE DATA]
TOTAL FM JAN 1 15 HIGHEST SLP 30.32 ON 11
DPTR FM NORMAL 9 LOWEST SLP 29.67 ON 28
[REMARKS]
#FINAL-03-22#