000
CXUS56 KLOX 011255
CF6SBP
PRELIMINARY LOCAL CLIMATOLOGICAL DATA (WS FORM: F-6)
STATION: SAN LUIS OBISPO AIRPORT CA
MONTH: NOVEMBER
YEAR: 2021
LATITUDE: 35 13 N
LONGITUDE: 120 38 W
TEMPERATURE IN F: :PCPN: SNOW: WIND :SUNSHINE: SKY :PK WND
================================================================================
1 2 3 4 5 6A 6B 7 8 9 10 11 12 13 14 15 16 17 18
12Z AVG MX 2MIN
DY MAX MIN AVG DEP HDD CDD WTR SNW DPTH SPD SPD DIR MIN PSBL S-S WX SPD DR
================================================================================
1 68 52 60 -1 5 0 0.00 M M 3.6 13 220 M M 7 18 19 220
2 74 52 63 2 2 0 0.00 M M 7.7 18 300 M M 3 1 23 320
3 84 54 69 8 0 4 0.00 M M 6.7 22 320 M M 1 128 34 320
4 77 53 65 4 0 0 0.00 M M 8.8 25 310 M M 0 1 30 320
5 82 50 66 6 0 1 0.00 M M 6.7 24 310 M M 0 1 29 310
6 74 45 60 0 5 0 0.00 M M 6.2 21 310 M M 2 12 26 300
7 73 54 64 4 1 0 0.00 M M 7.0 22 330 M M 0 28 330
8 73 46 60 0 5 0 T M M 4.2 16 210 M M 1 20 210
9 64 52 58 -2 7 0 0.16 M M 3.8 10 140 M M 10 12 20 190
10 75 53 64 5 1 0 0.00 M M 5.4 17 340 M M 1 12 28 150
11 81 57 69 10 0 4 0.00 M M 7.2 22 320 M M 0 35 330
12 90 54 72 13 0 7 0.00 M M 4.8 15 340 M M 0 19 330
13 90 53 72 13 0 7 0.00 M M 3.5 12 330 M M 0 16 330
14 88 51 70 12 0 5 0.00 M M 2.5 10 320 M M 0 15 230
15 84 46 65 7 0 0 0.00 M M 2.9 20 310 M M 2 12 24 310
16 78 50 64 6 1 0 0.00 M M 7.2 20 320 M M 6 12 23 310
17 68 47 58 0 7 0 0.00 M M 4.2 12 140 M M 4 21 210
18 65 43 54 -3 11 0 0.00 M M 3.5 14 310 M M 3 12 21 320
19 68 53 61 4 4 0 T M M 7.3 20 310 M M 6 18 23 320
20 75 48 62 5 3 0 0.00 M M 3.8 14 320 M M 3 128 20 330
21 85 49 67 10 0 2 0.00 M M 3.1 15 150 M M 0 8 19 130
22 85 45 65 9 0 0 0.00 M M 3.0 14 320 M M 0 17 310
23 79 44 62 6 3 0 0.00 M M 7.9 22 300 M M 0 26 310
24 75 45 60 4 5 0 0.00 M M 5.0 15 30 M M 0 22 360
25 78 38 58 2 7 0 0.00 M M 3.0 15 300 M M 0 19 320
26 78 38 58 3 7 0 0.00 M M 4.5 18 300 M M 0 22 300
27 82 42 62 7 3 0 0.00 M M 2.4 9 200 M M 0 14 110
28 82 43 63 8 2 0 0.00 M M 2.1 15 320 M M 0 17 310
29 85 41 63 8 2 0 0.00 M M 4.0 20 300 M M 0 23 300
30 89 45 67 13 0 2 0.00 M M 4.4 14 300 M M 0 19 320
================================================================================
SM 2349 1443 81 32 0.16 M 146.4 M 49
================================================================================
AV 78.3 48.1 4.9 FASTST M M 2 MAX(MPH)
MISC ----> 25 310 35 330
================================================================================
NOTES:
# LAST OF SEVERAL OCCURRENCES
COLUMN 17 PEAK WIND IN M.P.H.
PRELIMINARY LOCAL CLIMATOLOGICAL DATA (WS FORM: F-6) , PAGE 2
STATION: SAN LUIS OBISPO AIRPORT CA
MONTH: NOVEMBER
YEAR: 2021
LATITUDE: 35 13 N
LONGITUDE: 120 38 W
[TEMPERATURE DATA] [PRECIPITATION DATA] SYMBOLS USED IN COLUMN 16
AVERAGE MONTHLY: 63.2 TOTAL FOR MONTH: 0.16 1 = FOG OR MIST
DPTR FM NORMAL: 5.3 DPTR FM NORMAL: -1.27 2 = FOG REDUCING VISIBILITY
HIGHEST: 90 ON 13,12 GRTST 24HR 0.16 ON 8- 9 TO 1/4 MILE OR LESS
LOWEST: 38 ON 26,25 3 = THUNDER
SNOW, ICE PELLETS, HAIL 4 = ICE PELLETS
TOTAL MONTH: M 5 = HAIL
GRTST 24HR M ON M 6 = FREEZING RAIN OR DRIZZLE
GRTST DEPTH: M ON M 7 = DUSTSTORM OR SANDSTORM:
VSBY 1/2 MILE OR LESS
8 = SMOKE OR HAZE
[NO. OF DAYS WITH] [WEATHER - DAYS WITH] 9 = BLOWING SNOW
X = TORNADO
MAX 32 OR BELOW: 0 0.01 INCH OR MORE: 1
MAX 90 OR ABOVE: 2 0.10 INCH OR MORE: 1
MIN 32 OR BELOW: 0 0.50 INCH OR MORE: 0
MIN 0 OR BELOW: 0 1.00 INCH OR MORE: 0
[HDD (BASE 65) ]
TOTAL THIS MO. 81 CLEAR (SCALE 0-3) 24
DPTR FM NORMAL -145 PTCLDY (SCALE 4-7) 5
TOTAL FM JUL 1 180 CLOUDY (SCALE 8-10) 1
DPTR FM NORMAL -221
[CDD (BASE 65) ]
TOTAL THIS MO. 32
DPTR FM NORMAL 20 [PRESSURE DATA]
TOTAL FM JAN 1 477 HIGHEST SLP 30.34 ON 25
DPTR FM NORMAL 143 LOWEST SLP 29.93 ON 23
[REMARKS]
#FINAL-11-21#