000
CXUS51 KAKQ 010810
CF6SBY
PRELIMINARY LOCAL CLIMATOLOGICAL DATA (WS FORM: F-6)
STATION: SALISBURY MD
MONTH: DECEMBER
YEAR: 2021
LATITUDE: 38 20 N
LONGITUDE: 75 30 W
TEMPERATURE IN F: :PCPN: SNOW: WIND :SUNSHINE: SKY :PK WND
================================================================================
1 2 3 4 5 6A 6B 7 8 9 10 11 12 13 14 15 16 17 18
12Z AVG MX 2MIN
DY MAX MIN AVG DEP HDD CDD WTR SNW DPTH SPD SPD DIR MIN PSBL S-S WX SPD DR
================================================================================
1 58 27 43 -1 22 0 0.00 0.0 0 3.2 13 160 M M 0 15 170
2 64 44 54 10 11 0 0.00 0.0 0 9.8 18 210 M M 4 24 210
3 58 34 46 3 19 0 0.00 0.0 0 8.0 21 330 M M 1 28 340
4 61 32 47 4 18 0 0.00 0.0 0 3.5 14 50 M M 1 1 17 50
5 57 30 44 1 21 0 0.00 0.0 0 4.6 14 60 M M 4 1 16 80
6 68 46 57 14 8 0 T 0.0 0 12.7 29 300 M M 5 1 36 300
7 51 28 40 -2 25 0 0.00 0.0 0 6.2 25 330 M M 1 34 330
8 38 28 33 -9 32 0 0.07 T 0 2.2 8 320 M M 5 1 12 130
9 43 26 35 -7 30 0 0.00 0.0 0 3.8 13 340 M M 0 15 310
10 58 28 43 1 22 0 0.01 0.0 0 4.5 15 200 M M 8 1 20 210
11 70 50 60 18 5 0 0.37 0.0 0 15.7 30 200 M M 9 12 46 210
12 53 28 41 0 24 0 0.03 0.0 0 8.0 24 330 M M 2 31 330
13 54 27 41 0 24 0 0.00 0.0 0 4.0 16 230 M M 0 20 220
14 59 29 44 3 21 0 0.00 0.0 0 3.2 13 30 M M 0 17 30
15 63 31 47 6 18 0 0.00 0.0 0 3.5 18 130 M M 5 12 24 110
16 68 46 57 17 8 0 0.00 0.0 0 10.7 23 210 M M 0 12 32 220
17 70 54 62 22 3 0 0.00 0.0 0 6.8 16 230 M M 4 23 250
18 64 51 58 18 7 0 0.07 0.0 0 5.9 15 230 M M 10 1 21 240
19 65 32 49 9 16 0 0.13 0.0 0 11.1 24 310 M M 6 1 31 320
20 43 25 34 -6 31 0 0.00 0.0 0 3.6 10 10 M M 0 14 350
21 44 25 35 -5 30 0 0.03 0.0 0 3.6 10 50 M M 6 1 13 40
22 51 34 43 4 22 0 0.00 0.0 0 11.6 24 320 M M 4 1 32 320
23 41 25 33 -6 32 0 0.00 0.0 0 4.6 17 330 M M 0 21 330
24 56 29 43 4 22 0 0.00 0.0 0 5.5 15 220 M M 1 20 220
25 64 47 56 17 9 0 T 0.0 0 11.2 21 300 M M 3 27 310
26 62 43 53 14 12 0 0.00 0.0 0 7.4 16 330 M M 0 20 330
27 44 30 37 -1 28 0 0.05 0.0 0 3.0 12 90 M M 6 12 15 90
28 60 37 49 11 16 0 0.00 0.0 0 4.7 14 330 M M 6 12 16 340
29 60 50 55 17 10 0 0.32 0.0 0 5.0 15 100 M M 9 1 19 110
30 57 48 53 15 12 0 0.12 0.0 0 3.5 9 40 M M 10 12 14 10
31 55 50 53 15 12 0 0.04 0.0 0 3.8 13 180 M M 10 12 17 180
================================================================================
SM 1759 1114 570 0 1.24 T 194.9 M 120
================================================================================
AV 56.7 35.9 6.3 FASTST M M 4 MAX(MPH)
MISC ----> 30 200 46 210
================================================================================
NOTES:
# LAST OF SEVERAL OCCURRENCES
COLUMN 17 PEAK WIND IN M.P.H.
PRELIMINARY LOCAL CLIMATOLOGICAL DATA (WS FORM: F-6) , PAGE 2
STATION: SALISBURY MD
MONTH: DECEMBER
YEAR: 2021
LATITUDE: 38 20 N
LONGITUDE: 75 30 W
[TEMPERATURE DATA] [PRECIPITATION DATA] SYMBOLS USED IN COLUMN 16
AVERAGE MONTHLY: 46.3 TOTAL FOR MONTH: 1.24 1 = FOG OR MIST
DPTR FM NORMAL: 5.7 DPTR FM NORMAL: -2.35 2 = FOG REDUCING VISIBILITY
HIGHEST: 70 ON 17,11 GRTST 24HR 0.44 ON 29-30 TO 1/4 MILE OR LESS
LOWEST: 25 ON 23,21 3 = THUNDER
SNOW, ICE PELLETS, HAIL 4 = ICE PELLETS
TOTAL MONTH: T 5 = HAIL
GRTST 24HR T ON 8- 8 6 = FREEZING RAIN OR DRIZZLE
GRTST DEPTH: 0 7 = DUSTSTORM OR SANDSTORM:
VSBY 1/2 MILE OR LESS
8 = SMOKE OR HAZE
[NO. OF DAYS WITH] [WEATHER - DAYS WITH] 9 = BLOWING SNOW
X = TORNADO
MAX 32 OR BELOW: 0 0.01 INCH OR MORE: 11
MAX 90 OR ABOVE: 0 0.10 INCH OR MORE: 4
MIN 32 OR BELOW: 17 0.50 INCH OR MORE: 0
MIN 0 OR BELOW: 0 1.00 INCH OR MORE: 0
[HDD (BASE 65) ]
TOTAL THIS MO. 570 CLEAR (SCALE 0-3) 13
DPTR FM NORMAL -187 PTCLDY (SCALE 4-7) 13
TOTAL FM JUL 1 1199 CLOUDY (SCALE 8-10) 5
DPTR FM NORMAL -328
[CDD (BASE 65) ]
TOTAL THIS MO. 0
DPTR FM NORMAL 0 [PRESSURE DATA]
TOTAL FM JAN 1 1579 HIGHEST SLP 30.59 ON 14
DPTR FM NORMAL 279 LOWEST SLP 29.56 ON 25
[REMARKS]
#FINAL-12-21#