000
CXUS53 KLMK 010710
CF6SDF
PRELIMINARY LOCAL CLIMATOLOGICAL DATA (WS FORM: F-6)
STATION: LOUISVILLE KY
MONTH: MAY
YEAR: 2021
LATITUDE: 38 10 N
LONGITUDE: 85 44 W
TEMPERATURE IN F: :PCPN: SNOW: WIND :SUNSHINE: SKY :PK WND
================================================================================
1 2 3 4 5 6A 6B 7 8 9 10 11 12 13 14 15 16 17 18
12Z AVG MX 2MIN
DY MAX MIN AVG DEP HDD CDD WTR SNW DPTH SPD SPD DIR MIN PSBL S-S WX SPD DR
================================================================================
1 76 44 60 -4 5 0 0.00 0.0 0 6.9 16 230 M M 3 27 230
2 75 58 67 3 0 2 0.05 0.0 0 7.4 16 230 M M 9 23 230
3 79 62 71 6 0 6 0.52 0.0 0 9.5 22 220 M M 8 1 26 210
4 80 59 70 5 0 5 0.65 0.0 0 11.1 28 240 M M 9 13 39 240
5 68 52 60 -5 5 0 0.38 0.0 0 10.8 18 320 M M 7 13 26 330
6 68 45 57 -9 8 0 T 0.0 0 7.0 23 270 M M 7 30 250
7 70 44 57 -9 8 0 T 0.0 0 10.6 25 260 M M 6 18 34 260
8 63 45 54 -12 11 0 0.01 0.0 0 5.8 16 20 M M 7 21 20
9 69 48 59 -7 6 0 0.32 0.0 0 16.3 37 190 M M 9 13 52 190
10 66 43 55 -12 10 0 0.00 0.0 0 8.2 16 60 M M 5 23 60
11 67 48 58 -9 7 0 0.00 0.0 0 9.3 18 360 M M 5 25 20
12 67 48 58 -9 7 0 0.00 0.0 0 10.5 20 70 M M 4 27 70
13 70 44 57 -10 8 0 0.00 0.0 0 5.3 15 100 M M 3 19 90
14 73 46 60 -8 5 0 0.00 0.0 0 3.0 12 40 M M 5 16 40
15 75 48 62 -6 3 0 0.00 0.0 0 4.1 15 250 M M 6 19 130
16 72 59 66 -2 0 1 0.03 0.0 0 6.5 18 170 M M 9 24 160
17 79 61 70 2 0 5 T 0.0 0 6.3 14 170 M M 10 18 210
18 82 66 74 5 0 9 T 0.0 0 9.6 21 150 M M 9 27 140
19 84 68 76 7 0 11 T 0.0 0 7.5 16 140 M M 9 20 130
20 86 67 77 8 0 12 0.00 0.0 0 8.1 16 160 M M 8 22 150
21 86 65 76 6 0 11 0.00 0.0 0 5.7 20 180 M M 8 27 160
22 89 63 76 6 0 11 0.00 0.0 0 3.6 15 260 M M 7 20 260
23 90 65 78 8 0 13 0.00 0.0 0 3.0 14 260 M M 5 17 260
24 90 69 80 10 0 15 0.00 0.0 0 5.4 14 230 M M 8 20 220
25 90 68 79 8 0 14 0.00 0.0 0 6.9 16 200 M M 6 23 230
26 80 69 75 4 0 10 0.87 0.0 0 7.6 22 280 M M 7 13 28 290
27 85 67 76 5 0 11 T 0.0 0 5.9 18 290 M M 8 128 28 300
28 80 57 69 -3 0 4 0.11 0.0 0 8.4 28 350 M M 10 1 36 360
29 57 50 54 -18 11 0 0.01 0.0 0 9.2 17 360 M M 10 18 22 40
30 72 46 59 -13 6 0 0.00 0.0 0 8.2 15 30 M M 2 21 20
31 77 51 64 -8 1 0 0.00 0.0 0 2.7 13 120 M M 7 17 120
================================================================================
SM 2365 1725 101 140 2.95 0.0 230.4 M 216
================================================================================
AV 76.3 55.6 7.4 FASTST M M 7 MAX(MPH)
MISC ----> 37 190 52 190
================================================================================
NOTES:
# LAST OF SEVERAL OCCURRENCES
COLUMN 17 PEAK WIND IN M.P.H.
PRELIMINARY LOCAL CLIMATOLOGICAL DATA (WS FORM: F-6) , PAGE 2
STATION: LOUISVILLE KY
MONTH: MAY
YEAR: 2021
LATITUDE: 38 10 N
LONGITUDE: 85 44 W
[TEMPERATURE DATA] [PRECIPITATION DATA] SYMBOLS USED IN COLUMN 16
AVERAGE MONTHLY: 66.0 TOTAL FOR MONTH: 2.95 1 = FOG OR MIST
DPTR FM NORMAL: -2.3 DPTR FM NORMAL: -2.23 2 = FOG REDUCING VISIBILITY
HIGHEST: 90 ON 25,24 GRTST 24HR 1.03 ON 4- 5 TO 1/4 MILE OR LESS
LOWEST: 43 ON 10 3 = THUNDER
SNOW, ICE PELLETS, HAIL 4 = ICE PELLETS
TOTAL MONTH: 0.0 INCH 5 = HAIL
GRTST 24HR 0.0 6 = FREEZING RAIN OR DRIZZLE
GRTST DEPTH: 0 7 = DUSTSTORM OR SANDSTORM:
VSBY 1/2 MILE OR LESS
8 = SMOKE OR HAZE
[NO. OF DAYS WITH] [WEATHER - DAYS WITH] 9 = BLOWING SNOW
X = TORNADO
MAX 32 OR BELOW: 0 0.01 INCH OR MORE: 10
MAX 90 OR ABOVE: 3 0.10 INCH OR MORE: 6
MIN 32 OR BELOW: 0 0.50 INCH OR MORE: 3
MIN 0 OR BELOW: 0 1.00 INCH OR MORE: 0
[HDD (BASE 65) ]
TOTAL THIS MO. 101 CLEAR (SCALE 0-3) 2
DPTR FM NORMAL 42 PTCLDY (SCALE 4-7) 20
TOTAL FM JUL 1 3825 CLOUDY (SCALE 8-10) 9
DPTR FM NORMAL -109
[CDD (BASE 65) ]
TOTAL THIS MO. 140
DPTR FM NORMAL -20 [PRESSURE DATA]
TOTAL FM JAN 1 180 HIGHEST SLP M ON M
DPTR FM NORMAL -33 LOWEST SLP 29.60 ON 3
[REMARKS]
#FINAL-05-21#