000
CXUS53 KLSX 112022
CF6SET
PRELIMINARY LOCAL CLIMATOLOGICAL DATA (WS FORM: F-6)

                                          STATION:   ST_CHARLES MO
                                          MONTH:     MARCH
                                          YEAR:      2018
                                          LATITUDE:   38 55 N
                                          LONGITUDE:  90 26 W

  TEMPERATURE IN F:       :PCPN:    SNOW:  WIND      :SUNSHINE: SKY     :PK WND
================================================================================
1   2   3   4   5  6A  6B    7    8   9   10  11  12  13   14  15   16   17  18
                                     12Z  AVG MX 2MIN
DY MAX MIN AVG DEP HDD CDD  WTR  SNW DPTH SPD SPD DIR MIN PSBL S-S WX    SPD DR
================================================================================

 1  56  40  48   9  17   0 0.17  0.0    0 12.6 25 330   M    M   6 1238   34 330
 2  53  32  43   3  22   0 0.00  0.0    0  7.9 14 110   M    M   0 8      18 110
 3  58  29  44   4  21   0 0.00  0.0    0 10.8 21 110   M    M   0        31 140
 4  60  30  45   5  20   0 0.00  0.0    0 12.9 21 120   M    M   4        30 110
 5  50  31  41   0  24   0 0.40  0.0    0 12.5 26 290   M    M   8 1      32 290
 6  47  29  38  -3  27   0    T    M    0 13.5 32 290   M    M   6 1      43 280
 7  39  31  35  -7  30   0    T    T    0 15.1 22 290   M    M  10        29 310
 8  41  25  33  -9  32   0 0.00  0.0    0  9.3 22 300   M    M   5        27 290
 9  51  21  36  -6  29   0 0.00  0.0    0  7.5 17 100   M    M   3 1      22 100
10  55  32  44   1  21   0 0.00  0.0    0 10.1 20 110   M    M   3        25 100
11  44  30  37  -6  28   0 0.14    M    0  8.5 17  50   M    M   8 1      22  40
12  51  29  40  -4  25   0 0.00  0.0    0 12.6 22 330   M    M   3        30 340
13  49  30  40  -4  25   0 0.00  0.0    0 13.1 28 310   M    M   0        36 320
14  57  25  41  -3  24   0 0.00  0.0    0  8.7 21 230   M    M   0        28 230
15  70  38  54   9  11   0 0.00  0.0    0  8.1 21 260   M    M   1        25 280
16  51  38  45   0  20   0 0.06    M    0 16.8 28 100   M    M   6 3      34 100
17  46  40  43  -2  22   0 0.00  0.0    0  8.6 21 290   M    M  10 1      26 290
18  44  36  40  -6  25   0 0.00  0.0    0  5.1 10 100   M    M   9 18     14 120
19  50  37  44  -2  21   0 1.58  0.0    0 10.6 24  30   M    M   9 138    33  30
20  45  34  40  -6  25   0 0.00  0.0    0 13.6 22 360   M    M   7        27 360
21  50  32  41  -6  24   0 0.00  0.0    0  9.3 22 300   M    M   2        33 280
22  50  27  39  -8  26   0 0.04  0.0    0  3.2  7  50   M    M   6 12      9 240
23  52  40  46  -2  19   0 0.26  0.0    0 13.8 24 100   M    M  10 1      31 100
24  43  35  39  -9  26   0 0.69  0.0    0 16.4 29 110   M    M  10 13     38 100
25  52  35  44  -4  21   0 0.00  0.0    0 11.3 17  50   M    M  10 1      23  40
26  54  37  46  -3  19   0 1.45  0.0    0  8.8 23 100   M    M   8 13     31 100
27  57  45  51   2  14   0 0.55  0.0    0  4.6 16 330   M    M  10 1      20 330
28  49  42  46  -3  19   0 0.06  0.0    0  3.1 12  40   M    M  10 18     14  40
29  48  46  47  -3  18   0 0.33  0.0    0  9.2 17  20   M    M  10 18     25  10
30  55  37  46  -4  19   0 0.00  0.0    0  7.5 18 290   M    M   4        24 260
31  57  37  47  -3  18   0 0.14  0.0    0  9.1 23 360   M    M   7 1      31 360
================================================================================
SM 1584 1050       692   0  5.87    T    314.2          M      185
================================================================================
AV 51.1 33.9                              10.1 FASTST   M    M   6    MAX(MPH)
                                 MISC ---->  # 32 290               # 43  280
================================================================================
NOTES:
# LAST OF SEVERAL OCCURRENCES

COLUMN 17 PEAK WIND IN M.P.H.

PRELIMINARY LOCAL CLIMATOLOGICAL DATA (WS FORM: F-6) , PAGE 2

                                          STATION:  ST_CHARLES MO
                                          MONTH:    MARCH
                                          YEAR:     2018
                                          LATITUDE:   38 55 N
                                          LONGITUDE:  90 26 W

[TEMPERATURE DATA]      [PRECIPITATION DATA]       SYMBOLS USED IN COLUMN 16

AVERAGE MONTHLY: 42.5   TOTAL FOR MONTH:   5.87    1 = FOG OR MIST
DPTR FM NORMAL:  -2.5   DPTR FM NORMAL:    2.66    2 = FOG REDUCING VISIBILITY
HIGHEST:    70 ON 15    GRTST 24HR  1.58 ON 19-19      TO 1/4 MILE OR LESS
LOWEST:     21 ON  9                               3 = THUNDER
                        SNOW, ICE PELLETS, HAIL    4 = ICE PELLETS
                        TOTAL MONTH:    T          5 = HAIL
                        GRTST 24HR    T  ON  7- 7  6 = FREEZING RAIN OR DRIZZLE
                        GRTST DEPTH:   0           7 = DUSTSTORM OR SANDSTORM:
                                                       VSBY 1/2 MILE OR LESS
                                                   8 = SMOKE OR HAZE
[NO. OF DAYS WITH]      [WEATHER - DAYS WITH]      9 = BLOWING SNOW
                                                   X = TORNADO
MAX 32 OR BELOW:   0    0.01 INCH OR MORE:  13
MAX 90 OR ABOVE:   0    0.10 INCH OR MORE:  10
MIN 32 OR BELOW:  15    0.50 INCH OR MORE:   4
MIN  0 OR BELOW:   0    1.00 INCH OR MORE:   2

[HDD (BASE 65) ]
TOTAL THIS MO.   692    CLEAR  (SCALE 0-3)   9
DPTR FM NORMAL    68    PTCLDY (SCALE 4-7)  11
TOTAL FM JUL 1  4146    CLOUDY (SCALE 8-10) 11
DPTR FM NORMAL  -321

[CDD (BASE 65) ]
TOTAL THIS MO.     0
DPTR FM NORMAL    -2    [PRESSURE DATA]
TOTAL FM JAN 1     0    HIGHEST SLP 30.48 ON  3
DPTR FM NORMAL    -2    LOWEST  SLP 29.60 ON 19

[REMARKS]
#FINAL-03-18#
