967
CXUS53 KLSX 011600
CF6SET
PRELIMINARY LOCAL CLIMATOLOGICAL DATA (WS FORM: F-6)

                                          STATION:   ST_CHARLES MO
                                          MONTH:     FEBRUARY
                                          YEAR:      2018
                                          LATITUDE:   38 55 N
                                          LONGITUDE:  90 26 W

  TEMPERATURE IN F:       :PCPN:    SNOW:  WIND      :SUNSHINE: SKY     :PK WND
================================================================================
1   2   3   4   5  6A  6B    7    8   9   10  11  12  13   14  15   16   17  18
                                     12Z  AVG MX 2MIN
DY MAX MIN AVG DEP HDD CDD  WTR  SNW DPTH SPD SPD DIR MIN PSBL S-S WX    SPD DR
================================================================================

 1  40  17  29  -3  36   0 0.00  0.0    0 11.9 22 350   M    M   4        29 350
 2  28   9  19 -13  46   0 0.00  0.0    0  6.1 17 330   M    M   1        22 340
 3  47  27  37   5  28   0 0.00  0.0    0 11.0 21 190   M    M   8        27 190
 4  36  12  24  -8  41   0    T    M    0 12.6 25 310   M    M   7        34 320
 5  28   2  15 -17  50   0 0.00  0.0    0  6.5 15 140   M    M   3        20 120
 6  27  14  21 -12  44   0 0.00  0.0    M  8.4 17  20   M    M   5        21  30
 7  34  15  25  -8  40   0    T    M    0  8.6 15 270   M    M   4 1      23 300
 8  48  14  31  -2  34   0 0.00  0.0    0  7.7 16 140   M    M   2        22 140
 9  56  27  42   9  23   0 0.00  0.0    0  9.2 21  20   M    M   1 8      28  30
10  27  21  24 -10  41   0    T    M    0 12.0 20  20   M    M  10 16     27 360
11  27  17  22 -12  43   0    T    M    0  8.2 17 340   M    M   8 1      22 330
12  38  10  24 -10  41   0 0.00  0.0    M  7.9 17  30   M    M   0 1      23  40
13  47  18  33  -1  32   0 0.00  0.0    0  5.2 13 190   M    M   3 18     16 180
14  66  35  51  16  14   0 0.06  0.0    0  6.2 18 230   M    M   6 128    24 220
15  79  42  61  26   4   0 0.05  0.0    0 10.4 29 240   M    M   5 128    37 240
16  46  26  36   1  29   0 0.00  0.0    0 11.2 23 330   M    M   5        31 340
17  42  26  34  -1  31   0 0.16    M    0  6.6 20 280   M    M   5 12     26 280
18  53  21  37   1  28   0 0.00  0.0    0 11.2 24 160   M    M   3 12     30 150
19  66  50  58  22   7   0 0.62  0.0    0 13.0 26 180   M    M  10 13     39 180
20  68  33  51  15  14   0 1.29    M    0 14.7 30 190   M    M   9 1      44 210
21  33  27  30  -7  35   0 0.14  0.0    0 11.2 20 330   M    M  10 16     26 290
22  44  32  38   1  27   0 0.09    M    0  7.6 16  20   M    M  10 1      23  10
23  47  39  43   6  22   0 0.24  0.0    0  7.5 13 290   M    M   0 1      17 280
24  54  39  47   9  18   0 1.15  0.0    0 11.0 35 280   M    M   0 1      54 290
25  52  32  42   4  23   0 0.00  0.0    0  7.7 31 280   M    M   0        43 300
26  61  29  45   7  20   0 0.00  0.0    0  5.5 14 180   M    M   0        19 170
27  70  33  52  13  13   0 0.00  0.0    0 11.8 22 200   M    M   0        31 200
28  58  50  54  15  11   0 0.18  0.0    0  6.1 14 260   M    M  10 12     19 280
================================================================================
SM 1322  717       795   0  3.98     0.0 257.0          M      129
================================================================================
AV 47.2 25.6                               9.2 FASTST   M    M   5    MAX(MPH)
                                 MISC ---->  # 35 280               # 54  290
================================================================================
NOTES:
# LAST OF SEVERAL OCCURRENCES

COLUMN 17 PEAK WIND IN M.P.H.

PRELIMINARY LOCAL CLIMATOLOGICAL DATA (WS FORM: F-6) , PAGE 2

                                          STATION:  ST_CHARLES MO
                                          MONTH:    FEBRUARY
                                          YEAR:     2018
                                          LATITUDE:   38 55 N
                                          LONGITUDE:  90 26 W

[TEMPERATURE DATA]      [PRECIPITATION DATA]       SYMBOLS USED IN COLUMN 16

AVERAGE MONTHLY: 36.4   TOTAL FOR MONTH:   3.98    1 = FOG OR MIST
DPTR FM NORMAL:   1.5   DPTR FM NORMAL:    1.75    2 = FOG REDUCING VISIBILITY
HIGHEST:    79 ON 15    GRTST 24HR  1.29 ON 20-20      TO 1/4 MILE OR LESS
LOWEST:      2 ON  5                               3 = THUNDER
                        SNOW, ICE PELLETS, HAIL    4 = ICE PELLETS
                        TOTAL MONTH:   0.0 INCH    5 = HAIL
                        GRTST 24HR     0.0         6 = FREEZING RAIN OR DRIZZLE
                        GRTST DEPTH:   0           7 = DUSTSTORM OR SANDSTORM:
                                                       VSBY 1/2 MILE OR LESS
                                                   8 = SMOKE OR HAZE
[NO. OF DAYS WITH]      [WEATHER - DAYS WITH]      9 = BLOWING SNOW
                                                   X = TORNADO
MAX 32 OR BELOW:   5    0.01 INCH OR MORE:  10
MAX 90 OR ABOVE:   0    0.10 INCH OR MORE:   7
MIN 32 OR BELOW:  20    0.50 INCH OR MORE:   3
MIN  0 OR BELOW:   0    1.00 INCH OR MORE:   2

[HDD (BASE 65) ]
TOTAL THIS MO.   795    CLEAR  (SCALE 0-3)  10
DPTR FM NORMAL   -46    PTCLDY (SCALE 4-7)  12
TOTAL FM JUL 1  3454    CLOUDY (SCALE 8-10)  6
DPTR FM NORMAL  -389

[CDD (BASE 65) ]
TOTAL THIS MO.     0
DPTR FM NORMAL     0    [PRESSURE DATA]
TOTAL FM JAN 1     0    HIGHEST SLP 30.70 ON 12
DPTR FM NORMAL     0    LOWEST  SLP 29.59 ON 24

[REMARKS]
#FINAL-02-18#
