000
CXUS53 KLSX 032232
CF6SET
PRELIMINARY LOCAL CLIMATOLOGICAL DATA (WS FORM: F-6)
STATION: ST_CHARLES MO
MONTH: JUNE
YEAR: 2021
LATITUDE: 38 55 N
LONGITUDE: 90 26 W
TEMPERATURE IN F: :PCPN: SNOW: WIND :SUNSHINE: SKY :PK WND
================================================================================
1 2 3 4 5 6A 6B 7 8 9 10 11 12 13 14 15 16 17 18
12Z AVG MX 2MIN
DY MAX MIN AVG DEP HDD CDD WTR SNW DPTH SPD SPD DIR MIN PSBL S-S WX SPD DR
================================================================================
1 74 61 68 -4 0 3 0.00 0.0 0 5.5 14 120 M M 7 19 120
2 75 62 69 -3 0 4 0.04 0.0 0 5.6 12 30 M M 8 16 50
3 84 63 74 2 0 9 0.00 0.0 0 4.0 12 340 M M 3 17 360
4 M M M M M M 0.00 0.0 0 M M M M M 1 M M
5 89 M M M M M 0.00 0.0 0 M 15 190 M M 1 8 21 230
6 87 69 78 5 0 13 0.00 0.0 0 9.2 18 120 M M 5 31 140
7 87 72 80 6 0 15 T 0.0 0 6.9 16 160 M M 6 22 200
8 82 68 75 1 0 10 0.00 0.0 0 7.2 15 110 M M 6 1 18 110
9 87 67 77 3 0 12 T 0.0 0 2.4 12 80 M M 6 18 14 80
10 94 70 82 8 0 17 0.00 0.0 0 3.6 12 50 M M 2 128 15 60
11 96 71 84 9 0 19 0.00 0.0 0 3.5 12 320 M M 0 8 17 300
12 96 74 85 10 0 20 0.00 0.0 0 6.9 16 290 M M 0 22 350
13 93 66 80 5 0 15 0.00 0.0 0 8.7 18 10 M M 1 26 10
14 96 64 80 5 0 15 0.00 0.0 0 8.4 21 30 M M 0 29 20
15 91 63 77 1 0 12 0.00 0.0 0 3.3 12 310 M M 0 16 350
16 90 66 78 2 0 13 0.00 0.0 0 4.9 14 90 M M 0 20 90
17 98 66 82 6 0 17 0.00 0.0 0 8.2 16 170 M M 1 24 180
18 101 79 90 14 0 25 0.00 0.0 0 10.1 22 210 M M 0 28 220
19 94 69 82 6 0 17 1.82 0.0 0 11.5 30 230 M M 5 13 42 230
20 93 71 82 5 0 17 T 0.0 0 9.1 25 280 M M 1 3 40 300
21 75 58 67 -10 0 2 0.10 0.0 0 9.3 30 230 M M 5 3 38 230
22 81 53 67 -10 0 2 0.00 0.0 0 4.9 12 200 M M 0 15 200
23 86 62 74 -3 0 9 0.00 0.0 0 11.2 23 160 M M 0 30 160
24 81 68 75 -2 0 10 0.05 0.0 0 7.5 16 150 M M 3 38 22 160
25 90 71 81 3 0 16 2.63 0.0 0 8.4 23 330 M M 5 13 34 290
26 90 73 82 4 0 17 0.05 0.0 0 11.5 28 200 M M 4 3 38 200
27 90 71 81 3 0 16 0.22 0.0 0 4.0 18 250 M M 4 13 26 230
28 87 74 81 3 0 16 0.95 0.0 0 5.0 17 190 M M 3 13 22 200
29 91 73 82 4 0 17 T 0.0 0 4.1 14 270 M M 1 138 20 280
30 83 73 78 0 0 13 0.12 0.0 0 3.6 13 250 M M 4 13 17 250
================================================================================
SM 2561 1897 0 371 5.98 0.0 188.5 M 82
================================================================================
AV 88.3 67.8 6.7 FASTST M M 3 MAX(MPH)
MISC ----> # 30 230 42 230
================================================================================
NOTES:
# LAST OF SEVERAL OCCURRENCES
COLUMN 17 PEAK WIND IN M.P.H.
PRELIMINARY LOCAL CLIMATOLOGICAL DATA (WS FORM: F-6) , PAGE 2
STATION: ST_CHARLES MO
MONTH: JUNE
YEAR: 2021
LATITUDE: 38 55 N
LONGITUDE: 90 26 W
[TEMPERATURE DATA] [PRECIPITATION DATA] SYMBOLS USED IN COLUMN 16
AVERAGE MONTHLY: 78.0 TOTAL FOR MONTH: 5.98 1 = FOG OR MIST
DPTR FM NORMAL: 2.6 DPTR FM NORMAL: 1.43 2 = FOG REDUCING VISIBILITY
HIGHEST: 101 ON 18 GRTST 24HR 2.63 ON 25-25 TO 1/4 MILE OR LESS
LOWEST: 53 ON 22 3 = THUNDER
SNOW, ICE PELLETS, HAIL 4 = ICE PELLETS
TOTAL MONTH: 0.0 INCH 5 = HAIL
GRTST 24HR 0.0 6 = FREEZING RAIN OR DRIZZLE
GRTST DEPTH: 0 7 = DUSTSTORM OR SANDSTORM:
VSBY 1/2 MILE OR LESS
8 = SMOKE OR HAZE
[NO. OF DAYS WITH] [WEATHER - DAYS WITH] 9 = BLOWING SNOW
X = TORNADO
MAX 32 OR BELOW: 0 0.01 INCH OR MORE: 9
MAX 90 OR ABOVE: 15 0.10 INCH OR MORE: 6
MIN 32 OR BELOW: 0 0.50 INCH OR MORE: 3
MIN 0 OR BELOW: 0 1.00 INCH OR MORE: 2
[HDD (BASE 65) ]
TOTAL THIS MO. 0 CLEAR (SCALE 0-3) 16
DPTR FM NORMAL -5 PTCLDY (SCALE 4-7) 13
TOTAL FM JUL 1 4197 CLOUDY (SCALE 8-10) 1
DPTR FM NORMAL -480
[CDD (BASE 65) ]
TOTAL THIS MO. 371
DPTR FM NORMAL 54 [PRESSURE DATA]
TOTAL FM JAN 1 551 HIGHEST SLP 30.18 ON 1
DPTR FM NORMAL 78 LOWEST SLP 29.55 ON 20
[REMARKS]
#FINAL-06-21#