000
CXUS56 KOTX 011010
CF6SFF
PRELIMINARY LOCAL CLIMATOLOGICAL DATA (WS FORM: F-6)
STATION: SPOKANE WA FELTS AIRPORT
MONTH: FEBRUARY
YEAR: 2022
LATITUDE: 47 40 N
LONGITUDE: 117 20 W
TEMPERATURE IN F: :PCPN: SNOW: WIND :SUNSHINE: SKY :PK WND
================================================================================
1 2 3 4 5 6A 6B 7 8 9 10 11 12 13 14 15 16 17 18
12Z AVG MX 2MIN
DY MAX MIN AVG DEP HDD CDD WTR SNW DPTH SPD SPD DIR MIN PSBL S-S WX SPD DR
================================================================================
1 37 23 30 -3 35 0 0.00 M M 3.9 10 340 M M 6 18 330
2 26 16 21 -12 44 0 0.04 M M 4.0 12 110 M M 5 1 14 110
3 31 22 27 -6 38 0 0.00 M M 1.1 7 10 M M 10 1 10 20
4 40 28 34 1 31 0 T M M 3.4 14 220 M M 9 18 21 270
5 45 28 37 4 28 0 0.00 M M 2.9 14 210 M M 4 1 16 210
6 46 27 37 4 28 0 0.00 M M 1.0 7 120 M M 5 12 9 100
7 49 25 37 4 28 0 0.00 M M 3.4 15 230 M M 0 1 21 230
8 47 27 37 4 28 0 0.00 M M 2.9 10 180 M M 4 13 180
9 52 31 42 8 23 0 0.00 M M 0.6 7 290 M M 4 8 290
10 50 29 40 6 25 0 0.00 M M 2.3 9 290 M M 2 1 12 290
11 51 24 38 4 27 0 0.00 M M 1.4 6 180 M M 4 12 8 250
12 48 23 36 2 29 0 0.00 M M 1.1 8 220 M M 0 9 220
13 50 23 37 3 28 0 0.00 M M 0.8 8 110 M M 0 9 90
14 44 32 38 4 27 0 0.01 M M 3.9 17 220 M M 6 22 230
15 47 33 40 6 25 0 0.00 M M 2.0 12 240 M M 8 1 16 240
16 49 28 39 4 26 0 0.00 M M 2.7 12 340 M M 2 1 14 340
17 45 27 36 1 29 0 0.00 M M 5.6 14 230 M M 6 19 200
18 53 29 41 6 24 0 0.00 M M 3.4 10 230 M M 0 1 12 230
19 47 33 40 5 25 0 0.00 M M 8.6 24 230 M M 4 29 250
20 46 30 38 3 27 0 0.01 M M 7.1 18 230 M M 5 23 240
21 32 15 24 -12 41 0 0.13 M M 11.7 28 60 M M 6 1 36 70
22 21 11 16 -20 49 0 0.00 M M 9.8 24 60 M M 0 33 60
23 23 5 14 -22 51 0 0.00 M M 2.8 10 220 M M 4 14 240
24 28 15 22 -14 43 0 T M M 2.6 10 230 M M 5 18 11 220
25 31 11 21 -16 44 0 0.00 M M 1.4 8 190 M M 1 10 190
26 43 14 29 -8 36 0 0.00 M M 1.1 8 110 M M 0 14 80
27 45 29 37 0 28 0 0.03 M M 4.4 14 190 M M 10 1 19 130
28 53 38 46 9 19 0 0.57 M M 7.0 15 220 M M 10 1 21 230
================================================================================
SM 1179 676 886 0 0.79 M 102.9 M 120
================================================================================
AV 42.1 24.1 3.7 FASTST M M 4 MAX(MPH)
MISC ----> 28 60 36 70
================================================================================
NOTES:
# LAST OF SEVERAL OCCURRENCES
COLUMN 17 PEAK WIND IN M.P.H.
PRELIMINARY LOCAL CLIMATOLOGICAL DATA (WS FORM: F-6) , PAGE 2
STATION: SPOKANE WA FELTS AIRPORT
MONTH: FEBRUARY
YEAR: 2022
LATITUDE: 47 40 N
LONGITUDE: 117 20 W
[TEMPERATURE DATA] [PRECIPITATION DATA] SYMBOLS USED IN COLUMN 16
AVERAGE MONTHLY: 33.1 TOTAL FOR MONTH: 0.79 1 = FOG OR MIST
DPTR FM NORMAL: -1.5 DPTR FM NORMAL: -0.53 2 = FOG REDUCING VISIBILITY
HIGHEST: 53 ON 28,18 GRTST 24HR 0.60 ON 27-28 TO 1/4 MILE OR LESS
LOWEST: 5 ON 23 3 = THUNDER
SNOW, ICE PELLETS, HAIL 4 = ICE PELLETS
TOTAL MONTH: M 5 = HAIL
GRTST 24HR M ON M 6 = FREEZING RAIN OR DRIZZLE
GRTST DEPTH: M ON M 7 = DUSTSTORM OR SANDSTORM:
VSBY 1/2 MILE OR LESS
8 = SMOKE OR HAZE
[NO. OF DAYS WITH] [WEATHER - DAYS WITH] 9 = BLOWING SNOW
X = TORNADO
MAX 32 OR BELOW: 7 0.01 INCH OR MORE: 6
MAX 90 OR ABOVE: 0 0.10 INCH OR MORE: 2
MIN 32 OR BELOW: 25 0.50 INCH OR MORE: 1
MIN 0 OR BELOW: 0 1.00 INCH OR MORE: 0
[HDD (BASE 65) ]
TOTAL THIS MO. 886 CLEAR (SCALE 0-3) 9
DPTR FM NORMAL 35 PTCLDY (SCALE 4-7) 15
TOTAL FM JUL 1 4260 CLOUDY (SCALE 8-10) 4
DPTR FM NORMAL -149
[CDD (BASE 65) ]
TOTAL THIS MO. 0
DPTR FM NORMAL 0 [PRESSURE DATA]
TOTAL FM JAN 1 0 HIGHEST SLP M ON M
DPTR FM NORMAL 0 LOWEST SLP 29.71 ON 20
[REMARKS]
#FINAL-02-22#