000
CXUS53 KSGF 010710
CF6SGF
PRELIMINARY LOCAL CLIMATOLOGICAL DATA (WS FORM: F-6)
STATION: SPRINGFIELD MO
MONTH: SEPTEMBER
YEAR: 2022
LATITUDE: 37 13 N
LONGITUDE: 93 23 W
TEMPERATURE IN F: :PCPN: SNOW: WIND :SUNSHINE: SKY :PK WND
================================================================================
1 2 3 4 5 6A 6B 7 8 9 10 11 12 13 14 15 16 17 18
12Z AVG MX 2MIN
DY MAX MIN AVG DEP HDD CDD WTR SNW DPTH SPD SPD DIR MIN PSBL S-S WX SPD DR
================================================================================
1 86 64 75 0 0 10 T 0.0 0 9.4 16 160 M M 1 21 170
2 73 68 71 -4 0 6 1.00 0.0 0 7.7 16 180 M M 10 13 23 190
3 82 67 75 0 0 10 0.00 0.0 0 4.6 14 340 M M 6 1 16 350
4 84 64 74 0 0 9 0.00 0.0 0 5.4 14 40 M M 0 1 18 30
5 81 65 73 -1 0 8 0.00 0.0 0 6.4 16 10 M M 5 1 19 360
6 83 65 74 0 0 9 0.00 0.0 0 5.2 10 20 M M 3 12 M M
7 83 63 73 0 0 8 0.00 0.0 0 6.4 16 30 M M 1 19 50
8 83 60 72 -1 0 7 0.00 0.0 0 3.8 8 80 M M 1 14 70
9 82 60 71 -2 0 6 0.00 0.0 0 6.7 14 180 M M 0 18 170
10 84 57 71 -1 0 6 0.00 0.0 M 4.2 15 330 M M 1 17 320
11 74 53 64 -8 1 0 0.08 0.0 0 10.6 21 340 M M 5 18 27 350
12 80 49 65 -7 0 0 0.00 0.0 0 6.0 16 270 M M 0 25 270
13 84 52 68 -3 0 3 0.00 0.0 0 6.5 13 250 M M 0 16 260
14 85 57 71 0 0 6 0.00 0.0 0 6.1 13 170 M M 0 17 170
15 82 60 71 0 0 6 0.00 0.0 0 8.6 14 150 M M 0 22 150
16 84 62 73 3 0 8 0.00 0.0 0 9.3 17 180 M M 0 22 200
17 87 66 77 7 0 12 0.00 0.0 0 12.7 20 150 M M 0 24 160
18 92 70 81 12 0 16 0.00 0.0 0 11.6 20 220 M M 1 27 230
19 93 70 82 13 0 17 0.00 0.0 0 8.7 15 240 M M 0 20 220
20 94 67 81 12 0 16 0.00 0.0 0 9.0 20 200 M M 0 27 190
21 95 69 82 14 0 17 0.00 0.0 0 10.2 18 30 M M 2 25 30
22 69 56 63 -5 2 0 0.06 0.0 0 9.1 21 40 M M 8 1 27 30
23 79 58 69 1 0 4 0.00 0.0 0 13.6 24 160 M M 3 35 160
24 90 62 76 9 0 11 T 0.0 0 5.7 18 250 M M 2 24 220
25 81 53 67 0 0 2 0.00 0.0 0 9.9 23 340 M M 0 29 340
26 76 46 61 -5 4 0 0.00 0.0 0 6.5 21 330 M M 0 29 350
27 81 46 64 -2 1 0 0.00 0.0 0 5.5 13 60 M M 0 17 90
28 76 54 65 -1 0 0 0.00 0.0 0 9.9 17 90 M M 0 22 80
29 72 44 58 -7 7 0 0.00 0.0 0 8.5 20 160 M M 0 26 160
30 76 42 59 -6 6 0 0.00 0.0 0 6.3 13 100 M M 0 17 170
================================================================================
SM 2471 1769 21 197 1.14 0.0 234.1 M 49
================================================================================
AV 82.4 59.0 7.8 FASTST M M 2 MAX(MPH)
MISC ----> 24 160 35 160
================================================================================
NOTES:
# LAST OF SEVERAL OCCURRENCES
COLUMN 17 PEAK WIND IN M.P.H.
PRELIMINARY LOCAL CLIMATOLOGICAL DATA (WS FORM: F-6) , PAGE 2
STATION: SPRINGFIELD MO
MONTH: SEPTEMBER
YEAR: 2022
LATITUDE: 37 13 N
LONGITUDE: 93 23 W
[TEMPERATURE DATA] [PRECIPITATION DATA] SYMBOLS USED IN COLUMN 16
AVERAGE MONTHLY: 70.7 TOTAL FOR MONTH: 1.14 1 = FOG OR MIST
DPTR FM NORMAL: 0.4 DPTR FM NORMAL: -3.17 2 = FOG REDUCING VISIBILITY
HIGHEST: 95 ON 21 GRTST 24HR 1.00 ON 1- 2 TO 1/4 MILE OR LESS
LOWEST: 42 ON 30 3 = THUNDER
SNOW, ICE PELLETS, HAIL 4 = ICE PELLETS
TOTAL MONTH: 0.0 INCH 5 = HAIL
GRTST 24HR 0.0 6 = FREEZING RAIN OR DRIZZLE
GRTST DEPTH: 0 7 = DUSTSTORM OR SANDSTORM:
VSBY 1/2 MILE OR LESS
8 = SMOKE OR HAZE
[NO. OF DAYS WITH] [WEATHER - DAYS WITH] 9 = BLOWING SNOW
X = TORNADO
MAX 32 OR BELOW: 0 0.01 INCH OR MORE: 3
MAX 90 OR ABOVE: 5 0.10 INCH OR MORE: 1
MIN 32 OR BELOW: 0 0.50 INCH OR MORE: 1
MIN 0 OR BELOW: 0 1.00 INCH OR MORE: 1
[HDD (BASE 65) ]
TOTAL THIS MO. 21 CLEAR (SCALE 0-3) 25
DPTR FM NORMAL -17 PTCLDY (SCALE 4-7) 3
TOTAL FM JUL 1 21 CLOUDY (SCALE 8-10) 2
DPTR FM NORMAL -17
[CDD (BASE 65) ]
TOTAL THIS MO. 197
DPTR FM NORMAL 1 [PRESSURE DATA]
TOTAL FM JAN 1 1738 HIGHEST SLP M ON M
DPTR FM NORMAL 241 LOWEST SLP 29.82 ON 9
[REMARKS]
#FINAL-09-22#