000
CXUS53 KSGF 010644
CF6SGF
PRELIMINARY LOCAL CLIMATOLOGICAL DATA (WS FORM: F-6)
STATION: SPRINGFIELD MO
MONTH: SEPTEMBER
YEAR: 2020
LATITUDE: 37 13 N
LONGITUDE: 93 23 W
TEMPERATURE IN F: :PCPN: SNOW: WIND :SUNSHINE: SKY :PK WND
================================================================================
1 2 3 4 5 6A 6B 7 8 9 10 11 12 13 14 15 16 17 18
12Z AVG MX 2MIN
DY MAX MIN AVG DEP HDD CDD WTR SNW DPTH SPD SPD DIR MIN PSBL S-S WX SPD DR
================================================================================
1 78 68 73 -2 0 8 0.13 0.0 0 6.9 15 160 M M 4 19 160
2 78 67 73 -1 0 8 T 0.0 0 3.6 8 80 M M 5 1 10 20
3 88 65 77 3 0 12 0.00 0.0 0 7.4 13 300 M M 5 12 19 310
4 83 60 72 -2 0 7 0.71 0.0 0 6.9 16 90 M M 3 1 22 80
5 90 66 78 5 0 13 0.00 0.0 0 7.6 13 320 M M 2 17 310
6 91 69 80 7 0 15 0.00 0.0 0 11.9 22 200 M M 1 28 210
7 92 68 80 7 0 15 0.00 0.0 0 12.7 22 210 M M 0 29 210
8 90 68 79 7 0 14 T 0.0 0 10.6 17 200 M M 2 13 30 190
9 88 66 77 5 0 12 T 0.0 0 7.5 16 360 M M 7 12 21 160
10 80 66 73 2 0 8 0.20 0.0 0 6.5 14 140 M M 6 1 20 150
11 76 61 69 -2 0 4 T 0.0 0 4.4 9 220 M M 10 12 12 200
12 77 60 69 -2 0 4 T 0.0 0 3.0 9 280 M M 6 1 13 290
13 77 57 67 -3 0 2 0.00 0.0 0 6.4 14 350 M M 3 12 22 10
14 81 54 68 -2 0 3 0.00 0.0 0 6.7 15 40 M M 0 1 20 120
15 84 55 70 1 0 5 0.00 0.0 0 5.5 13 50 M M 0 8 19 40
16 83 60 72 3 0 7 0.00 0.0 0 5.4 14 20 M M 0 18 30
17 78 57 68 0 0 3 0.00 0.0 0 6.2 14 20 M M 3 18 19 10
18 75 52 64 -4 1 0 0.00 0.0 0 6.8 17 40 M M 0 1 22 40
19 75 50 63 -5 2 0 0.00 0.0 0 7.7 13 110 M M 0 19 100
20 78 46 62 -5 3 0 0.00 0.0 0 7.7 18 140 M M 0 23 130
21 79 49 64 -3 1 0 0.00 0.0 0 7.8 15 110 M M 0 23 130
22 71 63 67 1 0 2 T 0.0 0 6.7 13 150 M M 7 18 18 160
23 79 57 68 2 0 3 0.00 0.0 0 6.3 16 130 M M 0 20 120
24 80 52 66 1 0 1 0.00 0.0 0 5.1 13 150 M M 3 12 19 150
25 85 56 71 6 0 6 0.00 0.0 0 10.0 17 200 M M 0 22 200
26 87 60 74 10 0 9 0.00 0.0 0 12.0 18 190 M M 1 1 24 180
27 86 54 70 6 0 5 0.49 0.0 0 12.6 25 360 M M 4 13 39 350
28 69 48 59 -5 6 0 T 0.0 0 9.5 24 340 M M 6 32 330
29 70 44 57 -6 8 0 0.00 0.0 0 8.5 21 280 M M 0 29 270
30 85 51 68 5 0 3 0.00 0.0 0 11.4 22 350 M M 0 33 350
================================================================================
SM 2433 1749 21 169 1.53 0.0 231.3 M 78
================================================================================
AV 81.1 58.3 7.7 FASTST M M 3 MAX(MPH)
MISC ----> 25 360 39 350
================================================================================
NOTES:
# LAST OF SEVERAL OCCURRENCES
COLUMN 17 PEAK WIND IN M.P.H.
PRELIMINARY LOCAL CLIMATOLOGICAL DATA (WS FORM: F-6) , PAGE 2
STATION: SPRINGFIELD MO
MONTH: SEPTEMBER
YEAR: 2020
LATITUDE: 37 13 N
LONGITUDE: 93 23 W
[TEMPERATURE DATA] [PRECIPITATION DATA] SYMBOLS USED IN COLUMN 16
AVERAGE MONTHLY: 69.7 TOTAL FOR MONTH: 1.53 1 = FOG OR MIST
DPTR FM NORMAL: 0.7 DPTR FM NORMAL: -3.08 2 = FOG REDUCING VISIBILITY
HIGHEST: 92 ON 7 GRTST 24HR 0.71 ON 4- 4 TO 1/4 MILE OR LESS
LOWEST: 44 ON 29 3 = THUNDER
SNOW, ICE PELLETS, HAIL 4 = ICE PELLETS
TOTAL MONTH: 0.0 INCH 5 = HAIL
GRTST 24HR 0.0 6 = FREEZING RAIN OR DRIZZLE
GRTST DEPTH: 0 7 = DUSTSTORM OR SANDSTORM:
VSBY 1/2 MILE OR LESS
8 = SMOKE OR HAZE
[NO. OF DAYS WITH] [WEATHER - DAYS WITH] 9 = BLOWING SNOW
X = TORNADO
MAX 32 OR BELOW: 0 0.01 INCH OR MORE: 4
MAX 90 OR ABOVE: 4 0.10 INCH OR MORE: 4
MIN 32 OR BELOW: 0 0.50 INCH OR MORE: 1
MIN 0 OR BELOW: 0 1.00 INCH OR MORE: 0
[HDD (BASE 65) ]
TOTAL THIS MO. 21 CLEAR (SCALE 0-3) 20
DPTR FM NORMAL -32 PTCLDY (SCALE 4-7) 9
TOTAL FM JUL 1 21 CLOUDY (SCALE 8-10) 1
DPTR FM NORMAL -33
[CDD (BASE 65) ]
TOTAL THIS MO. 169
DPTR FM NORMAL -4 [PRESSURE DATA]
TOTAL FM JAN 1 1416 HIGHEST SLP M ON M
DPTR FM NORMAL 57 LOWEST SLP 29.74 ON 7
[REMARKS]
#FINAL-09-20#