000
CXUS54 KHGX 011410
CF6SGR
PRELIMINARY LOCAL CLIMATOLOGICAL DATA (WS FORM: F-6)
STATION: SUGAR LAND/HULL FLD
MONTH: MAY
YEAR: 2021
LATITUDE: 29 37 N
LONGITUDE: 95 39 W
TEMPERATURE IN F: :PCPN: SNOW: WIND :SUNSHINE: SKY :PK WND
================================================================================
1 2 3 4 5 6A 6B 7 8 9 10 11 12 13 14 15 16 17 18
12Z AVG MX 2MIN
DY MAX MIN AVG DEP HDD CDD WTR SNW DPTH SPD SPD DIR MIN PSBL S-S WX SPD DR
================================================================================
1 79 70 75 1 0 10 1.95 0.0 0 11.2 23 130 M M 9 13 31 130
2 88 72 80 6 0 15 T 0.0 0 10.6 21 180 M M 4 1 26 170
3 89 77 83 9 0 18 0.00 0.0 0 13.0 23 180 M M 8 18 27 170
4 90 72 81 6 0 16 0.00 0.0 0 8.8 21 350 M M 6 8 26 330
5 86 64 75 0 0 10 0.00 0.0 0 8.9 18 20 M M 0 23 30
6 89 63 76 1 0 11 0.00 0.0 0 6.1 16 40 M M 0 19 40
7 88 63 76 0 0 11 0.00 0.0 0 6.1 20 160 M M 0 1 23 160
8 88 65 77 1 0 12 0.00 0.0 0 12.7 26 180 M M 5 33 180
9 89 78 84 8 0 19 T 0.0 0 14.5 24 180 M M 9 30 180
10 91 78 85 9 0 20 0.01 0.0 0 9.0 17 160 M M 5 1 23 170
11 92 71 82 5 0 17 T 0.0 0 11.8 25 350 M M 6 32 350
12 76 65 71 -6 0 6 T 0.0 0 13.2 20 40 M M 10 18 25 30
13 78 65 72 -5 0 7 T 0.0 0 8.3 16 360 M M 9 1 21 360
14 85 65 75 -2 0 10 0.00 0.0 0 8.1 17 160 M M 6 20 160
15 87 65 76 -2 0 11 0.00 0.0 0 9.3 20 130 M M 2 27 130
16 77 71 74 -4 0 9 0.92 0.0 0 9.0 28 140 M M 6 13 35 140
17 90 69 80 2 0 15 1.39 0.0 0 11.7 29 40 M M 7 13 35 40
18 85 65 75 -3 0 10 1.82 0.0 0 11.5 26 280 M M 6 13 38 280
19 72 67 70 -9 0 5 1.19 0.0 0 8.0 24 90 M M 8 13 30 110
20 84 65 75 -4 0 10 0.00 0.0 0 5.3 10 100 M M 6 12 17 120
21 85 73 79 0 0 14 0.13 0.0 0 9.2 18 90 M M 8 1 24 120
22 82 75 79 -1 0 14 0.69 0.0 0 11.8 22 130 M M 9 18 29 110
23 80 73 77 -3 0 12 0.35 0.0 0 7.6 15 130 M M 8 1 20 110
24 84 73 79 -1 0 14 1.60 0.0 0 10.7 24 150 M M 8 13 28 140
25 87 76 82 2 0 17 0.10 0.0 0 11.6 21 160 M M 8 13 27 170
26 90 73 82 2 0 17 0.00 0.0 0 8.4 17 160 M M 5 1 22 150
27 91 75 83 2 0 18 0.00 0.0 0 9.2 16 180 M M 5 1 23 170
28 87 77 82 1 0 17 3.31 0.0 0 8.7 18 80 M M 6 3 23 70
29 90 68 79 -2 0 14 0.04 0.0 0 5.2 26 150 M M 2 3 34 140
30 86 74 80 -1 0 15 0.00 0.0 0 8.9 16 90 M M 5 21 80
31 88 74 81 0 0 16 0.01 0.0 0 11.1 22 150 M M 4 27 140
================================================================================
SM 2653 2181 0 410 13.51 0.0 299.5 M 180
================================================================================
AV 85.6 70.4 9.7 FASTST M M 6 MAX(MPH)
MISC ----> 29 40 38 280
================================================================================
NOTES:
# LAST OF SEVERAL OCCURRENCES
COLUMN 17 PEAK WIND IN M.P.H.
PRELIMINARY LOCAL CLIMATOLOGICAL DATA (WS FORM: F-6) , PAGE 2
STATION: SUGAR LAND/HULL FLD
MONTH: MAY
YEAR: 2021
LATITUDE: 29 37 N
LONGITUDE: 95 39 W
[TEMPERATURE DATA] [PRECIPITATION DATA] SYMBOLS USED IN COLUMN 16
AVERAGE MONTHLY: 78.0 TOTAL FOR MONTH: 13.51 1 = FOG OR MIST
DPTR FM NORMAL: 0.1 DPTR FM NORMAL: 8.27 2 = FOG REDUCING VISIBILITY
HIGHEST: 92 ON 11 GRTST 24HR 3.34 ON 28-29 TO 1/4 MILE OR LESS
LOWEST: 63 ON 7, 6 3 = THUNDER
SNOW, ICE PELLETS, HAIL 4 = ICE PELLETS
TOTAL MONTH: 0.0 INCH 5 = HAIL
GRTST 24HR 0.0 6 = FREEZING RAIN OR DRIZZLE
GRTST DEPTH: 0 7 = DUSTSTORM OR SANDSTORM:
VSBY 1/2 MILE OR LESS
8 = SMOKE OR HAZE
[NO. OF DAYS WITH] [WEATHER - DAYS WITH] 9 = BLOWING SNOW
X = TORNADO
MAX 32 OR BELOW: 0 0.01 INCH OR MORE: 14
MAX 90 OR ABOVE: 7 0.10 INCH OR MORE: 11
MIN 32 OR BELOW: 0 0.50 INCH OR MORE: 8
MIN 0 OR BELOW: 0 1.00 INCH OR MORE: 6
[HDD (BASE 65) ]
TOTAL THIS MO. 0 CLEAR (SCALE 0-3) 5
DPTR FM NORMAL -1 PTCLDY (SCALE 4-7) 18
TOTAL FM JUL 1 1139 CLOUDY (SCALE 8-10) 8
DPTR FM NORMAL -6
[CDD (BASE 65) ]
TOTAL THIS MO. 410
DPTR FM NORMAL 11 [PRESSURE DATA]
TOTAL FM JAN 1 808 HIGHEST SLP 30.26 ON 13
DPTR FM NORMAL 63 LOWEST SLP 29.58 ON 3
[REMARKS]
#FINAL-05-21#