000
CXUS55 KBYZ 011000
CF6SHR
PRELIMINARY LOCAL CLIMATOLOGICAL DATA (WS FORM: F-6)
STATION: SHERIDAN WY
MONTH: AUGUST
YEAR: 2021
LATITUDE: 44 46 N
LONGITUDE: 106 58 W
TEMPERATURE IN F: :PCPN: SNOW: WIND :SUNSHINE: SKY :PK WND
================================================================================
1 2 3 4 5 6A 6B 7 8 9 10 11 12 13 14 15 16 17 18
12Z AVG MX 2MIN
DY MAX MIN AVG DEP HDD CDD WTR SNW DPTH SPD SPD DIR MIN PSBL S-S WX SPD DR
================================================================================
1 93 56 75 3 0 10 0.00 M M 3.9 13 140 M M 0 8 15 140
2 97 53 75 3 0 10 0.00 M M 4.4 28 300 M M 1 8 35 310
3 82 58 70 -2 0 5 0.02 M M 12.2 26 310 M M 2 138 35 310
4 91 55 73 1 0 8 0.00 M M 4.0 20 190 M M 1 8 23 200
5 92 54 73 1 0 8 0.00 M M 4.6 20 300 M M 1 28 300
6 81 58 70 -2 0 5 0.16 M M 7.2 32 260 M M 3 3 44 260
7 86 58 72 1 0 7 0.18 M M 4.8 31 320 M M 3 38 41 320
8 99 57 78 7 0 13 T M M 9.7 51 300 M M 0 38 64 300
9 79 50 65 -6 0 0 0.00 M M 6.9 24 290 M M 1 26 290
10 94 45 70 -1 0 5 0.00 M M 7.6 32 330 M M 0 39 320
11 92 51 72 1 0 7 0.00 M M 5.2 20 330 M M 0 24 340
12 86 55 71 1 0 6 0.00 M M 4.6 15 360 M M 1 20 20
13 88 47 68 -2 0 3 0.00 M M 3.7 9 30 M M 0 19 90
14 97 51 74 4 0 9 0.00 M M 2.5 8 340 M M 0 10 360
15 94 53 74 4 0 9 0.00 M M 6.1 20 340 M M 4 8 24 340
16 99 57 78 9 0 13 0.00 M M 4.7 18 330 M M 5 8 24 340
17 101 60 81 12 0 16 0.00 M M 9.0 41 310 M M 0 8 49 310
18 67 49 58 -11 7 0 0.21 M M 12.9 31 320 M M 6 1 39 320
19 59 49 54 -14 11 0 0.11 M M 2.2 8 350 M M 10 18 12 170
20 65 45 55 -13 10 0 0.05 M M 13.0 32 320 M M 7 1 42 310
21 83 41 62 -6 3 0 0.01 M M 10.3 26 140 M M 2 3 36 130
22 82 47 65 -3 0 0 0.03 M M 5.6 17 290 M M 3 23 300
23 94 44 69 2 0 4 0.00 M M 8.3 37 260 M M 0 51 270
24 76 52 64 -3 1 0 0.00 M M 6.5 20 310 M M 0 24 310
25 88 46 67 0 0 2 0.00 M M 8.4 24 300 M M 0 31 310
26 88 54 71 5 0 6 0.00 M M 6.4 29 340 M M 0 3 37 340
27 81 51 66 0 0 1 0.00 M M 8.1 22 320 M M 1 27 310
28 71 45 58 -8 7 0 0.13 M M 6.7 28 310 M M 5 13 33 310
29 86 41 64 -2 1 0 0.00 M M 2.9 12 110 M M 0 15 110
30 94 45 70 5 0 5 0.00 M M 2.4 9 10 M M 0 13 90
31 93 50 72 7 0 7 0.00 M M 5.1 21 310 M M 6 8 23 310
================================================================================
SM 2678 1577 40 159 0.90 M 199.9 M 62
================================================================================
AV 86.4 50.9 6.4 FASTST M M 2 MAX(MPH)
MISC ----> 51 300 64 300
================================================================================
NOTES:
# LAST OF SEVERAL OCCURRENCES
COLUMN 17 PEAK WIND IN M.P.H.
PRELIMINARY LOCAL CLIMATOLOGICAL DATA (WS FORM: F-6) , PAGE 2
STATION: SHERIDAN WY
MONTH: AUGUST
YEAR: 2021
LATITUDE: 44 46 N
LONGITUDE: 106 58 W
[TEMPERATURE DATA] [PRECIPITATION DATA] SYMBOLS USED IN COLUMN 16
AVERAGE MONTHLY: 68.6 TOTAL FOR MONTH: 0.90 1 = FOG OR MIST
DPTR FM NORMAL: -0.5 DPTR FM NORMAL: 0.19 2 = FOG REDUCING VISIBILITY
HIGHEST: 101 ON 17 GRTST 24HR 0.34 ON 6- 7 TO 1/4 MILE OR LESS
LOWEST: 41 ON 29,21 3 = THUNDER
SNOW, ICE PELLETS, HAIL 4 = ICE PELLETS
TOTAL MONTH: M 5 = HAIL
GRTST 24HR M ON M 6 = FREEZING RAIN OR DRIZZLE
GRTST DEPTH: M ON M 7 = DUSTSTORM OR SANDSTORM:
VSBY 1/2 MILE OR LESS
8 = SMOKE OR HAZE
[NO. OF DAYS WITH] [WEATHER - DAYS WITH] 9 = BLOWING SNOW
X = TORNADO
MAX 32 OR BELOW: 0 0.01 INCH OR MORE: 9
MAX 90 OR ABOVE: 14 0.10 INCH OR MORE: 5
MIN 32 OR BELOW: 0 0.50 INCH OR MORE: 0
MIN 0 OR BELOW: 0 1.00 INCH OR MORE: 0
[HDD (BASE 65) ]
TOTAL THIS MO. 40 CLEAR (SCALE 0-3) 23
DPTR FM NORMAL 3 PTCLDY (SCALE 4-7) 7
TOTAL FM JUL 1 40 CLOUDY (SCALE 8-10) 1
DPTR FM NORMAL -16
[CDD (BASE 65) ]
TOTAL THIS MO. 159
DPTR FM NORMAL -3 [PRESSURE DATA]
TOTAL FM JAN 1 637 HIGHEST SLP 30.26 ON 13
DPTR FM NORMAL 231 LOWEST SLP 29.46 ON 17
[REMARKS]
#FINAL-08-21#