000
CXUS56 KFGZ 010910
CF6SJN
PRELIMINARY LOCAL CLIMATOLOGICAL DATA (WS FORM: F-6)
STATION: SAINT JOHNS AZ AIRPORT
MONTH: AUGUST
YEAR: 2021
LATITUDE: 34 31 N
LONGITUDE: 109 23 W
TEMPERATURE IN F: :PCPN: SNOW: WIND :SUNSHINE: SKY :PK WND
================================================================================
1 2 3 4 5 6A 6B 7 8 9 10 11 12 13 14 15 16 17 18
12Z AVG MX 2MIN
DY MAX MIN AVG DEP HDD CDD WTR SNW DPTH SPD SPD DIR MIN PSBL S-S WX SPD DR
================================================================================
1 87 61 74 -1 0 9 T M M 4.5 25 340 M M 1 3 30 340
2 90 65 78 3 0 13 0.06 M M 6.3 21 100 M M 2 3 26 90
3 90 59 75 0 0 10 0.00 M M 5.6 18 300 M M 0 24 340
4 92 58 75 0 0 10 0.00 M M 6.0 16 310 M M 0 21 320
5 94 56 75 1 0 10 0.00 M M 4.9 15 240 M M 0 20 230
6 93 64 79 5 0 14 0.04 M M 6.8 29 80 M M 3 3 35 90
7 92 63 78 4 0 13 0.00 M M 8.1 20 310 M M 2 28 300
8 92 63 78 4 0 13 0.00 M M 8.4 17 240 M M 1 8 24 240
9 93 65 79 5 0 14 0.04 M M 6.9 22 190 M M 2 3 27 170
10 78 61 70 -4 0 5 0.64 M M 4.5 33 190 M M 7 13 40 190
11 82 61 72 -2 0 7 T M M 6.4 22 100 M M 2 3 28 230
12 83 63 73 -1 0 8 0.10 M M 6.4 21 50 M M 6 3 27 140
13 88 61 75 1 0 10 0.49 M M 3.9 32 50 M M 2 138 39 40
14 84 62 73 -1 0 8 0.00 M M 8.5 20 80 M M 1 29 90
15 87 60 74 1 0 9 0.13 M M 5.0 28 100 M M 0 3 35 100
16 87 59 73 0 0 8 0.05 M M 5.5 28 290 M M 2 3 36 290
17 84 56 70 -3 0 5 0.00 M M 5.4 22 240 M M 0 28 240
18 77 60 69 -4 0 4 0.03 M M 9.1 25 250 M M 5 3 31 240
19 80 59 70 -3 0 5 0.00 M M 9.9 23 230 M M 3 35 250
20 83 56 70 -3 0 5 0.00 M M 4.8 13 250 M M 2 17 240
21 86 54 70 -3 0 5 0.00 M M 5.4 21 240 M M 1 27 250
22 90 52 71 -1 0 6 0.07 M M 5.9 22 100 M M 2 3 27 100
23 90 56 73 1 0 8 0.00 M M 6.8 22 270 M M 0 3 26 260
24 90 53 72 0 0 7 0.00 M M 2.0 13 300 M M 1 19 340
25 94 60 77 5 0 12 0.00 M M 5.8 18 190 M M 1 25 190
26 89 59 74 2 0 9 0.39 M M 6.6 24 300 M M 3 3 31 290
27 87 56 72 0 0 7 0.14 M M 6.2 24 200 M M 1 3 30 210
28 88 57 73 1 0 8 T M M 5.2 28 80 M M 1 37 80
29 88 60 74 2 0 9 0.00 M M 4.0 18 210 M M 1 25 200
30 88 58 73 2 0 8 0.00 M M 5.0 26 190 M M 2 35 190
31 89 59 74 3 0 9 0.05 M M 6.4 22 190 M M 2 31 200
================================================================================
SM 2715 1836 0 268 2.23 M 186.2 M 56
================================================================================
AV 87.6 59.2 6.0 FASTST M M 2 MAX(MPH)
MISC ----> 33 190 40 190
================================================================================
NOTES:
# LAST OF SEVERAL OCCURRENCES
COLUMN 17 PEAK WIND IN M.P.H.
PRELIMINARY LOCAL CLIMATOLOGICAL DATA (WS FORM: F-6) , PAGE 2
STATION: SAINT JOHNS AZ AIRPORT
MONTH: AUGUST
YEAR: 2021
LATITUDE: 34 31 N
LONGITUDE: 109 23 W
[TEMPERATURE DATA] [PRECIPITATION DATA] SYMBOLS USED IN COLUMN 16
AVERAGE MONTHLY: 73.4 TOTAL FOR MONTH: 2.23 1 = FOG OR MIST
DPTR FM NORMAL: 0.2 DPTR FM NORMAL: 0.15 2 = FOG REDUCING VISIBILITY
HIGHEST: 94 ON 25, 5 GRTST 24HR 0.68 ON 9-10 TO 1/4 MILE OR LESS
LOWEST: 52 ON 22 3 = THUNDER
SNOW, ICE PELLETS, HAIL 4 = ICE PELLETS
TOTAL MONTH: M 5 = HAIL
GRTST 24HR M ON M 6 = FREEZING RAIN OR DRIZZLE
GRTST DEPTH: M ON M 7 = DUSTSTORM OR SANDSTORM:
VSBY 1/2 MILE OR LESS
8 = SMOKE OR HAZE
[NO. OF DAYS WITH] [WEATHER - DAYS WITH] 9 = BLOWING SNOW
X = TORNADO
MAX 32 OR BELOW: 0 0.01 INCH OR MORE: 13
MAX 90 OR ABOVE: 12 0.10 INCH OR MORE: 6
MIN 32 OR BELOW: 0 0.50 INCH OR MORE: 1
MIN 0 OR BELOW: 0 1.00 INCH OR MORE: 0
[HDD (BASE 65) ]
TOTAL THIS MO. 0 CLEAR (SCALE 0-3) 27
DPTR FM NORMAL -1 PTCLDY (SCALE 4-7) 4
TOTAL FM JUL 1 0 CLOUDY (SCALE 8-10) 0
DPTR FM NORMAL 0
[CDD (BASE 65) ]
TOTAL THIS MO. 268
DPTR FM NORMAL 13 [PRESSURE DATA]
TOTAL FM JAN 1 1013 HIGHEST SLP M ON M
DPTR FM NORMAL 177 LOWEST SLP 29.61 ON 31
[REMARKS]
#FINAL-08-21#