713
CXUS56 KFGZ 010900
CF6SJN
PRELIMINARY LOCAL CLIMATOLOGICAL DATA (WS FORM: F-6)
STATION: SAINT JOHNS AZ AIRPORT
MONTH: APRIL
YEAR: 2020
LATITUDE: 34 31 N
LONGITUDE: 109 23 W
TEMPERATURE IN F: :PCPN: SNOW: WIND :SUNSHINE: SKY :PK WND
================================================================================
1 2 3 4 5 6A 6B 7 8 9 10 11 12 13 14 15 16 17 18
12Z AVG MX 2MIN
DY MAX MIN AVG DEP HDD CDD WTR SNW DPTH SPD SPD DIR MIN PSBL S-S WX SPD DR
================================================================================
1 72 43 58 9 7 0 0.00 M M 11.7 30 250 M M 2 50 240
2 70 43 57 8 8 0 0.00 M M 21.5 38 240 M M 0 47 240
3 69 34 52 3 13 0 0.00 M M 8.7 28 240 M M 1 37 270
4 70 31 51 1 14 0 0.00 M M 8.5 25 240 M M 0 32 240
5 70 30 50 0 15 0 0.00 M M 9.7 26 250 M M 0 39 250
6 71 31 51 1 14 0 0.00 M M 9.3 26 250 M M 0 33 250
7 71 36 54 3 11 0 0.00 M M 7.0 21 250 M M 0 26 270
8 74 33 54 3 11 0 0.00 M M 8.1 26 170 M M 1 33 170
9 68 37 53 2 12 0 0.00 M M 7.8 24 240 M M 1 31 280
10 69 27 48 -4 17 0 0.00 M M 7.1 25 260 M M 0 32 260
11 60 33 47 -5 18 0 0.00 M M 10.0 35 240 M M 2 43 230
12 61 37 49 -3 16 0 0.14 M M 12.2 30 240 M M 6 3 39 250
13 47 33 40 -13 25 0 0.53 M M 6.4 28 330 M M 10 13 33 350
14 50 29 40 -13 25 0 0.00 M M 6.3 15 320 M M 0 20 300
15 64 28 46 -7 19 0 0.00 M M 6.5 18 320 M M 0 26 290
16 71 31 51 -3 14 0 0.00 M M 11.2 31 270 M M 0 38 270
17 70 36 53 -1 12 0 0.00 M M 7.8 23 240 M M 0 29 230
18 65 34 50 -4 15 0 T M M 12.8 31 240 M M 0 40 270
19 69 40 55 0 10 0 0.00 M M 11.3 23 250 M M 1 29 270
20 72 42 57 2 8 0 0.00 M M 10.7 21 230 M M 0 30 250
21 70 39 55 0 10 0 0.00 M M 10.2 31 240 M M 1 40 230
22 71 37 54 -1 11 0 0.00 M M 9.5 24 290 M M 1 33 300
23 79 41 60 4 5 0 0.00 M M 12.7 32 260 M M 0 44 250
24 78 45 62 6 3 0 0.00 M M 8.8 24 290 M M 0 31 290
25 77 36 57 1 8 0 0.00 M M 5.3 20 340 M M 0 26 340
26 86 39 63 6 2 0 0.00 M M 8.9 28 270 M M 0 32 270
27 84 49 67 10 0 2 0.00 M M 10.5 25 260 M M 0 39 290
28 83 51 67 10 0 2 0.00 M M 7.2 24 290 M M 0 30 290
29 85 43 64 6 1 0 0.00 M M 6.1 15 320 M M 0 19 320
30 88 46 67 9 0 2 0.00 M M 8.6 26 260 M M 0 34 280
================================================================================
SM 2134 1114 324 6 0.67 M 282.4 M 26
================================================================================
AV 71.1 37.1 9.4 FASTST M M 1 MAX(MPH)
MISC ----> # 38 240 # 50 240
================================================================================
NOTES:
# LAST OF SEVERAL OCCURRENCES
COLUMN 17 PEAK WIND IN M.P.H.
PRELIMINARY LOCAL CLIMATOLOGICAL DATA (WS FORM: F-6) , PAGE 2
STATION: SAINT JOHNS AZ AIRPORT
MONTH: APRIL
YEAR: 2020
LATITUDE: 34 31 N
LONGITUDE: 109 23 W
[TEMPERATURE DATA] [PRECIPITATION DATA] SYMBOLS USED IN COLUMN 16
AVERAGE MONTHLY: 54.1 TOTAL FOR MONTH: 0.67 1 = FOG OR MIST
DPTR FM NORMAL: 0.7 DPTR FM NORMAL: 0.16 2 = FOG REDUCING VISIBILITY
HIGHEST: 88 ON 30 GRTST 24HR 0.53 ON 13-13 TO 1/4 MILE OR LESS
LOWEST: 27 ON 10 3 = THUNDER
SNOW, ICE PELLETS, HAIL 4 = ICE PELLETS
TOTAL MONTH: M 5 = HAIL
GRTST 24HR M ON M 6 = FREEZING RAIN OR DRIZZLE
GRTST DEPTH: M ON M 7 = DUSTSTORM OR SANDSTORM:
VSBY 1/2 MILE OR LESS
8 = SMOKE OR HAZE
[NO. OF DAYS WITH] [WEATHER - DAYS WITH] 9 = BLOWING SNOW
X = TORNADO
MAX 32 OR BELOW: 0 0.01 INCH OR MORE: 2
MAX 90 OR ABOVE: 0 0.10 INCH OR MORE: 2
MIN 32 OR BELOW: 7 0.50 INCH OR MORE: 1
MIN 0 OR BELOW: 0 1.00 INCH OR MORE: 0
[HDD (BASE 65) ]
TOTAL THIS MO. 324 CLEAR (SCALE 0-3) 28
DPTR FM NORMAL -27 PTCLDY (SCALE 4-7) 1
TOTAL FM JUL 1 4527 CLOUDY (SCALE 8-10) 1
DPTR FM NORMAL -40
[CDD (BASE 65) ]
TOTAL THIS MO. 6
DPTR FM NORMAL 6 [PRESSURE DATA]
TOTAL FM JAN 1 6 HIGHEST SLP M ON M
DPTR FM NORMAL 6 LOWEST SLP 29.66 ON 2
[REMARKS]
#FINAL-04-20#