000
CXUS54 KSJT 011000
CF6SJT
PRELIMINARY LOCAL CLIMATOLOGICAL DATA (WS FORM: F-6)
STATION: SAN ANGELO
MONTH: APRIL
YEAR: 2022
LATITUDE: 31 21 N
LONGITUDE: 100 30 W
TEMPERATURE IN F: :PCPN: SNOW: WIND :SUNSHINE: SKY :PK WND
================================================================================
1 2 3 4 5 6A 6B 7 8 9 10 11 12 13 14 15 16 17 18
12Z AVG MX 2MIN
DY MAX MIN AVG DEP HDD CDD WTR SNW DPTH SPD SPD DIR MIN PSBL S-S WX SPD DR
================================================================================
1 84 48 66 2 0 1 0.00 0.0 0 13.5 28 200 M M 0 43 160
2 82 47 65 1 0 0 0.00 0.0 0 6.5 14 20 M M 1 19 20
3 92 53 73 9 0 8 0.01 0.0 0 11.8 33 270 M M 0 3 43 270
4 78 58 68 4 0 3 0.00 0.0 0 6.4 12 190 M M 5 19 170
5 95 51 73 8 0 8 0.00 0.0 0 11.0 32 230 M M 0 12 41 240
6 76 45 61 -4 4 0 0.00 0.0 0 14.5 32 360 M M 1 8 42 350
7 74 37 56 -9 9 0 0.00 0.0 0 5.9 21 340 M M 1 25 340
8 76 33 55 -10 10 0 0.00 0.0 0 5.5 14 280 M M 0 25 350
9 89 39 64 -2 1 0 0.00 0.0 0 13.4 26 200 M M 0 37 180
10 93 63 78 12 0 13 0.00 0.0 0 14.9 28 190 M M 0 39 180
11 96 62 79 13 0 14 0.00 0.0 0 11.7 24 180 M M 0 37 180
12 95 68 82 16 0 17 0.00 0.0 0 14.8 29 210 M M 1 37 210
13 82 51 67 1 0 2 0.00 0.0 0 11.3 28 300 M M 0 37 300
14 88 38 63 -4 2 0 0.00 0.0 0 8.9 21 150 M M 0 30 150
15 96 58 77 10 0 12 0.00 0.0 0 11.1 21 190 M M 0 34 200
16 84 63 74 7 0 9 0.00 0.0 0 9.8 18 60 M M 0 18 24 50
17 94 57 76 9 0 11 0.00 0.0 0 7.2 20 10 M M 3 31 320
18 82 51 67 -1 0 2 0.00 0.0 0 12.1 21 50 M M 2 29 80
19 78 58 68 0 0 3 0.07 0.0 0 13.9 23 150 M M 7 3 34 160
20 96 71 84 16 0 19 0.00 0.0 0 15.8 25 210 M M 3 37 200
21 94 70 82 14 0 17 0.00 0.0 0 13.5 23 150 M M 3 33 140
22 89 70 80 12 0 15 0.00 0.0 0 16.8 28 150 M M 5 44 160
23 90 68 79 10 0 14 0.00 0.0 0 14.3 28 180 M M 3 41 180
24 78 57 68 -1 0 3 0.02 0.0 0 9.6 18 60 M M 9 18 26 160
25 72 56 64 -5 1 0 0.03 0.0 0 14.3 26 50 M M 6 3 36 30
26 76 53 65 -5 0 0 0.00 0.0 0 9.7 18 90 M M 8 24 80
27 78 55 67 -3 0 2 0.00 0.0 0 10.1 20 160 M M 7 30 180
28 87 67 77 7 0 12 0.00 0.0 0 13.6 23 190 M M 4 33 160
29 98 72 85 15 0 20 0.00 0.0 0 14.7 23 220 M M 3 36 210
30 87 63 75 4 0 10 0.00 0.0 0 10.2 24 50 M M 1 32 30
================================================================================
SM 2579 1682 27 215 0.13 0.0 346.8 M 73
================================================================================
AV 86.0 56.1 11.6 FASTST M M 2 MAX(MPH)
MISC ----> 33 270 44 160
================================================================================
NOTES:
# LAST OF SEVERAL OCCURRENCES
COLUMN 17 PEAK WIND IN M.P.H.
PRELIMINARY LOCAL CLIMATOLOGICAL DATA (WS FORM: F-6) , PAGE 2
STATION: SAN ANGELO
MONTH: APRIL
YEAR: 2022
LATITUDE: 31 21 N
LONGITUDE: 100 30 W
[TEMPERATURE DATA] [PRECIPITATION DATA] SYMBOLS USED IN COLUMN 16
AVERAGE MONTHLY: 71.0 TOTAL FOR MONTH: 0.13 1 = FOG OR MIST
DPTR FM NORMAL: 3.9 DPTR FM NORMAL: -1.34 2 = FOG REDUCING VISIBILITY
HIGHEST: 98 ON 29 GRTST 24HR 0.07 ON 19-19 TO 1/4 MILE OR LESS
LOWEST: 33 ON 8 3 = THUNDER
SNOW, ICE PELLETS, HAIL 4 = ICE PELLETS
TOTAL MONTH: 0.0 INCH 5 = HAIL
GRTST 24HR 0.0 6 = FREEZING RAIN OR DRIZZLE
GRTST DEPTH: 0 7 = DUSTSTORM OR SANDSTORM:
VSBY 1/2 MILE OR LESS
8 = SMOKE OR HAZE
[NO. OF DAYS WITH] [WEATHER - DAYS WITH] 9 = BLOWING SNOW
X = TORNADO
MAX 32 OR BELOW: 0 0.01 INCH OR MORE: 4
MAX 90 OR ABOVE: 11 0.10 INCH OR MORE: 0
MIN 32 OR BELOW: 0 0.50 INCH OR MORE: 0
MIN 0 OR BELOW: 0 1.00 INCH OR MORE: 0
[HDD (BASE 65) ]
TOTAL THIS MO. 27 CLEAR (SCALE 0-3) 21
DPTR FM NORMAL -48 PTCLDY (SCALE 4-7) 8
TOTAL FM JUL 1 1878 CLOUDY (SCALE 8-10) 1
DPTR FM NORMAL -242
[CDD (BASE 65) ]
TOTAL THIS MO. 215
DPTR FM NORMAL 77 [PRESSURE DATA]
TOTAL FM JAN 1 277 HIGHEST SLP 30.36 ON 26
DPTR FM NORMAL 83 LOWEST SLP 29.44 ON 12
[REMARKS]
#FINAL-04-22#