000
CXUS56 KSLC 012111
CF6SLC
PRELIMINARY LOCAL CLIMATOLOGICAL DATA (WS FORM: F-6)
STATION: SALT LAKE CITY UT
MONTH: FEBRUARY
YEAR: 2023
LATITUDE: 40 46 N
LONGITUDE: 111 58 W
TEMPERATURE IN F: :PCPN: SNOW: WIND :SUNSHINE: SKY :PK WND
================================================================================
1 2 3 4 5 6A 6B 7 8 9 10 11 12 13 14 15 16 17 18
12Z AVG MX 2MIN
DY MAX MIN AVG DEP HDD CDD WTR SNW DPTH SPD SPD DIR MIN PSBL S-S WX SPD DR
================================================================================
1 32 17 25 -8 40 0 0.00 0.0 0 3.4 12 350 M M 1 8 16 350
2 37 19 28 -5 37 0 0.00 0.0 0 3.0 10 320 M M 0 18 14 310
3 37 21 29 -4 36 0 0.00 0.0 0 3.9 15 310 M M 1 18 18 320
4 42 23 33 -1 32 0 0.00 0.0 0 3.7 12 320 M M 1 18 14 340
5 37 28 33 -1 32 0 0.06 1.6 M 5.2 15 310 M M 7 128 20 310
6 38 28 33 -1 32 0 0.02 0.8 1 4.3 10 360 M M 8 18 12 360
7 42 25 34 0 31 0 0.00 0.0 M 4.5 10 360 M M 0 13 310
8 44 27 36 2 29 0 T 0.0 M 7.3 21 10 M M 5 25 20
9 38 23 31 -4 34 0 0.00 0.0 0 5.5 12 350 M M 0 15 320
10 43 24 34 -1 31 0 0.00 0.0 0 5.4 12 150 M M 0 17 140
11 40 23 32 -3 33 0 0.00 0.0 0 4.1 13 300 M M 0 18 16 300
12 42 26 34 -2 31 0 0.00 0.0 0 3.5 12 320 M M 0 18 15 310
13 45 24 35 -1 30 0 0.00 0.0 0 6.5 21 310 M M 1 18 27 310
14 34 24 29 -7 36 0 0.03 0.5 0 8.6 25 300 M M 8 1 33 300
15 33 21 27 -9 38 0 0.00 0.0 0 12.8 25 10 M M 4 34 30
16 37 18 28 -9 37 0 0.00 0.0 0 5.4 14 150 M M 0 17 160
17 41 21 31 -6 34 0 0.00 0.0 0 5.2 13 310 M M 0 17 350
18 41 22 32 -6 33 0 T T 0 6.3 18 340 M M 1 8 23 330
19 47 31 39 1 26 0 0.01 0.1 T 5.7 15 340 M M 6 21 330
20 49 37 43 5 22 0 0.00 0.0 0 5.3 12 130 M M 10 14 130
21 47 30 39 0 26 0 0.41 5.8 0 13.5 24 190 M M 9 1 39 180
22 31 20 26 -13 39 0 0.77 11.5 8 13.6 25 350 M M 9 19 33 340
23 33 19 26 -13 39 0 0.01 0.3 9 12.5 30 170 M M 4 1 40 170
24 40 24 32 -8 33 0 T T 7 10.3 24 170 M M 5 8 32 200
25 45 30 38 -2 27 0 0.00 0.0 5 6.9 18 160 M M 2 25 130
26 44 28 36 -4 29 0 0.00 0.0 4 12.3 32 170 M M 7 18 44 160
27 45 35 40 -1 25 0 0.00 0.0 1 22.5 32 180 M M 7 45 180
28 41 26 34 -7 31 0 0.04 1.0 1 12.8 35 280 M M 7 12 52 290
================================================================================
SM 1125 694 903 0 1.35 21.6 214.0 M 103
================================================================================
AV 40.2 24.8 7.6 FASTST M M 4 MAX(MPH)
MISC ----> 35 280 52 290
================================================================================
NOTES:
# LAST OF SEVERAL OCCURRENCES
COLUMN 17 PEAK WIND IN M.P.H.
PRELIMINARY LOCAL CLIMATOLOGICAL DATA (WS FORM: F-6) , PAGE 2
STATION: SALT LAKE CITY UT
MONTH: FEBRUARY
YEAR: 2023
LATITUDE: 40 46 N
LONGITUDE: 111 58 W
[TEMPERATURE DATA] [PRECIPITATION DATA] SYMBOLS USED IN COLUMN 16
AVERAGE MONTHLY: 32.5 TOTAL FOR MONTH: 1.35 1 = FOG OR MIST
DPTR FM NORMAL: -4.1 DPTR FM NORMAL: 0.05 2 = FOG REDUCING VISIBILITY
HIGHEST: 49 ON 20 GRTST 24HR 0.77 ON 22-22 TO 1/4 MILE OR LESS
LOWEST: 17 ON 1 3 = THUNDER
SNOW, ICE PELLETS, HAIL 4 = ICE PELLETS
TOTAL MONTH: 21.6 INCHES 5 = HAIL
GRTST 24HR 11.5 ON 22-22 6 = FREEZING RAIN OR DRIZZLE
GRTST DEPTH: 9 ON 23 7 = DUSTSTORM OR SANDSTORM:
VSBY 1/2 MILE OR LESS
8 = SMOKE OR HAZE
[NO. OF DAYS WITH] [WEATHER - DAYS WITH] 9 = BLOWING SNOW
X = TORNADO
MAX 32 OR BELOW: 2 0.01 INCH OR MORE: 8
MAX 90 OR ABOVE: 0 0.10 INCH OR MORE: 2
MIN 32 OR BELOW: 26 0.50 INCH OR MORE: 1
MIN 0 OR BELOW: 0 1.00 INCH OR MORE: 0
[HDD (BASE 65) ]
TOTAL THIS MO. 903 CLEAR (SCALE 0-3) 14
DPTR FM NORMAL 109 PTCLDY (SCALE 4-7) 10
TOTAL FM JUL 1 3903 CLOUDY (SCALE 8-10) 4
DPTR FM NORMAL -47
[CDD (BASE 65) ]
TOTAL THIS MO. 0
DPTR FM NORMAL 0 [PRESSURE DATA]
TOTAL FM JAN 1 0 HIGHEST SLP 30.62 ON 9
DPTR FM NORMAL 0 LOWEST SLP 29.07 ON 22
[REMARKS]
#FINAL-02-23#