000
CXUS56 KSLC 010810
CF6SLC
PRELIMINARY LOCAL CLIMATOLOGICAL DATA (WS FORM: F-6)
STATION: SALT LAKE CITY UT
MONTH: SEPTEMBER
YEAR: 2023
LATITUDE: 40 46 N
LONGITUDE: 111 58 W
TEMPERATURE IN F: :PCPN: SNOW: WIND :SUNSHINE: SKY :PK WND
================================================================================
1 2 3 4 5 6A 6B 7 8 9 10 11 12 13 14 15 16 17 18
12Z AVG MX 2MIN
DY MAX MIN AVG DEP HDD CDD WTR SNW DPTH SPD SPD DIR MIN PSBL S-S WX SPD DR
================================================================================
1 85 71 78 4 0 13 T 0.0 0 21.7 39 170 M M 2 58 180
2 85 67 76 2 0 11 0.02 0.0 0 11.5 21 160 M M 5 28 160
3 89 62 76 2 0 11 T 0.0 0 14.0 38 270 M M 3 3 51 310
4 71 56 64 -9 1 0 0.50 0.0 0 8.0 16 290 M M 8 13 23 290
5 80 55 68 -5 0 3 0.00 0.0 0 6.9 25 350 M M 0 41 350
6 87 58 73 0 0 8 0.00 0.0 0 7.5 22 180 M M 1 33 190
7 89 61 75 3 0 10 0.00 0.0 0 9.9 18 170 M M 0 26 150
8 92 67 80 8 0 15 0.00 0.0 0 9.9 23 170 M M 1 30 180
9 90 61 76 5 0 11 0.00 0.0 0 9.1 29 150 M M 1 3 38 150
10 87 63 75 4 0 10 0.00 0.0 0 6.1 15 220 M M 1 8 21 220
11 87 61 74 3 0 9 0.00 0.0 0 6.6 14 140 M M 0 8 18 130
12 87 61 74 4 0 9 0.00 0.0 0 7.4 18 160 M M 1 8 27 170
13 84 61 73 3 0 8 T 0.0 0 8.8 32 360 M M 3 378 41 340
14 81 59 70 1 0 5 0.00 0.0 0 6.6 15 330 M M 0 21 340
15 83 55 69 0 0 4 0.00 0.0 0 5.4 14 330 M M 0 21 320
16 85 59 72 4 0 7 0.00 0.0 0 6.7 14 350 M M 0 21 330
17 88 59 74 6 0 9 0.00 0.0 0 7.8 15 170 M M 0 20 200
18 86 65 76 8 0 11 0.00 0.0 0 7.4 23 160 M M 2 3 34 180
19 82 64 73 6 0 8 T 0.0 0 9.6 24 300 M M 2 3 35 300
20 84 57 71 4 0 6 T 0.0 0 10.6 28 190 M M 3 3 40 210
21 68 52 60 -6 5 0 0.13 0.0 0 11.5 26 340 M M 7 13 35 340
22 63 49 56 -10 9 0 0.26 0.0 0 9.3 25 260 M M 6 1 33 260
23 71 45 58 -7 7 0 0.00 0.0 0 6.6 12 360 M M 1 15 310
24 81 49 65 0 0 0 0.00 0.0 0 6.8 14 170 M M 3 17 350
25 86 56 71 7 0 6 0.00 0.0 0 10.6 21 180 M M 0 29 160
26 86 62 74 10 0 9 0.00 0.0 0 11.1 21 160 M M 0 27 150
27 87 58 73 10 0 8 0.00 0.0 0 9.3 20 190 M M 0 26 190
28 76 54 65 2 0 0 0.00 0.0 0 4.6 15 330 M M 0 20 330
29 83 53 68 6 0 3 0.00 0.0 0 6.4 20 160 M M 0 30 160
30 82 60 71 9 0 6 T 0.0 0 13.5 36 180 M M 2 58 160
================================================================================
SM 2485 1760 22 200 0.91 0.0 271.2 M 52
================================================================================
AV 82.8 58.7 9.0 FASTST M M 2 MAX(MPH)
MISC ----> 39 170 # 58 180
================================================================================
NOTES:
# LAST OF SEVERAL OCCURRENCES
COLUMN 17 PEAK WIND IN M.P.H.
PRELIMINARY LOCAL CLIMATOLOGICAL DATA (WS FORM: F-6) , PAGE 2
STATION: SALT LAKE CITY UT
MONTH: SEPTEMBER
YEAR: 2023
LATITUDE: 40 46 N
LONGITUDE: 111 58 W
[TEMPERATURE DATA] [PRECIPITATION DATA] SYMBOLS USED IN COLUMN 16
AVERAGE MONTHLY: 70.8 TOTAL FOR MONTH: 0.91 1 = FOG OR MIST
DPTR FM NORMAL: 2.3 DPTR FM NORMAL: -0.15 2 = FOG REDUCING VISIBILITY
HIGHEST: 92 ON 8 GRTST 24HR 0.51 ON 3- 4 TO 1/4 MILE OR LESS
LOWEST: 45 ON 23 3 = THUNDER
SNOW, ICE PELLETS, HAIL 4 = ICE PELLETS
TOTAL MONTH: 0.0 INCH 5 = HAIL
GRTST 24HR 0.0 6 = FREEZING RAIN OR DRIZZLE
GRTST DEPTH: 0 7 = DUSTSTORM OR SANDSTORM:
VSBY 1/2 MILE OR LESS
8 = SMOKE OR HAZE
[NO. OF DAYS WITH] [WEATHER - DAYS WITH] 9 = BLOWING SNOW
X = TORNADO
MAX 32 OR BELOW: 0 0.01 INCH OR MORE: 4
MAX 90 OR ABOVE: 2 0.10 INCH OR MORE: 3
MIN 32 OR BELOW: 0 0.50 INCH OR MORE: 1
MIN 0 OR BELOW: 0 1.00 INCH OR MORE: 0
[HDD (BASE 65) ]
TOTAL THIS MO. 22 CLEAR (SCALE 0-3) 24
DPTR FM NORMAL -37 PTCLDY (SCALE 4-7) 6
TOTAL FM JUL 1 22 CLOUDY (SCALE 8-10) 0
DPTR FM NORMAL -40
[CDD (BASE 65) ]
TOTAL THIS MO. 200
DPTR FM NORMAL 37 [PRESSURE DATA]
TOTAL FM JAN 1 1618 HIGHEST SLP M ON M
DPTR FM NORMAL 212 LOWEST SLP 29.52 ON 20
[REMARKS]
#FINAL-09-23#