000
CXUS45 KSLC 010811
CLMSLC
CLIMATE REPORT
NATIONAL WEATHER SERVICE SALT LAKE CITY UT
211 AM MDT MON MAY 01 2023
...................................
...THE SALT LAKE CITY UT CLIMATE SUMMARY FOR THE MONTH OF APRIL 2023...
CLIMATE NORMAL PERIOD 1991 TO 2020
CLIMATE RECORD PERIOD 1874 TO 2023
WEATHER OBSERVED NORMAL DEPART LAST YEAR`S
VALUE DATE(S) VALUE FROM VALUE DATE(S)
NORMAL
................................................................
TEMPERATURE (F)
RECORD
HIGH 89 04/29/2007
LOW 14 04/02/1936
HIGHEST 87 04/30 77 04/21
LOWEST 27 04/06 30 04/06
04/11
04/13
AVG. MAXIMUM 60.9 61.9 -1.0 62.2
AVG. MINIMUM 39.8 41.8 -2.0 39.3
MEAN 50.3 51.8 -1.5 50.8
DAYS MAX >= 90 0 0.0 0.0 0
DAYS MAX <= 32 0 0.0 0.0 0
DAYS MIN <= 32 5 4.0 1.0 4
DAYS MIN <= 0 0 0.0 0.0 0
PRECIPITATION (INCHES)
TOTALS 1.69 2.16 -0.47 0.81
DAYS >= .01 9 10.4 -1.4 7
DAYS >= .10 5 6.1 -1.1 3
DAYS >= .50 2 1.3 0.7 0
DAYS >= 1.00 0 0.1 -0.1 0
SNOWFALL (INCHES)
TOTALS 15.0 2.9 12.1 1.4
SINCE 7/1 87.5 51.8 MM
DEGREE DAYS
HEATING TOTAL 443 400 43 419
SINCE 7/1 5130 4947 183 MM
COOLING TOTAL 12 5 7 0
SINCE 1/1 12 5 7 MM
................................................................
WIND (MPH)
AVERAGE WIND SPEED 8.9
HIGHEST WIND SPEED/DIRECTION 38/290 DATE 04/18
HIGHEST GUST SPEED/DIRECTION 49/290 DATE 04/18
WEATHER CONDITIONS. NUMBER OF DAYS WITH
THUNDERSTORM 2 RAIN 1
HAIL 3 SNOW 2
FOG 9 FOG W/VIS <= 1/4 MILE 1
HAZE 7
- INDICATES NEGATIVE NUMBERS.
R INDICATES RECORD WAS SET OR TIED.
MM INDICATES DATA IS MISSING.
T INDICATES TRACE AMOUNT.
$$