000
CXUS53 KICT 011410
CF6SLN
PRELIMINARY LOCAL CLIMATOLOGICAL DATA (WS FORM: F-6)
STATION: SALINA KS
MONTH: APRIL
YEAR: 2023
LATITUDE: 38 47 N
LONGITUDE: 97 39 W
TEMPERATURE IN F: :PCPN: SNOW: WIND :SUNSHINE: SKY :PK WND
================================================================================
1 2 3 4 5 6A 6B 7 8 9 10 11 12 13 14 15 16 17 18
12Z AVG MX 2MIN
DY MAX MIN AVG DEP HDD CDD WTR SNW DPTH SPD SPD DIR MIN PSBL S-S WX SPD DR
================================================================================
1 64 33 49 -2 16 0 0.00 M M 12.9 30 300 M M 0 39 290
2 78 48 63 12 2 0 0.00 M M 11.6 29 190 M M 0 41 170
3 72 53 63 12 2 0 0.00 M M 10.2 20 60 M M 4 31 50
4 89 36 63 11 2 0 0.00 M M 18.4 32 330 M M 3 43 170
5 54 27 41 -11 24 0 0.00 M M 15.5 28 310 M M 1 36 310
6 61 23 42 -10 23 0 0.00 M M 3.8 13 170 M M 0 8 18 130
7 71 30 51 -1 14 0 0.00 M M 11.0 23 170 M M 0 31 160
8 75 31 53 0 12 0 0.00 M M 11.6 23 160 M M 0 30 190
9 77 39 58 5 7 0 T M M 11.5 21 210 M M 1 29 160
10 81 45 63 10 2 0 0.00 M M 8.2 17 120 M M 1 8 25 120
11 82 43 63 10 2 0 0.00 M M 13.5 26 190 M M 0 42 200
12 85 54 70 16 0 5 0.00 M M 18.4 32 170 M M 0 44 160
13 85 55 70 16 0 5 0.00 M M 20.2 35 160 M M 0 43 160
14 87 55 71 17 0 6 0.76 M M 19.1 32 310 M M 2 13 42 160
15 55 39 47 -7 18 0 0.10 M M 19.8 30 330 M M 9 13 38 330
16 65 34 50 -5 15 0 0.00 M M 17.5 35 310 M M 0 52 300
17 82 31 57 2 8 0 0.00 M M 10.3 21 160 M M 0 29 190
18 85 51 68 13 0 3 0.00 M M 18.7 33 180 M M 1 57 190
19 85 64 75 20 0 10 0.00 M M 15.3 33 190 M M 2 3 48 190
20 72 44 58 2 7 0 0.49 M M 16.8 36 310 M M 4 13 48 10
21 63 36 50 -6 15 0 0.00 M M 14.1 30 290 M M 1 40 290
22 56 32 44 -12 21 0 0.00 M M 13.3 26 330 M M 0 36 360
23 62 27 45 -12 20 0 0.00 M M 4.5 14 170 M M 2 17 150
24 65 37 51 -6 14 0 T M M 14.8 26 190 M M 3 8 33 200
25 61 46 54 -3 11 0 0.00 M M 8.9 18 160 M M 9 24 130
26 65 43 54 -4 11 0 0.03 M M 6.9 24 110 M M 6 33 120
27 66 48 57 -1 8 0 0.00 M M 4.8 13 130 M M 8 16 130
28 54 47 51 -7 14 0 0.20 M M 13.3 25 360 M M 9 1 34 340
29 80 35 58 0 7 0 0.00 M M 12.6 32 340 M M 1 8 44 340
30 65 39 52 -7 13 0 0.00 M M 15.8 36 330 M M 0 44 340
================================================================================
SM 2142 1225 288 29 1.58 M 393.3 M 67
================================================================================
AV 71.4 40.8 13.1 FASTST M M 2 MAX(MPH)
MISC ----> # 36 310 57 190
================================================================================
NOTES:
# LAST OF SEVERAL OCCURRENCES
COLUMN 17 PEAK WIND IN M.P.H.
PRELIMINARY LOCAL CLIMATOLOGICAL DATA (WS FORM: F-6) , PAGE 2
STATION: SALINA KS
MONTH: APRIL
YEAR: 2023
LATITUDE: 38 47 N
LONGITUDE: 97 39 W
[TEMPERATURE DATA] [PRECIPITATION DATA] SYMBOLS USED IN COLUMN 16
AVERAGE MONTHLY: 56.1 TOTAL FOR MONTH: 1.58 1 = FOG OR MIST
DPTR FM NORMAL: 1.5 DPTR FM NORMAL: -1.14 2 = FOG REDUCING VISIBILITY
HIGHEST: 89 ON 4 GRTST 24HR 0.86 ON 14-15 TO 1/4 MILE OR LESS
LOWEST: 23 ON 6 3 = THUNDER
SNOW, ICE PELLETS, HAIL 4 = ICE PELLETS
TOTAL MONTH: M 5 = HAIL
GRTST 24HR M ON M 6 = FREEZING RAIN OR DRIZZLE
GRTST DEPTH: M ON M 7 = DUSTSTORM OR SANDSTORM:
VSBY 1/2 MILE OR LESS
8 = SMOKE OR HAZE
[NO. OF DAYS WITH] [WEATHER - DAYS WITH] 9 = BLOWING SNOW
X = TORNADO
MAX 32 OR BELOW: 0 0.01 INCH OR MORE: 5
MAX 90 OR ABOVE: 0 0.10 INCH OR MORE: 4
MIN 32 OR BELOW: 7 0.50 INCH OR MORE: 1
MIN 0 OR BELOW: 0 1.00 INCH OR MORE: 0
[HDD (BASE 65) ]
TOTAL THIS MO. 288 CLEAR (SCALE 0-3) 22
DPTR FM NORMAL -41 PTCLDY (SCALE 4-7) 5
TOTAL FM JUL 1 4712 CLOUDY (SCALE 8-10) 3
DPTR FM NORMAL -104
[CDD (BASE 65) ]
TOTAL THIS MO. 29
DPTR FM NORMAL 12 [PRESSURE DATA]
TOTAL FM JAN 1 29 HIGHEST SLP 30.48 ON 6
DPTR FM NORMAL 9 LOWEST SLP 29.23 ON 4
[REMARKS]
#FINAL-04-23#