000
CXUS53 KICT 011410
CF6SLN
PRELIMINARY LOCAL CLIMATOLOGICAL DATA (WS FORM: F-6)
STATION: SALINA KS
MONTH: AUGUST
YEAR: 2022
LATITUDE: 38 47 N
LONGITUDE: 97 39 W
TEMPERATURE IN F: :PCPN: SNOW: WIND :SUNSHINE: SKY :PK WND
================================================================================
1 2 3 4 5 6A 6B 7 8 9 10 11 12 13 14 15 16 17 18
12Z AVG MX 2MIN
DY MAX MIN AVG DEP HDD CDD WTR SNW DPTH SPD SPD DIR MIN PSBL S-S WX SPD DR
================================================================================
1 101 71 86 5 0 21 0.00 M M 8.7 18 190 M M 0 29 190
2 105 77 91 10 0 26 0.00 M M 15.8 26 190 M M 0 36 170
3 97 80 89 8 0 24 0.14 M M 10.2 24 190 M M 2 3 33 190
4 98 76 87 7 0 22 0.00 M M 10.4 18 100 M M 1 25 70
5 102 76 89 9 0 24 0.00 M M 10.7 20 140 M M 0 26 160
6 105 82 94 14 0 29 0.00 0.0 0 17.4 28 170 M M 0 39 170
7 105 75 90 10 0 25 0.00 M M 15.2 22 170 M M 1 32 160
8 88 68 78 -2 0 13 0.00 M M 10.2 18 10 M M 4 26 60
9 93 63 78 -2 0 13 0.00 M M 5.2 14 50 M M 0 22 30
10 94 59 77 -3 0 12 0.00 M M 5.5 15 60 M M 0 8 22 60
11 94 62 78 -2 0 13 0.00 M M 5.8 13 110 M M 0 18 130
12 98 60 79 -1 0 14 0.00 M M 9.0 17 170 M M 0 24 170
13 104 69 87 8 0 22 0.00 M M 9.2 17 190 M M 0 22 150
14 104 68 86 7 0 21 0.00 M M 5.8 17 100 M M 0 24 160
15 104 72 88 9 0 23 0.00 M M 8.0 20 160 M M 1 3 28 200
16 81 68 75 -4 0 10 0.00 M M 10.4 21 40 M M 8 8 30 50
17 87 68 78 -1 0 13 0.00 M M 9.0 17 90 M M 6 23 70
18 91 60 76 -2 0 11 0.00 M M 3.7 13 270 M M 0 19 290
19 90 67 79 1 0 14 1.11 M M 10.7 36 350 M M 4 13 51 350
20 88 64 76 -2 0 11 0.06 M M 6.8 16 350 M M 1 1 21 320
21 87 62 75 -3 0 10 0.00 M M 3.4 12 50 M M 0 16 50
22 87 62 75 -3 0 10 0.00 M M 3.6 13 70 M M 2 18 100
23 89 62 76 -2 0 11 0.00 M M 3.6 13 110 M M 1 17 120
24 92 62 77 0 0 12 0.00 M M 2.9 13 120 M M 0 17 120
25 96 64 80 3 0 15 0.00 M M 4.3 9 160 M M 0 14 110
26 98 66 82 5 0 17 0.00 M M 8.6 18 150 M M 0 24 200
27 91 68 80 4 0 15 0.24 M M 10.8 23 190 M M 3 13 29 200
28 96 66 81 5 0 16 0.00 M M 11.8 28 200 M M 1 39 200
29 96 72 84 8 0 19 0.00 M M 9.0 29 200 M M 1 39 190
30 92 67 80 4 0 15 0.00 M M 4.7 13 40 M M 0 19 50
31 94 62 78 2 0 13 0.00 M M 5.6 21 320 M M 0 31 310
================================================================================
SM 2947 2098 0 514 1.55 0.0 256.0 M 36
================================================================================
AV 95.1 67.7 8.3 FASTST M M 1 MAX(MPH)
MISC ----> 36 350 51 350
================================================================================
NOTES:
# LAST OF SEVERAL OCCURRENCES
COLUMN 17 PEAK WIND IN M.P.H.
PRELIMINARY LOCAL CLIMATOLOGICAL DATA (WS FORM: F-6) , PAGE 2
STATION: SALINA KS
MONTH: AUGUST
YEAR: 2022
LATITUDE: 38 47 N
LONGITUDE: 97 39 W
[TEMPERATURE DATA] [PRECIPITATION DATA] SYMBOLS USED IN COLUMN 16
AVERAGE MONTHLY: 81.4 TOTAL FOR MONTH: 1.55 1 = FOG OR MIST
DPTR FM NORMAL: 2.8 DPTR FM NORMAL: -2.16 2 = FOG REDUCING VISIBILITY
HIGHEST: 105 ON 7, 6 GRTST 24HR 1.17 ON 19-20 TO 1/4 MILE OR LESS
LOWEST: 59 ON 10 3 = THUNDER
SNOW, ICE PELLETS, HAIL 4 = ICE PELLETS
TOTAL MONTH: 0.0 INCH 5 = HAIL
GRTST 24HR 0.0 6 = FREEZING RAIN OR DRIZZLE
GRTST DEPTH: 0 7 = DUSTSTORM OR SANDSTORM:
VSBY 1/2 MILE OR LESS
8 = SMOKE OR HAZE
[NO. OF DAYS WITH] [WEATHER - DAYS WITH] 9 = BLOWING SNOW
X = TORNADO
MAX 32 OR BELOW: 0 0.01 INCH OR MORE: 4
MAX 90 OR ABOVE: 24 0.10 INCH OR MORE: 3
MIN 32 OR BELOW: 0 0.50 INCH OR MORE: 1
MIN 0 OR BELOW: 0 1.00 INCH OR MORE: 1
[HDD (BASE 65) ]
TOTAL THIS MO. 0 CLEAR (SCALE 0-3) 26
DPTR FM NORMAL -1 PTCLDY (SCALE 4-7) 5
TOTAL FM JUL 1 0 CLOUDY (SCALE 8-10) 0
DPTR FM NORMAL 0
[CDD (BASE 65) ]
TOTAL THIS MO. 514
DPTR FM NORMAL 91 [PRESSURE DATA]
TOTAL FM JAN 1 1654 HIGHEST SLP 30.17 ON 11
DPTR FM NORMAL 265 LOWEST SLP 29.61 ON 28
[REMARKS]
#FINAL-08-22#