000
CXUS56 KLOX 011155
CF6SMO
PRELIMINARY LOCAL CLIMATOLOGICAL DATA (WS FORM: F-6)
STATION: SANTA MONICA AIRPORT CA
MONTH: AUGUST
YEAR: 2022
LATITUDE: 34 0 N
LONGITUDE: 118 27 W
TEMPERATURE IN F: :PCPN: SNOW: WIND :SUNSHINE: SKY :PK WND
================================================================================
1 2 3 4 5 6A 6B 7 8 9 10 11 12 13 14 15 16 17 18
12Z AVG MX 2MIN
DY MAX MIN AVG DEP HDD CDD WTR SNW DPTH SPD SPD DIR MIN PSBL S-S WX SPD DR
================================================================================
1 77 66 72 2 0 7 0.00 M M 5.9 14 240 M M 2 17 220
2 75 65 70 0 0 5 0.00 M M 5.8 15 240 M M 1 20 240
3 75 65 70 0 0 5 0.00 M M 5.1 12 240 M M 2 15 220
4 76 65 71 1 0 6 0.00 M M 4.4 10 240 M M 1 16 260
5 77 65 71 1 0 6 M M M 5.4 15 240 M M 0 21 260
6 80 64 72 2 0 7 0.00 M M 3.9 15 250 M M 0 23 240
7 82 62 72 2 0 7 0.00 M M 3.8 14 240 M M 0 18 260
8 80 67 74 4 0 9 0.00 M M 4.4 12 220 M M 0 18 240
9 86 69 78 8 0 13 0.00 M M 4.5 12 230 M M 0 16 240
10 83 67 75 5 0 10 0.00 M M 4.3 13 220 M M 0 17 230
11 81 66 74 4 0 9 0.00 M M 4.6 13 240 M M 0 18 230
12 80 64 72 2 0 7 0.00 M M 4.0 14 250 M M 0 19 240
13 82 65 74 4 0 9 0.00 M M 4.6 12 220 M M 0 15 230
14 79 66 73 3 0 8 0.00 M M 4.2 12 240 M M 0 16 230
15 77 65 71 1 0 6 0.00 M M 4.2 12 240 M M 0 16 230
16 75 64 70 0 0 5 0.00 M M 3.7 12 260 M M 0 15 250
17 75 64 70 0 0 5 0.00 M M 4.5 12 240 M M 0 16 210
18 69 60 65 -5 0 0 0.00 M M 5.1 13 210 M M 5 1 17 240
19 73 61 67 -3 0 2 0.00 M M 3.7 12 220 M M 0 15 240
20 78 65 72 2 0 7 0.00 M M 4.1 13 220 M M 4 16 220
21 77 66 72 2 0 7 0.00 M M 4.6 12 230 M M 5 16 220
22 74 63 69 -1 0 4 0.00 M M 4.8 12 240 M M 9 1 16 230
23 74 62 68 -2 0 3 0.00 M M 3.6 13 230 M M 2 18 16 220
24 79 65 72 2 0 7 0.00 M M 3.5 12 210 M M 1 15 210
25 80 66 73 3 0 8 0.00 M M 4.5 13 230 M M 2 17 220
26 75 65 70 0 0 5 0.00 M M 4.8 13 220 M M 6 18 17 230
27 76 66 71 1 0 6 0.00 M M 4.9 12 240 M M 6 16 210
28 75 66 71 1 0 6 0.00 M M 5.3 14 260 M M 4 26 310
29 74 64 69 -1 0 4 0.00 M M 4.5 15 240 M M 2 19 250
30 77 64 71 1 0 6 0.00 M M 4.1 13 220 M M 0 17 220
31 83 67 75 5 0 10 0.00 M M 4.2 15 240 M M 0 19 240
================================================================================
SM 2404 2009 0 199 0.00 M 139.0 M 52
================================================================================
AV 77.5 64.8 4.5 FASTST M M 2 MAX(MPH)
MISC ----> # 15 240 26 310
================================================================================
NOTES:
# LAST OF SEVERAL OCCURRENCES
COLUMN 17 PEAK WIND IN M.P.H.
PRELIMINARY LOCAL CLIMATOLOGICAL DATA (WS FORM: F-6) , PAGE 2
STATION: SANTA MONICA AIRPORT CA
MONTH: AUGUST
YEAR: 2022
LATITUDE: 34 0 N
LONGITUDE: 118 27 W
[TEMPERATURE DATA] [PRECIPITATION DATA] SYMBOLS USED IN COLUMN 16
AVERAGE MONTHLY: 71.2 TOTAL FOR MONTH: 0.00 1 = FOG OR MIST
DPTR FM NORMAL: 1.4 DPTR FM NORMAL: -0.01 2 = FOG REDUCING VISIBILITY
HIGHEST: 86 ON 9 GRTST 24HR T ON 5- 5 TO 1/4 MILE OR LESS
LOWEST: 60 ON 18 3 = THUNDER
SNOW, ICE PELLETS, HAIL 4 = ICE PELLETS
TOTAL MONTH: M 5 = HAIL
GRTST 24HR M ON M 6 = FREEZING RAIN OR DRIZZLE
GRTST DEPTH: M ON M 7 = DUSTSTORM OR SANDSTORM:
VSBY 1/2 MILE OR LESS
8 = SMOKE OR HAZE
[NO. OF DAYS WITH] [WEATHER - DAYS WITH] 9 = BLOWING SNOW
X = TORNADO
MAX 32 OR BELOW: 0 0.01 INCH OR MORE: 0
MAX 90 OR ABOVE: 0 0.10 INCH OR MORE: 0
MIN 32 OR BELOW: 0 0.50 INCH OR MORE: 0
MIN 0 OR BELOW: 0 1.00 INCH OR MORE: 0
[HDD (BASE 65) ]
TOTAL THIS MO. 0 CLEAR (SCALE 0-3) 24
DPTR FM NORMAL -3 PTCLDY (SCALE 4-7) 6
TOTAL FM JUL 1 0 CLOUDY (SCALE 8-10) 1
DPTR FM NORMAL -4
[CDD (BASE 65) ]
TOTAL THIS MO. 199
DPTR FM NORMAL 46 [PRESSURE DATA]
TOTAL FM JAN 1 467 HIGHEST SLP 30.06 ON 21
DPTR FM NORMAL 93 LOWEST SLP 29.72 ON 31
[REMARKS]
#FINAL-08-22#