000
CXUS56 KSGX 011045
CF6SNA
PRELIMINARY LOCAL CLIMATOLOGICAL DATA (WS FORM: F-6)
STATION: JOHN WAYNE AIRPORT CA
MONTH: JUNE
YEAR: 2021
LATITUDE: 33 40 N
LONGITUDE: 117 53 W
TEMPERATURE IN F: :PCPN: SNOW: WIND :SUNSHINE: SKY :PK WND
================================================================================
1 2 3 4 5 6A 6B 7 8 9 10 11 12 13 14 15 16 17 18
12Z AVG MX 2MIN
DY MAX MIN AVG DEP HDD CDD WTR SNW DPTH SPD SPD DIR MIN PSBL S-S WX SPD DR
================================================================================
1 73 63 68 2 0 3 0.00 M M 4.3 13 200 M M 8 16 190
2 73 62 68 2 0 3 0.00 M M 6.5 14 210 M M 9 18 17 200
3 73 61 67 0 0 2 0.00 M M 7.6 16 180 M M 7 22 170
4 72 62 67 0 0 2 0.00 M M 6.3 16 210 M M 5 20 200
5 73 62 68 1 0 3 0.00 M M 6.2 14 200 M M 7 19 190
6 71 63 67 0 0 2 0.00 M M 8.9 17 210 M M 7 23 210
7 70 61 66 -1 0 1 T M M 8.8 18 200 M M 9 24 190
8 74 60 67 0 0 2 0.00 M M 4.4 13 210 M M 4 20 200
9 76 62 69 2 0 4 0.00 M M 5.4 14 210 M M 2 8 18 230
10 76 59 68 1 0 3 0.00 M M 6.5 15 210 M M 0 19 200
11 79 60 70 2 0 5 0.00 M M 5.0 13 210 M M 0 17 220
12 81 61 71 3 0 6 0.00 M M 5.2 14 210 M M 1 21 210
13 79 62 71 3 0 6 0.00 M M 5.6 14 210 M M 3 18 210
14 84 62 73 5 0 8 0.00 M M 5.7 13 190 M M 2 18 M M
15 91 66 79 11 0 14 0.00 M M 5.0 15 200 M M 5 18 190
16 79 66 73 5 0 8 0.00 M M 7.7 18 220 M M 5 23 210
17 78 64 71 3 0 6 0.00 M M 7.4 17 210 M M 5 18 21 210
18 75 65 70 1 0 5 T M M 7.6 16 200 M M 7 1 21 200
19 76 65 71 2 0 6 0.00 M M 5.9 13 210 M M 5 18 200
20 74 65 70 1 0 5 0.00 M M 5.9 16 210 M M 7 8 22 200
21 77 65 71 2 0 6 0.00 M M 5.9 13 200 M M 4 18 190
22 77 65 71 2 0 6 0.00 M M 5.8 15 200 M M 6 18 200
23 79 65 72 2 0 7 T M M 5.7 14 220 M M 5 23 310
24 76 64 70 0 0 5 0.00 M M 4.2 14 220 M M 2 18 270
25 79 63 71 1 0 6 0.00 M M 4.6 15 190 M M 1 21 220
26 78 63 71 1 0 6 0.00 M M 5.8 14 210 M M 3 18 18 220
27 76 65 71 1 0 6 0.00 M M 7.6 18 210 M M 4 24 320
28 77 67 72 2 0 7 0.00 M M 7.5 17 190 M M 6 22 220
29 76 67 72 1 0 7 0.00 M M 7.1 16 190 M M 9 23 190
30 78 66 72 1 0 7 0.00 M M 6.3 16 190 M M 7 24 190
================================================================================
SM 2300 1901 0 157 T M 186.4 M 145
================================================================================
AV 76.7 63.4 6.2 FASTST M M 5 MAX(MPH)
MISC ----> # 18 200 # 24 190
================================================================================
NOTES:
# LAST OF SEVERAL OCCURRENCES
COLUMN 17 PEAK WIND IN M.P.H.
PRELIMINARY LOCAL CLIMATOLOGICAL DATA (WS FORM: F-6) , PAGE 2
STATION: JOHN WAYNE AIRPORT CA
MONTH: JUNE
YEAR: 2021
LATITUDE: 33 40 N
LONGITUDE: 117 53 W
[TEMPERATURE DATA] [PRECIPITATION DATA] SYMBOLS USED IN COLUMN 16
AVERAGE MONTHLY: 70.0 TOTAL FOR MONTH: T 1 = FOG OR MIST
DPTR FM NORMAL: 1.7 DPTR FM NORMAL: -0.01 2 = FOG REDUCING VISIBILITY
HIGHEST: 91 ON 15 GRTST 24HR T ON 7- 7 TO 1/4 MILE OR LESS
LOWEST: 59 ON 10 3 = THUNDER
SNOW, ICE PELLETS, HAIL 4 = ICE PELLETS
TOTAL MONTH: M 5 = HAIL
GRTST 24HR M ON M 6 = FREEZING RAIN OR DRIZZLE
GRTST DEPTH: M ON M 7 = DUSTSTORM OR SANDSTORM:
VSBY 1/2 MILE OR LESS
8 = SMOKE OR HAZE
[NO. OF DAYS WITH] [WEATHER - DAYS WITH] 9 = BLOWING SNOW
X = TORNADO
MAX 32 OR BELOW: 0 0.01 INCH OR MORE: 0
MAX 90 OR ABOVE: 1 0.10 INCH OR MORE: 0
MIN 32 OR BELOW: 0 0.50 INCH OR MORE: 0
MIN 0 OR BELOW: 0 1.00 INCH OR MORE: 0
[HDD (BASE 65) ]
TOTAL THIS MO. 0 CLEAR (SCALE 0-3) 9
DPTR FM NORMAL -4 PTCLDY (SCALE 4-7) 18
TOTAL FM JUL 1 939 CLOUDY (SCALE 8-10) 3
DPTR FM NORMAL -150
[CDD (BASE 65) ]
TOTAL THIS MO. 157
DPTR FM NORMAL 52 [PRESSURE DATA]
TOTAL FM JAN 1 278 HIGHEST SLP 30.10 ON 10
DPTR FM NORMAL 77 LOWEST SLP 29.67 ON 27
[REMARKS]
#FINAL-06-21#