000
CXUS56 KSGX 011245
CF6SNA
PRELIMINARY LOCAL CLIMATOLOGICAL DATA (WS FORM: F-6)
STATION: JOHN WAYNE AIRPORT CA
MONTH: AUGUST
YEAR: 2020
LATITUDE: 33 40 N
LONGITUDE: 117 53 W
TEMPERATURE IN F: :PCPN: SNOW: WIND :SUNSHINE: SKY :PK WND
================================================================================
1 2 3 4 5 6A 6B 7 8 9 10 11 12 13 14 15 16 17 18
12Z AVG MX 2MIN
DY MAX MIN AVG DEP HDD CDD WTR SNW DPTH SPD SPD DIR MIN PSBL S-S WX SPD DR
================================================================================
1 82 64 73 1 0 8 0.00 0.0 0 6.6 20 200 M M 1 1 24 250
2 76 65 71 -1 0 6 0.00 0.0 0 7.1 18 210 M M 6 128 23 210
3 77 66 72 0 0 7 0.00 0.0 0 7.4 16 210 M M 5 20 200
4 77 66 72 0 0 7 0.00 0.0 0 6.2 14 200 M M 7 19 190
5 77 67 72 0 0 7 0.00 0.0 0 6.5 14 190 M M 7 18 190
6 75 65 70 -2 0 5 0.00 0.0 0 7.9 15 210 M M 5 20 210
7 78 66 72 0 0 7 0.00 0.0 0 4.6 13 200 M M 3 17 220
8 78 65 72 0 0 7 0.00 0.0 0 4.1 10 220 M M 1 17 230
9 77 64 71 -1 0 6 0.00 0.0 0 4.3 12 220 M M 1 16 200
10 77 64 71 -1 0 6 0.00 0.0 0 4.8 13 220 M M 3 17 200
11 81 62 72 0 0 7 0.00 0.0 0 4.6 12 220 M M 1 19 180
12 80 63 72 -1 0 7 0.00 0.0 0 4.6 12 200 M M 1 16 220
13 90 68 79 6 0 14 0.00 0.0 0 3.8 12 200 M M 5 16 230
14 93 70 82 9 0 17 0.00 0.0 0 4.0 12 210 M M 3 18 210
15 87 71 79 6 0 14 0.00 0.0 0 6.4 17 200 M M 2 21 200
16 90 72 81 8 0 16 0.00 0.0 0 6.3 17 210 M M 3 8 23 180
17 88 72 80 7 0 15 0.00 0.0 0 5.4 13 190 M M 6 18 200
18 100 71 86 13 0 21 0.00 0.0 0 5.6 22 210 M M 5 25 200
19 90 74 82 9 0 17 0.00 0.0 0 5.8 16 200 M M 4 19 200
20 89 73 81 8 0 16 0.00 0.0 0 5.4 18 190 M M 4 23 170
21 87 74 81 8 0 16 0.00 0.0 0 5.0 17 220 M M 6 22 210
22 94 76 85 12 0 20 0.00 0.0 0 7.0 17 200 M M 5 20 200
23 89 76 83 10 0 18 0.00 0.0 0 5.0 12 210 M M 5 18 300
24 85 73 79 6 0 14 0.00 0.0 0 4.8 12 210 M M 5 8 17 210
25 86 71 79 6 0 14 0.00 0.0 0 5.0 12 220 M M 2 15 210
26 86 68 77 4 0 12 0.00 0.0 0 4.5 13 220 M M 2 1 16 220
27 88 69 79 6 0 14 0.00 0.0 0 4.6 14 210 M M 1 18 210
28 81 67 74 1 0 9 0.00 0.0 0 4.8 13 210 M M 1 16 200
29 78 66 72 -1 0 7 0.00 0.0 0 5.2 13 210 M M 3 18 17 220
30 78 65 72 -1 0 7 0.00 0.0 0 4.1 12 210 M M 4 18 210
31 78 65 72 -1 0 7 0.00 0.0 0 4.1 12 200 M M 4 18 210
================================================================================
SM 2592 2118 0 348 0.00 0.0 165.5 M 111
================================================================================
AV 83.6 68.3 5.3 FASTST M M 4 MAX(MPH)
MISC ----> # 22 210 # 25 200
================================================================================
NOTES:
# LAST OF SEVERAL OCCURRENCES
COLUMN 17 PEAK WIND IN M.P.H.
PRELIMINARY LOCAL CLIMATOLOGICAL DATA (WS FORM: F-6) , PAGE 2
STATION: JOHN WAYNE AIRPORT CA
MONTH: AUGUST
YEAR: 2020
LATITUDE: 33 40 N
LONGITUDE: 117 53 W
[TEMPERATURE DATA] [PRECIPITATION DATA] SYMBOLS USED IN COLUMN 16
AVERAGE MONTHLY: 76.0 TOTAL FOR MONTH: 0.00 1 = FOG OR MIST
DPTR FM NORMAL: 3.4 DPTR FM NORMAL: -0.03 2 = FOG REDUCING VISIBILITY
HIGHEST: 100 ON 18 GRTST 24HR 0.00 ON 31-31 TO 1/4 MILE OR LESS
LOWEST: 62 ON 11 3 = THUNDER
SNOW, ICE PELLETS, HAIL 4 = ICE PELLETS
TOTAL MONTH: 0.0 INCH 5 = HAIL
GRTST 24HR 0.0 6 = FREEZING RAIN OR DRIZZLE
GRTST DEPTH: 0 7 = DUSTSTORM OR SANDSTORM:
VSBY 1/2 MILE OR LESS
8 = SMOKE OR HAZE
[NO. OF DAYS WITH] [WEATHER - DAYS WITH] 9 = BLOWING SNOW
X = TORNADO
MAX 32 OR BELOW: 0 0.01 INCH OR MORE: 0
MAX 90 OR ABOVE: 6 0.10 INCH OR MORE: 0
MIN 32 OR BELOW: 0 0.50 INCH OR MORE: 0
MIN 0 OR BELOW: 0 1.00 INCH OR MORE: 0
[HDD (BASE 65) ]
TOTAL THIS MO. 0 CLEAR (SCALE 0-3) 14
DPTR FM NORMAL 0 PTCLDY (SCALE 4-7) 17
TOTAL FM JUL 1 0 CLOUDY (SCALE 8-10) 0
DPTR FM NORMAL 0
[CDD (BASE 65) ]
TOTAL THIS MO. 348
DPTR FM NORMAL 111 [PRESSURE DATA]
TOTAL FM JAN 1 1078 HIGHEST SLP M ON M
DPTR FM NORMAL 507 LOWEST SLP 29.65 ON M
[REMARKS]
#FINAL-08-20#