000
CXUS56 KSGX 010943
CLMSNA
CLIMATE REPORT
NATIONAL WEATHER SERVICE SAN DIEGO, CA
143 AM PST THU FEB 01 2024
...................................
...THE JOHN WAYNE AIRPORT CA CLIMATE SUMMARY FOR THE MONTH OF JANUARY 2024...
CLIMATE NORMAL PERIOD: 1991 TO 2020
CLIMATE RECORD PERIOD: 1999 TO 2024
WEATHER OBSERVED NORMAL DEPART LAST YEAR`S
VALUE DATE(S) VALUE FROM VALUE DATE(S)
NORMAL
................................................................
TEMPERATURE (F)
RECORD
HIGH 90 01/31/2003
LOW 33 01/14/2007
HIGHEST 79 01/29 67 12 73 01/26
LOWEST 41 01/08 48 -7 42 01/21
01/22
01/24
AVG. MAXIMUM 66.4 67.0 -0.6 64.1
AVG. MINIMUM 50.2 48.6 1.6 48.8
MEAN 58.3 57.8 0.5 56.5
DAYS MAX >= 90 0 0.0 0.0 0
DAYS MAX <= 32 0 0.0 0.0 0
DAYS MAX >= 45 31 31
DAYS MIN <= 32 0 0.0 0.0 0
PRECIPITATION (INCHES)
RECORD
MAXIMUM 6.33 2010
MINIMUM 0.02 2014
TOTALS 1.59 2.59 -1.00 3.62
DAILY AVG. 0.05 0.08 -0.03 0.13
DAYS >= .01 7 5.6 1.4 12
DAYS >= .10 3 3.2 -0.2 7
DAYS >= .50 2 1.4 0.6 3
DAYS >= 1.00 0 0.5 -0.5 1
DAYS >= %-5.2F 0 0
DAYS >= %-5.2F 0 0
GREATEST
24 HR. TOTAL 0.82 01/22 TO 01/22 1.28 01/14 TO 01/15
STORM TOTAL 0.82 1.13
(MM/DD(HH)) MM
DEGREE DAYS
HEATING TOTAL 199 230 -31 259
SINCE 7/1 333 595 -262 MM
COOLING TOTAL 1 7 -6 0
SINCE 1/1 1 7 -6 MM
FREEZE DATES
RECORD
EARLIEST MM
LATEST MM
EARLIEST MM
LATEST MM
................................................................
WIND (MPH)
AVERAGE WIND SPEED 3.8
RESULTANT WIND SPEED/DIRECTION 1/180
HIGHEST WIND SPEED/DIRECTION 17/200 DATE 01/28
17/200 01/31
HIGHEST GUST SPEED/DIRECTION 24/320 DATE 01/07
24/310 01/10
SKY COVER
POSSIBLE SUNSHINE (PERCENT) MM
AVERAGE SKY COVER 0.44
NUMBER OF DAYS FAIR 12
NUMBER OF DAYS PC 15
NUMBER OF DAYS CLOUDY 4
AVERAGE RH (PERCENT) 64
WEATHER CONDITIONS. NUMBER OF DAYS WITH
THUNDERSTORM 1 MIXED PRECIP 0
HEAVY RAIN 3 RAIN 3
LIGHT RAIN 6 FREEZING RAIN 0
LT FREEZING RAIN 0 HAIL 0
HEAVY SNOW 0 SNOW 0
LIGHT SNOW 0 SLEET 0
FOG 12 FOG W/VIS <= 1/4 MILE 2
HAZE 11
- INDICATES NEGATIVE NUMBERS.
R INDICATES RECORD WAS SET OR TIED.
MM INDICATES DATA IS MISSING.
T INDICATES TRACE AMOUNT.
$$