000
CXUS56 KMTR 081625
CF6SNS
PRELIMINARY LOCAL CLIMATOLOGICAL DATA (WS FORM: F-6)
STATION: SALINAS AIRPORT
MONTH: JANUARY
YEAR: 2023
LATITUDE: 36 40 N
LONGITUDE: 121 36 W
TEMPERATURE IN F: :PCPN: SNOW: WIND :SUNSHINE: SKY :PK WND
================================================================================
1 2 3 4 5 6A 6B 7 8 9 10 11 12 13 14 15 16 17 18
12Z AVG MX 2MIN
DY MAX MIN AVG DEP HDD CDD WTR SNW DPTH SPD SPD DIR MIN PSBL S-S WX SPD DR
================================================================================
1 59 46 53 2 12 0 0.00 M M 8.2 16 280 M M 0 M M
2 51 43 47 -4 18 0 T M M 14.7 28 130 M M 6 36 150
3 59 44 52 1 13 0 0.00 M M 9.2 21 140 M M 1 26 150
4 62 50 56 5 9 0 0.39 M M 25.4 49 120 M M 8 63 120
5 56 48 52 1 13 0 0.18 M M 8.3 23 260 M M 9 33 260
6 59 44 52 1 13 0 0.00 M M 12.2 22 130 M M 3 27 130
7 60 49 55 3 10 0 T M M 18.5 24 150 M M 2 38 150
8 63 49 56 4 9 0 M M M 13.5 36 140 M M 5 45 140
9 61 53 57 5 8 0 0.65 M M 10.2 33 140 M M 10 45 150
10 60 49 55 3 10 0 0.23 M M 11.7 30 250 M M 5 40 250
11 58 48 53 1 12 0 T M M 19.0 29 140 M M 8 37 140
12 66 51 59 7 6 0 0.00 M M 15.0 28 140 M M 0 36 140
13 62 53 58 6 7 0 0.04 M M 15.4 29 150 M M 6 35 140
14 60 51 56 4 9 0 0.51 M M 13.4 29 140 M M 9 37 140
15 53 49 51 -1 14 0 0.05 M M 15.2 37 130 M M 9 47 140
16 54 46 50 -2 15 0 0.48 M M 8.0 31 280 M M 9 45 270
17 56 38 47 -5 18 0 0.00 M M 3.2 13 290 M M 1 16 300
18 58 40 49 -3 16 0 0.00 M M 5.3 15 130 M M 1 19 140
19 56 42 49 -3 16 0 0.10 M M 5.2 15 270 M M 3 20 290
20 58 36 47 -5 18 0 0.00 M M 3.6 12 360 M M 0 14 360
21 61 38 50 -2 15 0 0.00 M M 8.7 17 120 M M 0 23 120
22 61 36 49 -3 16 0 0.00 M M 5.6 15 340 M M 0 22 330
23 62 37 50 -2 15 0 0.00 M M 3.8 13 60 M M 0 17 50
24 65 38 52 0 13 0 0.00 M M 7.1 18 130 M M 0 24 150
25 67 38 53 1 12 0 0.00 M M 5.9 14 130 M M 0 17 130
26 70 40 55 3 10 0 0.00 M M 7.8 18 130 M M 0 23 130
27 64 39 52 0 13 0 0.00 M M 8.2 17 130 M M 2 21 140
28 58 39 49 -3 16 0 0.00 M M 6.4 14 240 M M 5 19 310
29 54 42 48 -4 17 0 0.07 M M 8.1 21 290 M M 8 28 290
30 61 38 50 -3 15 0 0.00 M M 3.3 13 30 M M 1 15 10
31 61 33 47 -6 18 0 0.00 M M 5.6 16 120 M M 0 19 120
================================================================================
SM 1855 1347 406 0 2.70 M 305.7 M 111
================================================================================
AV 59.8 43.5 9.9 FASTST M M 4 MAX(MPH)
MISC ----> 49 120 63 120
================================================================================
NOTES:
# LAST OF SEVERAL OCCURRENCES
COLUMN 17 PEAK WIND IN M.P.H.
PRELIMINARY LOCAL CLIMATOLOGICAL DATA (WS FORM: F-6) , PAGE 2
STATION: SALINAS AIRPORT
MONTH: JANUARY
YEAR: 2023
LATITUDE: 36 40 N
LONGITUDE: 121 36 W
[TEMPERATURE DATA] [PRECIPITATION DATA] SYMBOLS USED IN COLUMN 16
AVERAGE MONTHLY: 51.6 TOTAL FOR MONTH: 2.70 1 = FOG OR MIST
DPTR FM NORMAL: -0.3 DPTR FM NORMAL: 0.07 2 = FOG REDUCING VISIBILITY
HIGHEST: 70 ON 26 GRTST 24HR 2.11 ON 8- 9 TO 1/4 MILE OR LESS
LOWEST: 33 ON 31 3 = THUNDER
SNOW, ICE PELLETS, HAIL 4 = ICE PELLETS
TOTAL MONTH: M 5 = HAIL
GRTST 24HR M ON M 6 = FREEZING RAIN OR DRIZZLE
GRTST DEPTH: M ON M 7 = DUSTSTORM OR SANDSTORM:
VSBY 1/2 MILE OR LESS
8 = SMOKE OR HAZE
[NO. OF DAYS WITH] [WEATHER - DAYS WITH] 9 = BLOWING SNOW
X = TORNADO
MAX 32 OR BELOW: 0 0.01 INCH OR MORE: 10
MAX 90 OR ABOVE: 0 0.10 INCH OR MORE: 7
MIN 32 OR BELOW: 0 0.50 INCH OR MORE: 2
MIN 0 OR BELOW: 0 1.00 INCH OR MORE: 0
[HDD (BASE 65) ]
TOTAL THIS MO. 406 CLEAR (SCALE 0-3) 18
DPTR FM NORMAL 1 PTCLDY (SCALE 4-7) 7
TOTAL FM JUL 1 1288 CLOUDY (SCALE 8-10) 6
DPTR FM NORMAL -151
[CDD (BASE 65) ]
TOTAL THIS MO. 0
DPTR FM NORMAL 0 [PRESSURE DATA]
TOTAL FM JAN 1 0 HIGHEST SLP 30.47 ON 26
DPTR FM NORMAL 0 LOWEST SLP 29.31 ON 16
[REMARKS]
#FINAL-01-23#