000
CXUS56 KMTR 010900
CF6SNS
PRELIMINARY LOCAL CLIMATOLOGICAL DATA (WS FORM: F-6)
STATION: SALINAS AIRPORT
MONTH: MAY
YEAR: 2022
LATITUDE: 36 40 N
LONGITUDE: 121 36 W
TEMPERATURE IN F: :PCPN: SNOW: WIND :SUNSHINE: SKY :PK WND
================================================================================
1 2 3 4 5 6A 6B 7 8 9 10 11 12 13 14 15 16 17 18
12Z AVG MX 2MIN
DY MAX MIN AVG DEP HDD CDD WTR SNW DPTH SPD SPD DIR MIN PSBL S-S WX SPD DR
================================================================================
1 68 52 60 2 5 0 0.00 M M 10.6 18 280 M M 4 27 270
2 67 49 58 0 7 0 0.00 M M 11.5 22 270 M M 3 29 270
3 77 43 60 2 5 0 0.00 M M 6.7 18 280 M M 0 24 290
4 78 46 62 4 3 0 0.00 M M 8.8 18 290 M M 4 18 26 300
5 74 50 62 4 3 0 0.00 M M 8.0 20 290 M M 3 1 31 290
6 74 53 64 6 1 0 0.00 M M 9.1 18 310 M M 2 8 28 300
7 67 51 59 1 6 0 0.00 M M 12.1 21 260 M M 3 28 310
8 64 46 55 -3 10 0 0.00 M M 12.7 29 270 M M 3 41 280
9 64 45 55 -4 10 0 0.00 M M 7.6 21 290 M M 3 29 270
10 62 42 52 -7 13 0 0.00 M M 8.8 23 260 M M 2 31 260
11 64 42 53 -6 12 0 0.00 M M 9.5 23 270 M M 0 32 260
12 67 46 57 -2 8 0 0.00 M M 8.7 17 270 M M 0 24 280
13 78 48 63 4 2 0 0.00 M M 8.6 21 280 M M 0 28 280
14 77 52 65 6 0 0 0.00 M M 9.3 18 310 M M 2 12 23 310
15 68 53 61 2 4 0 0.00 M M 9.7 20 280 M M 5 1 27 270
16 66 54 60 1 5 0 0.00 M M 11.8 20 270 M M 5 25 270
17 65 53 59 0 6 0 0.00 M M 11.4 20 270 M M 4 27 310
18 79 48 64 4 1 0 0.00 M M 8.6 17 330 M M 3 18 23 310
19 75 54 65 5 0 0 0.00 M M 12.0 23 260 M M 1 8 32 260
20 71 50 61 1 4 0 0.00 M M 9.9 18 260 M M 0 8 24 260
21 72 51 62 2 3 0 0.00 M M 8.5 20 290 M M 4 8 26 320
22 68 51 60 0 5 0 0.00 M M 9.1 21 290 M M 4 18 29 280
23 73 52 63 3 2 0 0.00 M M 9.3 21 290 M M 4 8 27 280
24 86 49 68 8 0 3 0.00 M M 5.6 16 320 M M 3 18 22 300
25 72 54 63 3 2 0 0.00 M M 9.5 22 320 M M 3 28 320
26 67 55 61 1 4 0 0.00 M M 9.8 18 310 M M 10 27 310
27 68 56 62 2 3 0 T M M 7.8 17 310 M M 7 18 22 310
28 75 54 65 5 0 0 0.00 M M 9.0 20 300 M M 8 18 25 300
29 71 54 63 3 2 0 0.00 M M 13.1 24 260 M M 4 1 31 260
30 68 53 61 0 4 0 0.00 M M 12.7 21 260 M M 2 29 260
31 72 51 62 1 3 0 0.00 M M 9.2 18 300 M M 3 8 24 290
================================================================================
SM 2197 1557 133 3 T M 299.0 M 99
================================================================================
AV 70.9 50.2 9.6 FASTST M M 3 MAX(MPH)
MISC ----> 29 270 41 280
================================================================================
NOTES:
# LAST OF SEVERAL OCCURRENCES
COLUMN 17 PEAK WIND IN M.P.H.
PRELIMINARY LOCAL CLIMATOLOGICAL DATA (WS FORM: F-6) , PAGE 2
STATION: SALINAS AIRPORT
MONTH: MAY
YEAR: 2022
LATITUDE: 36 40 N
LONGITUDE: 121 36 W
[TEMPERATURE DATA] [PRECIPITATION DATA] SYMBOLS USED IN COLUMN 16
AVERAGE MONTHLY: 60.5 TOTAL FOR MONTH: T 1 = FOG OR MIST
DPTR FM NORMAL: 1.2 DPTR FM NORMAL: -0.38 2 = FOG REDUCING VISIBILITY
HIGHEST: 86 ON 24 GRTST 24HR T ON 3- 3 TO 1/4 MILE OR LESS
LOWEST: 42 ON 11,10 3 = THUNDER
SNOW, ICE PELLETS, HAIL 4 = ICE PELLETS
TOTAL MONTH: M 5 = HAIL
GRTST 24HR M ON M 6 = FREEZING RAIN OR DRIZZLE
GRTST DEPTH: M ON M 7 = DUSTSTORM OR SANDSTORM:
VSBY 1/2 MILE OR LESS
8 = SMOKE OR HAZE
[NO. OF DAYS WITH] [WEATHER - DAYS WITH] 9 = BLOWING SNOW
X = TORNADO
MAX 32 OR BELOW: 0 0.01 INCH OR MORE: 0
MAX 90 OR ABOVE: 0 0.10 INCH OR MORE: 0
MIN 32 OR BELOW: 0 0.50 INCH OR MORE: 0
MIN 0 OR BELOW: 0 1.00 INCH OR MORE: 0
[HDD (BASE 65) ]
TOTAL THIS MO. 133 CLEAR (SCALE 0-3) 13
DPTR FM NORMAL -52 PTCLDY (SCALE 4-7) 17
TOTAL FM JUL 1 1855 CLOUDY (SCALE 8-10) 1
DPTR FM NORMAL -666
[CDD (BASE 65) ]
TOTAL THIS MO. 3
DPTR FM NORMAL -5 [PRESSURE DATA]
TOTAL FM JAN 1 31 HIGHEST SLP M ON M
DPTR FM NORMAL 17 LOWEST SLP 29.79 ON 24
[REMARKS]
#FINAL-05-22#