000
CXUS56 KMTR 011528
CF6SNS
PRELIMINARY LOCAL CLIMATOLOGICAL DATA (WS FORM: F-6)
STATION: SALINAS AIRPORT
MONTH: JANUARY
YEAR: 2021
LATITUDE: 36 40 N
LONGITUDE: 121 36 W
TEMPERATURE IN F: :PCPN: SNOW: WIND :SUNSHINE: SKY :PK WND
================================================================================
1 2 3 4 5 6A 6B 7 8 9 10 11 12 13 14 15 16 17 18
12Z AVG MX 2MIN
DY MAX MIN AVG DEP HDD CDD WTR SNW DPTH SPD SPD DIR MIN PSBL S-S WX SPD DR
================================================================================
1 64 38 51 0 14 0 0.00 M M 5.3 15 140 M M 0 18 320
2 59 44 52 1 13 0 T M M 7.2 18 140 M M 9 1 23 140
3 62 50 56 5 9 0 0.01 M M 4.1 16 280 M M 7 1 M M
4 62 44 53 2 12 0 0.01 M M 7.8 22 130 M M 7 12 24 130
5 64 41 53 2 12 0 0.00 M M 4.4 14 270 M M 4 12 16 270
6 66 M M M M M 0.00 M M 4.9 15 100 M M 0 17 100
7 67 40 54 3 11 0 0.00 M M 6.2 21 140 M M 0 18 25 140
8 67 42 55 4 10 0 0.00 M M 5.3 18 140 M M 1 12 21 150
9 66 38 52 1 13 0 0.00 M M 4.7 18 290 M M 1 12 21 140
10 67 37 52 1 13 0 0.00 M M 4.8 14 310 M M 1 12 16 150
11 68 38 53 2 12 0 0.00 M M 4.9 23 140 M M 1 12 26 140
12 63 42 53 2 12 0 0.00 M M 6.3 21 140 M M 2 24 140
13 75 42 59 8 6 0 0.00 M M 4.6 14 140 M M 0 16 150
14 79 46 63 12 2 0 0.00 M M 6.9 20 140 M M 0 24 140
15 84 47 66 15 0 1 0.00 M M 8.8 24 140 M M 0 29 140
16 73 45 59 8 6 0 0.00 M M 6.1 17 310 M M 2 12 20 320
17 83 44 64 13 1 0 0.00 M M 4.2 14 360 M M 1 12 16 310
18 80 44 62 11 3 0 0.00 M M 6.0 17 10 M M 0 21 10
19 71 45 58 7 7 0 0.00 M M 12.0 26 10 M M 0 33 50
20 74 38 56 4 9 0 0.00 M M 5.2 14 300 M M 0 17 310
21 70 40 55 3 10 0 0.00 M M 7.5 17 310 M M 2 20 310
22 55 45 50 -2 15 0 0.23 M M 6.6 21 280 M M 9 1 27 280
23 58 42 50 -2 15 0 0.00 M M 4.7 15 290 M M 4 1 20 290
24 54 41 48 -4 17 0 0.14 M M 5.8 24 320 M M 9 1 32 310
25 54 40 47 -5 18 0 T M M 12.3 26 290 M M 3 39 290
26 54 33 44 -8 21 0 0.01 M M 11.8 39 140 M M 5 48 140
27 52 45 49 -3 16 0 2.55 M M 17.8 36 150 M M 10 1 45 160
28 54 49 52 0 13 0 0.47 M M 14.4 23 160 M M 10 1 27 160
29 58 44 51 -1 14 0 0.04 M M 6.6 15 140 M M 4 1 18 140
30 61 42 52 0 13 0 0.00 M M 7.6 20 140 M M 5 22 140
31 64 41 53 1 12 0 0.00 M M 5.9 13 130 M M 1 16 140
================================================================================
SM 2028 1267 329 1 3.46 M 220.7 M 98
================================================================================
AV 65.4 42.2 7.1 FASTST M M 3 MAX(MPH)
MISC ----> 39 140 48 140
================================================================================
NOTES:
# LAST OF SEVERAL OCCURRENCES
COLUMN 17 PEAK WIND IN M.P.H.
PRELIMINARY LOCAL CLIMATOLOGICAL DATA (WS FORM: F-6) , PAGE 2
STATION: SALINAS AIRPORT
MONTH: JANUARY
YEAR: 2021
LATITUDE: 36 40 N
LONGITUDE: 121 36 W
[TEMPERATURE DATA] [PRECIPITATION DATA] SYMBOLS USED IN COLUMN 16
AVERAGE MONTHLY: 53.8 TOTAL FOR MONTH: 3.46 1 = FOG OR MIST
DPTR FM NORMAL: 2.5 DPTR FM NORMAL: 0.86 2 = FOG REDUCING VISIBILITY
HIGHEST: 84 ON 15 GRTST 24HR 2.55 ON 27-27 TO 1/4 MILE OR LESS
LOWEST: 33 ON 26 3 = THUNDER
SNOW, ICE PELLETS, HAIL 4 = ICE PELLETS
TOTAL MONTH: M 5 = HAIL
GRTST 24HR M ON M 6 = FREEZING RAIN OR DRIZZLE
GRTST DEPTH: M ON M 7 = DUSTSTORM OR SANDSTORM:
VSBY 1/2 MILE OR LESS
8 = SMOKE OR HAZE
[NO. OF DAYS WITH] [WEATHER - DAYS WITH] 9 = BLOWING SNOW
X = TORNADO
MAX 32 OR BELOW: 0 0.01 INCH OR MORE: 8
MAX 90 OR ABOVE: 0 0.10 INCH OR MORE: 4
MIN 32 OR BELOW: 0 0.50 INCH OR MORE: 1
MIN 0 OR BELOW: 0 1.00 INCH OR MORE: 1
[HDD (BASE 65) ]
TOTAL THIS MO. 329 CLEAR (SCALE 0-3) 19
DPTR FM NORMAL -96 PTCLDY (SCALE 4-7) 7
TOTAL FM JUL 1 1067 CLOUDY (SCALE 8-10) 5
DPTR FM NORMAL -409
[CDD (BASE 65) ]
TOTAL THIS MO. 1
DPTR FM NORMAL 1 [PRESSURE DATA]
TOTAL FM JAN 1 1 HIGHEST SLP 30.43 ON 13
DPTR FM NORMAL 1 LOWEST SLP 29.75 ON 27
[REMARKS]
#FINAL-01-21#