000
CXUS53 KILX 011731
CLMSPI
CLIMATE REPORT
NATIONAL WEATHER SERVICE LINCOLN IL
1131 AM CST FRI DEC 01 2023
...................................
...THE SPRINGFIELD IL CLIMATE SUMMARY FOR THE MONTH OF NOVEMBER 2023...
CLIMATE NORMAL PERIOD 1991 TO 2020
CLIMATE RECORD PERIOD 1879 TO 2023
WEATHER OBSERVED NORMAL DEPART LAST YEAR`S
VALUE DATE(S) VALUE FROM VALUE
NORMAL
..............................................................
TEMPERATURE (F)
RECORD
HIGH 83 11/01/1950
LOW -3 11/30/1964
HIGHEST 79 11/08 51 28 79
LOWEST 14 11/28 34 -20 11
AVG. MAXIMUM 55.5 52.7 2.8 53.4
AVG. MINIMUM 32.7 34.2 -1.5 33.1
MEAN 44.1 43.5 0.6 43.3
DAYS MAX >= 90 0 0.0 0.0 0
DAYS MAX <= 32 1 1.2 -0.2 3
DAYS MIN <= 32 16 14.2 1.8 16
DAYS MIN <= 0 0 0.0 0.0 0
PRECIPITATION (INCHES)
RECORD
MAXIMUM 6.94 1985
MINIMUM 0.02 1904
TOTALS 0.80 2.71 -1.91 2.25
DAILY AVG. 0.03 0.09 -0.06 0.07
DAYS >= .01 5 8.8 -3.8 7
DAYS >= .10 3 5.5 -2.5 3
DAYS >= .50 0 1.9 -1.9 2
DAYS >= 1.00 0 0.5 -0.5 1
GREATEST
24 HR. TOTAL 0.44 11/20 TO 11/21 1.42
SNOWFALL (INCHES)
RECORDS
TOTAL 11.4 2018
TOTALS T 1.2 -1.2 T
SINCE 7/1 T 1.3 -1.3 MM
DAYS >= 1.0 0 0.4 -0.4 0
GREATEST
SNOW DEPTH MM 0
24 HR TOTAL MM T
DEGREE DAYS
HEATING TOTAL 623 648 -25 651
SINCE 7/1 939 1022 -83 MM
COOLING TOTAL 1 1 0 6
SINCE 1/1 1148 1251 -103 MM
..............................................................
WIND (MPH)
AVERAGE WIND SPEED 8.5
HIGHEST WIND SPEED/DIRECTION 25/180 DATE 11/16
HIGHEST GUST SPEED/DIRECTION 35/260 DATE 11/26
SKY COVER
POSSIBLE SUNSHINE (PERCENT) MM
AVERAGE SKY COVER 0.22
NUMBER OF DAYS FAIR 24
NUMBER OF DAYS PC 3
NUMBER OF DAYS CLOUDY 3
AVERAGE RH (PERCENT) 65
WEATHER CONDITIONS. NUMBER OF DAYS WITH
THUNDERSTORM 0 MIXED PRECIP 1
HEAVY RAIN 0 RAIN 2
LIGHT RAIN 5 FREEZING RAIN 0
LT FREEZING RAIN 0 HAIL 0
HEAVY SNOW 0 SNOW 0
LIGHT SNOW 2 SLEET 0
FOG 11 FOG W/VIS <= 1/4 MILE 0
HAZE 10
- INDICATES NEGATIVE NUMBERS.
R INDICATES RECORD WAS SET OR TIED.
MM INDICATES DATA IS MISSING.
T INDICATES TRACE AMOUNT.
$$