780
CXUS54 KLZK 111700
CF6SRC
PRELIMINARY LOCAL CLIMATOLOGICAL DATA (WS FORM: F-6)
STATION: SEARCY AIRPORT
MONTH: FEBRUARY
YEAR: 2021
LATITUDE: 35 12 N
LONGITUDE: 91 44 W
TEMPERATURE IN F: :PCPN: SNOW: WIND :SUNSHINE: SKY :PK WND
================================================================================
1 2 3 4 5 6A 6B 7 8 9 10 11 12 13 14 15 16 17 18
12Z AVG MX 2MIN
DY MAX MIN AVG DEP HDD CDD WTR SNW DPTH SPD SPD DIR MIN PSBL S-S WX SPD DR
================================================================================
1 45 29 37 -2 28 0 0.00 M M 8.6 14 330 M M 6 21 330
2 45 25 35 -4 30 0 0.00 M M 3.6 8 30 M M 4 M M
3 52 22 37 -2 28 0 0.00 M M 4.0 10 140 M M 0 1 M M
4 58 32 45 5 20 0 0.02 M M 8.2 20 190 M M 6 1 28 320
5 54 22 38 -2 27 0 0.00 M M 3.6 12 170 M M 1 M M
6 54 33 44 4 21 0 0.20 M M 5.9 13 100 M M 9 1 18 100
7 38 29 34 -6 31 0 0.00 M M 10.5 15 30 M M 10 21 30
8 42 29 36 -4 29 0 T M M 7.3 13 50 M M 10 1 M M
9 42 30 36 -5 29 0 T M M 10.5 14 30 M M 10 1 M M
10 32 29 31 -10 34 0 T M M 9.5 14 20 M M 10 16 20 20
11 29 24 27 -14 38 0 0.23 M M 11.3 16 10 M M 10 1 22 10
12 28 24 26 -15 39 0 T M M 11.5 16 20 M M 10 22 30
13 33 21 27 -15 38 0 0.00 M M 10.5 14 10 M M 8 18 360
14 21 13 17 -25 48 0 T M M 13.9 18 20 M M 10 1 24 30
15 13 7 10 -32 55 0 0.00 M M 9.8 18 10 M M 10 128 25 10
16 25 -4 11 -31 54 0 0.00 M M 4.9 9 50 M M 2 M M
17 21 13 17 -26 48 0 0.05 M M 9.0 13 20 M M 10 1 M M
18 35 20 28 -15 37 0 0.14 M M 7.9 13 10 M M 6 1 M M
19 35 7 21 -22 44 0 0.01 M M 4.1 8 340 M M 0 M M
20 40 5 23 -21 42 0 0.00 M M 3.2 10 170 M M 0 M M
21 47 20 34 -10 31 0 0.03 M M 5.9 16 170 M M 5 M M
22 59 27 43 -1 22 0 0.01 M M 4.7 13 260 M M 1 12 M M
23 71 26 49 5 16 0 0.00 M M 5.3 14 170 M M 0 M M
24 73 46 60 15 5 0 0.00 M M 7.7 13 360 M M 3 20 360
25 56 42 49 4 16 0 0.06 M M 11.4 18 30 M M 5 20 10
26 45 41 43 -3 22 0 0.84 M M 6.0 17 80 M M 10 13 23 40
27 51 44 48 2 17 0 0.16 M M 3.7 10 40 M M 10 123 M M
28 73 49 61 15 4 0 2.19 M M 4.3 18 310 M M 10 123 27 330
================================================================================
SM 1217 705 853 0 3.94 M 206.7 M 176
================================================================================
AV 43.5 25.2 7.4 FASTST M M 6 MAX(MPH)
MISC ----> 20 190 28 320
================================================================================
NOTES:
# LAST OF SEVERAL OCCURRENCES
COLUMN 17 PEAK WIND IN M.P.H.
PRELIMINARY LOCAL CLIMATOLOGICAL DATA (WS FORM: F-6) , PAGE 2
STATION: SEARCY AIRPORT
MONTH: FEBRUARY
YEAR: 2021
LATITUDE: 35 12 N
LONGITUDE: 91 44 W
[TEMPERATURE DATA] [PRECIPITATION DATA] SYMBOLS USED IN COLUMN 16
AVERAGE MONTHLY: 34.3 TOTAL FOR MONTH: 3.94 1 = FOG OR MIST
DPTR FM NORMAL: -7.9 DPTR FM NORMAL: 0.27 2 = FOG REDUCING VISIBILITY
HIGHEST: 73 ON 28,24 GRTST 24HR 2.19 ON 28-28 TO 1/4 MILE OR LESS
LOWEST: -4 ON 16 3 = THUNDER
SNOW, ICE PELLETS, HAIL 4 = ICE PELLETS
TOTAL MONTH: M 5 = HAIL
GRTST 24HR M ON M 6 = FREEZING RAIN OR DRIZZLE
GRTST DEPTH: M ON M 7 = DUSTSTORM OR SANDSTORM:
VSBY 1/2 MILE OR LESS
8 = SMOKE OR HAZE
[NO. OF DAYS WITH] [WEATHER - DAYS WITH] 9 = BLOWING SNOW
X = TORNADO
MAX 32 OR BELOW: 7 0.01 INCH OR MORE: 12
MAX 90 OR ABOVE: 0 0.10 INCH OR MORE: 6
MIN 32 OR BELOW: 22 0.50 INCH OR MORE: 2
MIN 0 OR BELOW: 1 1.00 INCH OR MORE: 1
[HDD (BASE 65) ]
TOTAL THIS MO. 853 CLEAR (SCALE 0-3) 8
DPTR FM NORMAL 214 PTCLDY (SCALE 4-7) 6
TOTAL FM JUL 1 2839 CLOUDY (SCALE 8-10) 14
DPTR FM NORMAL -45
[CDD (BASE 65) ]
TOTAL THIS MO. 0
DPTR FM NORMAL 0 [PRESSURE DATA]
TOTAL FM JAN 1 0 HIGHEST SLP 30.54 ON 19
DPTR FM NORMAL 0 LOWEST SLP 29.60 ON 4
[REMARKS]
#FINAL-02-21#