000
CXUS54 KEPZ 011130
CF6SRR
PRELIMINARY LOCAL CLIMATOLOGICAL DATA (WS FORM: F-6)
STATION: RUIDOSO AWOS
MONTH: FEBRUARY
YEAR: 2024
LATITUDE: 33 28 N
LONGITUDE: 105 32 W
TEMPERATURE IN F: :PCPN: SNOW: WIND :SUNSHINE: SKY :PK WND
================================================================================
1 2 3 4 5 6A 6B 7 8 9 10 11 12 13 14 15 16 17 18
12Z AVG MX 2MIN
DY MAX MIN AVG DEP HDD CDD WTR SNW DPTH SPD SPD DIR MIN PSBL S-S WX SPD DR
================================================================================
1 57 37 47 M 18 0 0.00 M M 9.9 22 210 M M 0 29 210
2 45 32 39 M 26 0 0.04 M M 14.8 32 220 M M 5 41 220
3 43 30 37 M 28 0 0.00 M M 22.1 36 300 M M 6 59 300
4 45 30 38 M 27 0 0.00 M M 19.3 31 300 M M 0 47 300
5 59 27 43 M 22 0 0.00 M M 4.3 12 140 M M 0 M M
6 59 36 48 M 17 0 0.00 M M 7.4 23 240 M M 1 31 240
7 48 30 39 M 26 0 0.09 M M 23.0 35 260 M M 6 49 260
8 46 27 37 M 28 0 0.00 M M 15.3 27 220 M M 0 31 240
9 46 32 39 M 26 0 0.00 M M 11.8 18 310 M M 3 30 310
10 39 27 33 M 32 0 0.00 M M 10.0 18 220 M M 6 25 230
11 27 21 24 M 41 0 0.00 M M 10.7 22 350 M M 6 37 10
12 41 21 31 M 34 0 0.06 M M 7.8 14 310 M M 0 20 310
13 54 27 41 M 24 0 0.00 M M 7.3 16 220 M M 0 20 220
14 54 36 45 M 20 0 0.00 M M 10.4 20 300 M M 0 32 300
15 55 32 44 M 21 0 0.00 M M 8.6 17 200 M M 0 22 200
16 54 30 42 M 23 0 0.00 M M 10.9 21 320 M M 0 28 320
17 32 23 28 M 37 0 0.00 M M 5.5 12 140 M M 9 12 17 130
18 55 19 37 M 28 0 0.00 M M 5.8 13 320 M M 2 2 22 300
19 61 36 49 M 16 0 0.00 M M 10.7 17 270 M M 0 28 280
20 66 41 54 M 11 0 0.00 M M 8.6 17 240 M M 0 24 240
21 63 41 52 M 13 0 0.00 M M 17.7 43 240 M M 0 54 240
22 54 36 45 M 20 0 0.00 M M 14.5 22 290 M M 0 33 320
23 57 32 45 M 20 0 0.00 M M 6.5 13 320 M M 0 21 330
24 61 34 48 M 17 0 0.00 M M 5.6 12 20 M M 0 18 360
25 64 45 55 M 10 0 0.00 M M 15.1 25 290 M M 0 39 290
26 63 50 57 M 8 0 0.00 M M 16.7 33 230 M M 6 44 230
27 57 45 51 M 14 0 0.00 M M 24.2 37 240 M M 2 53 240
28 45 25 35 M 30 0 0.00 M M 9.9 16 270 M M 3 27 300
29 46 23 35 M 30 0 0.11 M M 7.8 20 300 M M 5 1 27 300
================================================================================
SM 1496 925 667 0 0.30 M 342.1 M 60
================================================================================
AV 51.6 31.9 11.8 FASTST M M 2 MAX(MPH)
MISC ----> 43 240 59 300
================================================================================
NOTES:
# LAST OF SEVERAL OCCURRENCES
COLUMN 17 PEAK WIND IN M.P.H.
PRELIMINARY LOCAL CLIMATOLOGICAL DATA (WS FORM: F-6) , PAGE 2
STATION: RUIDOSO AWOS
MONTH: FEBRUARY
YEAR: 2024
LATITUDE: 33 28 N
LONGITUDE: 105 32 W
[TEMPERATURE DATA] [PRECIPITATION DATA] SYMBOLS USED IN COLUMN 16
AVERAGE MONTHLY: 41.7 TOTAL FOR MONTH: 0.30 1 = FOG OR MIST
DPTR FM NORMAL: 0.0 DPTR FM NORMAL: M 2 = FOG REDUCING VISIBILITY
HIGHEST: 66 ON 20 GRTST 24HR 0.11 ON 29-29 TO 1/4 MILE OR LESS
LOWEST: 19 ON 18 3 = THUNDER
SNOW, ICE PELLETS, HAIL 4 = ICE PELLETS
TOTAL MONTH: M 5 = HAIL
GRTST 24HR M ON M 6 = FREEZING RAIN OR DRIZZLE
GRTST DEPTH: M ON M 7 = DUSTSTORM OR SANDSTORM:
VSBY 1/2 MILE OR LESS
8 = SMOKE OR HAZE
[NO. OF DAYS WITH] [WEATHER - DAYS WITH] 9 = BLOWING SNOW
X = TORNADO
MAX 32 OR BELOW: 2 0.01 INCH OR MORE: 4
MAX 90 OR ABOVE: 0 0.10 INCH OR MORE: 1
MIN 32 OR BELOW: 18 0.50 INCH OR MORE: 0
MIN 0 OR BELOW: 0 1.00 INCH OR MORE: 0
[HDD (BASE 65) ]
TOTAL THIS MO. 667 CLEAR (SCALE 0-3) 21
DPTR FM NORMAL M PTCLDY (SCALE 4-7) 7
TOTAL FM JUL 1 3195 CLOUDY (SCALE 8-10) 1
DPTR FM NORMAL M
[CDD (BASE 65) ]
TOTAL THIS MO. 0
DPTR FM NORMAL M [PRESSURE DATA]
TOTAL FM JAN 1 0 HIGHEST SLP M ON M
DPTR FM NORMAL M LOWEST SLP M ON M
[REMARKS]
#FINAL-02-24#