000
CXUS54 KEPZ 011030
CF6SRR
PRELIMINARY LOCAL CLIMATOLOGICAL DATA (WS FORM: F-6)
STATION: RUIDOSO AWOS
MONTH: SEPTEMBER
YEAR: 2023
LATITUDE: 33 28 N
LONGITUDE: 105 32 W
TEMPERATURE IN F: :PCPN: SNOW: WIND :SUNSHINE: SKY :PK WND
================================================================================
1 2 3 4 5 6A 6B 7 8 9 10 11 12 13 14 15 16 17 18
12Z AVG MX 2MIN
DY MAX MIN AVG DEP HDD CDD WTR SNW DPTH SPD SPD DIR MIN PSBL S-S WX SPD DR
================================================================================
1 82 55 69 M 0 4 0.00 M M 7.2 17 130 M M 0 22 140
2 84 55 70 M 0 5 0.00 M M 5.3 14 140 M M 0 20 140
3 84 59 72 M 0 7 0.00 M M 6.3 10 270 M M 1 M M
4 82 63 73 M 0 8 0.00 M M 12.1 28 220 M M 0 33 220
5 84 61 73 M 0 8 0.00 M M 8.1 17 160 M M 0 25 160
6 86 59 73 M 0 8 0.00 M M 5.8 14 150 M M 0 22 100
7 88 64 76 M 0 11 0.00 M M 7.4 13 250 M M 2 22 110
8 86 63 75 M 0 10 0.00 M M 6.7 14 350 M M 0 21 30
9 82 57 70 M 0 5 0.05 M M 6.7 18 160 M M 4 3 40 250
10 84 59 72 M 0 7 0.00 M M 8.4 21 270 M M 4 35 270
11 81 54 68 M 0 3 0.26 M M 9.0 16 110 M M 7 1 28 340
12 57 50 54 M 11 0 0.28 M M 6.3 15 140 M M 9 12 M M
13 68 54 61 M 4 0 0.09 M M 5.0 13 270 M M 5 12 24 230
14 73 50 62 M 3 0 0.00 M M 8.2 16 270 M M 1 23 230
15 75 48 62 M 3 0 0.00 M M 4.8 13 300 M M 1 23 270
16 66 50 58 M 7 0 T M M 7.8 15 130 M M 4 20 130
17 72 48 60 M 5 0 0.02 M M 4.1 17 80 M M 2 18 220
18 77 50 64 M 1 0 0.00 M M 6.8 16 290 M M 1 23 290
19 77 55 66 M 0 1 0.00 M M 7.4 14 320 M M 0 23 250
20 79 55 67 M 0 2 0.00 M M 9.5 17 220 M M 2 28 230
21 75 55 65 M 0 0 T M M 13.6 25 230 M M 3 33 230
22 81 61 71 M 0 6 0.00 M M 11.1 22 260 M M 0 27 290
23 81 59 70 M 0 5 0.00 M M 10.3 18 260 M M 0 31 270
24 77 54 66 M 0 1 0.00 M M 8.3 13 330 M M 0 21 340
25 73 50 62 M 3 0 0.00 M M 8.2 17 120 M M 1 23 120
26 73 54 64 M 1 0 0.02 M M 5.0 17 150 M M 3 24 120
27 81 54 68 M 0 3 0.00 M M 6.9 15 240 M M 1 22 350
28 82 55 69 M 0 4 0.00 M M 8.4 16 250 M M 0 20 330
29 81 55 68 M 0 3 M M M 7.2 18 120 M M 2 30 60
30 75 54 65 M 0 0 0.97 M M 9.4 22 130 M M 5 30 130
================================================================================
SM 2346 1660 38 101 1.69 M 231.2 M 58
================================================================================
AV 78.2 55.3 7.7 FASTST M M 2 MAX(MPH)
MISC ----> 28 220 40 250
================================================================================
NOTES:
# LAST OF SEVERAL OCCURRENCES
COLUMN 17 PEAK WIND IN M.P.H.
PRELIMINARY LOCAL CLIMATOLOGICAL DATA (WS FORM: F-6) , PAGE 2
STATION: RUIDOSO AWOS
MONTH: SEPTEMBER
YEAR: 2023
LATITUDE: 33 28 N
LONGITUDE: 105 32 W
[TEMPERATURE DATA] [PRECIPITATION DATA] SYMBOLS USED IN COLUMN 16
AVERAGE MONTHLY: 66.8 TOTAL FOR MONTH: 1.69 1 = FOG OR MIST
DPTR FM NORMAL: 0.0 DPTR FM NORMAL: M 2 = FOG REDUCING VISIBILITY
HIGHEST: 88 ON 7 GRTST 24HR 0.97 ON 30-30 TO 1/4 MILE OR LESS
LOWEST: 48 ON 17,15 3 = THUNDER
SNOW, ICE PELLETS, HAIL 4 = ICE PELLETS
TOTAL MONTH: M 5 = HAIL
GRTST 24HR M ON M 6 = FREEZING RAIN OR DRIZZLE
GRTST DEPTH: M ON M 7 = DUSTSTORM OR SANDSTORM:
VSBY 1/2 MILE OR LESS
8 = SMOKE OR HAZE
[NO. OF DAYS WITH] [WEATHER - DAYS WITH] 9 = BLOWING SNOW
X = TORNADO
MAX 32 OR BELOW: 0 0.01 INCH OR MORE: 7
MAX 90 OR ABOVE: 0 0.10 INCH OR MORE: 3
MIN 32 OR BELOW: 0 0.50 INCH OR MORE: 1
MIN 0 OR BELOW: 0 1.00 INCH OR MORE: 0
[HDD (BASE 65) ]
TOTAL THIS MO. 38 CLEAR (SCALE 0-3) 23
DPTR FM NORMAL M PTCLDY (SCALE 4-7) 6
TOTAL FM JUL 1 40 CLOUDY (SCALE 8-10) 1
DPTR FM NORMAL M
[CDD (BASE 65) ]
TOTAL THIS MO. 101
DPTR FM NORMAL M [PRESSURE DATA]
TOTAL FM JAN 1 766 HIGHEST SLP M ON M
DPTR FM NORMAL M LOWEST SLP M ON M
[REMARKS]
#FINAL-09-23#