000
CXUS53 KGRB 010910
CF6STE
PRELIMINARY LOCAL CLIMATOLOGICAL DATA (WS FORM: F-6)
STATION: STEVENS POINT WI
MONTH: NOVEMBER
YEAR: 2022
LATITUDE: 44 32 N
LONGITUDE: 89 32 W
TEMPERATURE IN F: :PCPN: SNOW: WIND :SUNSHINE: SKY :PK WND
================================================================================
1 2 3 4 5 6A 6B 7 8 9 10 11 12 13 14 15 16 17 18
12Z AVG MX 2MIN
DY MAX MIN AVG DEP HDD CDD WTR SNW DPTH SPD SPD DIR MIN PSBL S-S WX SPD DR
================================================================================
1 72 32 52 M 13 0 M M M 2.7 9 210 M M 0 M M
2 75 40 58 M 7 0 M M M 5.8 14 190 M M 0 23 180
3 73 53 63 M 2 0 M M M 10.4 17 190 M M 4 26 190
4 65 45 55 M 10 0 0.60 M M 7.9 14 180 M M 9 23 260
5 47 40 44 M 21 0 0.84 M M 11.5 20 230 M M 9 1 25 230
6 58 38 48 M 17 0 M M M 10.7 20 230 M M 2 30 250
7 42 32 37 M 28 0 M M M 7.3 15 260 M M 1 25 280
8 50 38 44 M 21 0 M M M 10.2 15 100 M M 2 22 110
9 69 46 58 M 7 0 M M M 9.7 14 190 M M 9 22 190
10 69 43 56 M 9 0 0.40 M M 10.4 17 260 M M 9 24 260
11 43 28 36 M 29 0 M M M 9.4 17 270 M M 10 23 270
12 35 28 32 M 33 0 M M M 7.9 15 350 M M 9 21 340
13 33 22 28 M 37 0 M M M 3.8 8 330 M M 7 M M
14 32 20 26 M 39 0 M M M 3.5 12 140 M M 9 16 140
15 33 29 31 M 34 0 0.02 M M 4.6 9 100 M M 10 M M
16 36 27 32 M 33 0 M M M 4.2 9 50 M M 7 M M
17 31 22 27 M 38 0 M M M 8.1 14 260 M M 9 20 250
18 25 16 21 M 44 0 M M M 11.1 17 260 M M 10 25 250
19 23 12 18 M 47 0 M M M 10.4 15 290 M M 7 29 290
20 28 8 18 M 47 0 M M M 6.9 10 170 M M 2 17 270
21 35 13 24 M 41 0 M M M 6.0 12 270 M M 0 18 240
22 37 11 24 M 41 0 M M M 1.7 7 250 M M 2 M M
23 48 13 31 M 34 0 M M M 0.8 5 140 M M 1 18 M M
24 49 27 38 M 27 0 M M M 4.2 10 290 M M 7 128 17 280
25 47 28 38 M 27 0 M M M 5.7 10 220 M M 0 M M
26 56 32 44 M 21 0 M M M 8.3 15 220 M M 0 32 210
27 45 23 34 M 31 0 M M M 5.9 13 330 M M 1 18 350
28 42 17 30 M 35 0 M M M 5.2 14 170 M M 3 20 170
29 46 25 36 M 29 0 0.12 M M 7.8 14 270 M M 8 1 30 270
30 25 16 21 M 44 0 M M M 14.5 20 290 M M 8 33 270
================================================================================
SM 1369 824 846 0 1.98 M 216.4 M 155
================================================================================
AV 45.6 27.5 7.2 FASTST M M 5 MAX(MPH)
MISC ----> # 20 230 33 270
================================================================================
NOTES:
# LAST OF SEVERAL OCCURRENCES
COLUMN 17 PEAK WIND IN M.P.H.
PRELIMINARY LOCAL CLIMATOLOGICAL DATA (WS FORM: F-6) , PAGE 2
STATION: STEVENS POINT WI
MONTH: NOVEMBER
YEAR: 2022
LATITUDE: 44 32 N
LONGITUDE: 89 32 W
[TEMPERATURE DATA] [PRECIPITATION DATA] SYMBOLS USED IN COLUMN 16
AVERAGE MONTHLY: 36.6 TOTAL FOR MONTH: 1.98 1 = FOG OR MIST
DPTR FM NORMAL: 4.7 DPTR FM NORMAL: M 2 = FOG REDUCING VISIBILITY
HIGHEST: 75 ON 2 GRTST 24HR 0.84 ON 5- 5 TO 1/4 MILE OR LESS
LOWEST: 8 ON 20 3 = THUNDER
SNOW, ICE PELLETS, HAIL 4 = ICE PELLETS
TOTAL MONTH: M 5 = HAIL
GRTST 24HR M ON M 6 = FREEZING RAIN OR DRIZZLE
GRTST DEPTH: M ON M 7 = DUSTSTORM OR SANDSTORM:
VSBY 1/2 MILE OR LESS
8 = SMOKE OR HAZE
[NO. OF DAYS WITH] [WEATHER - DAYS WITH] 9 = BLOWING SNOW
X = TORNADO
MAX 32 OR BELOW: 6 0.01 INCH OR MORE: 5
MAX 90 OR ABOVE: 0 0.10 INCH OR MORE: 4
MIN 32 OR BELOW: 22 0.50 INCH OR MORE: 2
MIN 0 OR BELOW: 0 1.00 INCH OR MORE: 0
[HDD (BASE 65) ]
TOTAL THIS MO. 846 CLEAR (SCALE 0-3) 13
DPTR FM NORMAL -148 PTCLDY (SCALE 4-7) 6
TOTAL FM JUL 1 1520 CLOUDY (SCALE 8-10) 11
DPTR FM NORMAL M
[CDD (BASE 65) ]
TOTAL THIS MO. 0
DPTR FM NORMAL 0 [PRESSURE DATA]
TOTAL FM JAN 1 569 HIGHEST SLP M ON M
DPTR FM NORMAL 142 LOWEST SLP M ON M
[REMARKS]
#FINAL-11-22#