000
CXUS53 KLSX 112023 CCA
CF6STL

PRELIMINARY LOCAL CLIMATOLOGICAL DATA (WS FORM: F-6)

                                          STATION:   ST. LOUIS
                                          MONTH:     MARCH
                                          YEAR:      2018
                                          LATITUDE:   38 45 N
                                          LONGITUDE:  90 23 W

  TEMPERATURE IN F:       :PCPN:    SNOW:  WIND      :SUNSHINE: SKY     :PK WND
================================================================================
1   2   3   4   5  6A  6B    7    8   9   10  11  12  13   14  15   16   17  18
                                     12Z  AVG MX 2MIN
DY MAX MIN AVG DEP HDD CDD  WTR  SNW DPTH SPD SPD DIR MIN PSBL S-S WX    SPD DR
================================================================================

 1  57  37  47   6  18   0 0.27  0.0    0 13.1 25 320   M    M   6 138    33 310
 2  53  31  42   1  23   0 0.00  0.0    0  6.9 14 110   M    M   1        17 120
 3  57  33  45   3  20   0 0.00  0.0    0 11.0 20 110   M    M   0        26 190
 4  60  34  47   5  18   0 0.00  0.0    0 13.6 21 110   M    M   4        28 130
 5  50  34  42   0  23   0 0.62  0.0    0 12.6 24 130   M    M   8 13     32 290
 6  48  32  40  -3  25   0 0.04  0.2    0 15.6 32 260   M    M   6 1      43 290
 7  40  30  35  -8  30   0    T    T    0 14.1 22 310   M    M   9        27 320
 8  42  28  35  -8  30   0    T    T    0 10.1 21 290   M    M   6        28 310
 9  51  25  38  -6  27   0    T    T    0  9.1 17  70   M    M   7        22  70
10  53  34  44   0  21   0 0.00  0.0    0 10.8 18  70   M    M   7        23  80
11  45  31  38  -6  27   0 0.27  0.8    0  9.0 17  40   M    M   8 1      26  30
12  47  30  39  -6  26   0 0.00  0.0    0 10.3 18 270   M    M   4        25 310
13  49  28  39  -6  26   0 0.00  0.0    0 12.0 26 330   M    M   4        32 330
14  57  24  41  -5  24   0 0.00  0.0    0  9.4 22 240   M    M   2        27 260
15  69  41  55   9  10   0 0.00  0.0    0 11.2 22 250   M    M   5        26 250
16  50  39  45  -1  20   0 0.34  0.0    0 16.1 26  90   M    M   9 13     34 110
17  48  40  44  -3  21   0 0.00  0.0    0  9.8 21 290   M    M  10        26 290
18  43  38  41  -6  24   0    T  0.0    0  4.6  9  70   M    M  10 18     11 120
19  48  40  44  -3  21   0 1.43  0.0    0 10.5 22  40   M    M  10 138    26  40
20  45  34  40  -8  25   0    T  0.0    0 12.5 21 360   M    M   9        25 350
21  51  33  42  -6  23   0 0.00  0.0    0  9.8 20 330   M    M   4        27 340
22  51  31  41  -7  24   0    T  0.0    0  3.3  8  50   M    M   6        10 220
23  52  42  47  -2  18   0 0.26  0.0    0 13.5 24 110   M    M  10 1      30 110
24  43  35  39 -10  26   0 0.81  0.0    0 15.0 26  90   M    M  10 13     33 110
25  50  35  43  -7  22   0    T  0.0    0 11.3 17  80   M    M   9 1      21  80
26  55  38  47  -3  18   0 1.01  0.0    0 10.3 30 290   M    M   9 13     35 290
27  59  44  52   2  13   0 1.12  0.0    0  8.1 17 320   M    M   9 1      22 200
28  50  42  46  -5  19   0 0.02  0.0    0  4.2 10  30   M    M  10 18     13  20
29  49  45  47  -4  18   0 0.79  0.0    0  9.0 16 360   M    M  10 1      20 340
30  57  39  48  -3  17   0    T  0.0    0  6.2 20 330   M    M   4        26 330
31  56  39  48  -4  17   0 0.14  0.0    0 10.7 22 360   M    M  10 1      29 350
================================================================================
SM 1585 1086       674   0  7.12     1.0 323.7          M      216
================================================================================
AV 51.1 35.0                              10.4 FASTST   M    M   7    MAX(MPH)
                                 MISC ---->  # 32 260               # 43  290
================================================================================
NOTES:
# LAST OF SEVERAL OCCURRENCES

COLUMN 17 PEAK WIND IN M.P.H.

PRELIMINARY LOCAL CLIMATOLOGICAL DATA (WS FORM: F-6) , PAGE 2

                                          STATION:  ST. LOUIS
                                          MONTH:    MARCH
                                          YEAR:     2018
                                          LATITUDE:   38 45 N
                                          LONGITUDE:  90 23 W

[TEMPERATURE DATA]      [PRECIPITATION DATA]       SYMBOLS USED IN COLUMN 16

AVERAGE MONTHLY: 43.1   TOTAL FOR MONTH:   7.12    1 = FOG OR MIST
DPTR FM NORMAL:  -3.2   DPTR FM NORMAL:    3.80    2 = FOG REDUCING VISIBILITY
HIGHEST:    69 ON 15    GRTST 24HR  1.43 ON 19         TO 1/4 MILE OR LESS
LOWEST:     24 ON 14                               3 = THUNDER
                        SNOW, ICE PELLETS, HAIL    4 = ICE PELLETS
                        TOTAL MONTH:   1.0 INCH    5 = HAIL
                        GRTST 24HR   0.8 ON 11     6 = FREEZING RAIN OR DRIZZLE
                        GRTST DEPTH:   0           7 = DUSTSTORM OR SANDSTORM:
                                                       VSBY 1/2 MILE OR LESS
                                                   8 = SMOKE OR HAZE
[NO. OF DAYS WITH]      [WEATHER - DAYS WITH]      9 = BLOWING SNOW
                                                   X = TORNADO
MAX 32 OR BELOW:   0    0.01 INCH OR MORE:  13
MAX 90 OR ABOVE:   0    0.10 INCH OR MORE:  11
MIN 32 OR BELOW:  10    0.50 INCH OR MORE:   6
MIN  0 OR BELOW:   0    1.00 INCH OR MORE:   3

[HDD (BASE 65) ]
TOTAL THIS MO.   674    CLEAR  (SCALE 0-3)   3
DPTR FM NORMAL    86    PTCLDY (SCALE 4-7)  12
TOTAL FM JUL 1  4145    CLOUDY (SCALE 8-10) 16
DPTR FM NORMAL   -41

[CDD (BASE 65) ]
TOTAL THIS MO.     0
DPTR FM NORMAL    -7    [PRESSURE DATA]
TOTAL FM JAN 1     0    HIGHEST SLP 30.49 ON  3
DPTR FM NORMAL    -7    LOWEST  SLP 29.58 ON 19

[REMARKS]
#FINAL-03-18#
