610
CXUS53 KLSX 011803
CF6STL
PRELIMINARY LOCAL CLIMATOLOGICAL DATA (WS FORM: F-6)
STATION: ST. LOUIS
MONTH: FEBRUARY
YEAR: 2021
LATITUDE: 38 45 N
LONGITUDE: 90 23 W
TEMPERATURE IN F: :PCPN: SNOW: WIND :SUNSHINE: SKY :PK WND
================================================================================
1 2 3 4 5 6A 6B 7 8 9 10 11 12 13 14 15 16 17 18
12Z AVG MX 2MIN
DY MAX MIN AVG DEP HDD CDD WTR SNW DPTH SPD SPD DIR MIN PSBL S-S WX SPD DR
================================================================================
1 34 31 33 0 32 0 T T T 12.2 21 310 M M 10 28 320
2 40 26 33 0 32 0 0.00 0.0 0 5.1 10 340 M M 4 15 310
3 46 24 35 2 30 0 0.00 0.0 0 8.2 17 150 M M 6 18 23 140
4 44 26 35 1 30 0 0.22 T 0 15.7 32 280 M M 9 1 45 280
5 45 25 35 1 30 0 T T 0 12.1 25 280 M M 4 36 280
6 30 14 22 -12 43 0 0.04 0.4 0 8.1 18 350 M M 9 23 350
7 17 5 11 -23 54 0 T T T 8.1 16 360 M M 8 24 90
8 23 16 20 -14 45 0 0.10 0.5 T 7.7 14 350 M M 10 16 19 50
9 19 13 16 -19 49 0 T 0.1 1 9.4 15 350 M M 10 18 360
10 19 15 17 -18 48 0 0.04 0.2 1 10.1 16 10 M M 10 16 23 350
11 22 14 18 -17 47 0 0.03 0.3 1 10.9 18 350 M M 10 26 350
12 19 8 14 -21 51 0 T T 1 12.7 20 360 M M 7 25 320
13 10 1 6 -30 59 0 0.02 0.8 1 11.7 18 310 M M 8 24 320
14 8 -1 4 -32 61 0 0.01 0.1 1 14.0 21 350 M M 8 27 330
15 4 0 2 -34 63 0 0.52 5.7 2 13.8 21 330 M M 10 9 31 330
16 16 -4 6 -31 59 0 T T 7 7.2 16 290 M M 4 21 310
17 19 6 13 -24 52 0 0.04 0.5 6 7.0 14 80 M M 10 1 18 90
18 25 12 19 -18 46 0 T 0.2 6 8.1 15 340 M M 5 19 310
19 32 3 18 -19 47 0 0.00 0.0 5 4.2 9 170 M M 2 12 180
20 39 15 27 -11 38 0 0.00 0.0 4 7.3 17 130 M M 4 8 21 140
21 49 27 38 0 27 0 0.01 0.0 4 13.4 28 210 M M 9 1 41 220
22 56 36 46 8 19 0 0.00 0.0 T 15.7 26 280 M M 6 34 280
23 66 38 52 13 13 0 0.00 0.0 0 9.5 16 120 M M 1 25 250
24 58 36 47 8 18 0 0.00 0.0 0 12.7 20 10 M M 6 28 340
25 49 31 40 1 25 0 0.00 0.0 0 4.6 13 350 M M 8 16 360
26 51 30 41 1 24 0 T 0.0 0 9.9 20 110 M M 8 27 110
27 60 33 47 7 18 0 0.17 0.0 0 8.1 22 130 M M 7 1 28 130
28 61 38 50 10 15 0 0.44 0.0 0 8.6 16 330 M M 9 13 30 330
================================================================================
SM 961 518 1075 0 1.64 8.8 276.1 M 202
================================================================================
AV 34.3 18.5 9.9 FASTST M M 7 MAX(MPH)
MISC ----> 32 280 45 280
================================================================================
NOTES:
# LAST OF SEVERAL OCCURRENCES
COLUMN 17 PEAK WIND IN M.P.H.
PRELIMINARY LOCAL CLIMATOLOGICAL DATA (WS FORM: F-6) , PAGE 2
STATION: ST. LOUIS
MONTH: FEBRUARY
YEAR: 2021
LATITUDE: 38 45 N
LONGITUDE: 90 23 W
[TEMPERATURE DATA] [PRECIPITATION DATA] SYMBOLS USED IN COLUMN 16
AVERAGE MONTHLY: 26.4 TOTAL FOR MONTH: 1.64 1 = FOG OR MIST
DPTR FM NORMAL: -9.9 DPTR FM NORMAL: -0.60 2 = FOG REDUCING VISIBILITY
HIGHEST: 66 ON 23 GRTST 24HR 0.60 ON 27-28 TO 1/4 MILE OR LESS
LOWEST: -4 ON 16 3 = THUNDER
SNOW, ICE PELLETS, HAIL 4 = ICE PELLETS
TOTAL MONTH: 8.8 INCHES 5 = HAIL
GRTST 24HR 5.7 ON 15-15 6 = FREEZING RAIN OR DRIZZLE
GRTST DEPTH: 7 ON 16 7 = DUSTSTORM OR SANDSTORM:
VSBY 1/2 MILE OR LESS
8 = SMOKE OR HAZE
[NO. OF DAYS WITH] [WEATHER - DAYS WITH] 9 = BLOWING SNOW
X = TORNADO
MAX 32 OR BELOW: 14 0.01 INCH OR MORE: 12
MAX 90 OR ABOVE: 0 0.10 INCH OR MORE: 5
MIN 32 OR BELOW: 23 0.50 INCH OR MORE: 1
MIN 0 OR BELOW: 3 1.00 INCH OR MORE: 0
[HDD (BASE 65) ]
TOTAL THIS MO. 1075 CLEAR (SCALE 0-3) 2
DPTR FM NORMAL 271 PTCLDY (SCALE 4-7) 10
TOTAL FM JUL 1 3579 CLOUDY (SCALE 8-10) 16
DPTR FM NORMAL -19
[CDD (BASE 65) ]
TOTAL THIS MO. 0
DPTR FM NORMAL 0 [PRESSURE DATA]
TOTAL FM JAN 1 0 HIGHEST SLP 30.62 ON 14
DPTR FM NORMAL 0 LOWEST SLP 29.48 ON 4
[REMARKS]
#FINAL-02-21#