000
CXUS53 KLSX 011914 CCA
CF6STL
PRELIMINARY LOCAL CLIMATOLOGICAL DATA (WS FORM: F-6)
STATION: ST. LOUIS
MONTH: JANUARY
YEAR: 2024
LATITUDE: 38 45 N
LONGITUDE: 90 23 W
TEMPERATURE IN F: :PCPN: SNOW: WIND :SUNSHINE: SKY :PK WND
================================================================================
1 2 3 4 5 6A 6B 7 8 9 10 11 12 13 14 15 16 17 18
12Z AVG MX 2MIN
DY MAX MIN AVG DEP HDD CDD WTR SNW DPTH SPD SPD DIR MIN PSBL S-S WX SPD DR
================================================================================
1 36 33 35 2 30 0 T T 0 8.0 15 310 M M 10 21 310
2 45 28 37 4 28 0 0.00 0.0 0 5.4 14 220 M M 6 17 220
3 40 28 34 1 31 0 0.00 0.0 0 5.8 12 350 M M 6 18 340
4 44 29 37 4 28 0 0.00 0.0 0 4.0 10 30 M M 8 14 30
5 41 28 35 3 30 0 0.16 1.7 2 8.0 20 100 M M 9 1 27 110
6 39 35 37 5 28 0 0.03 0.8 2 6.7 16 270 M M 10 18 21 270
7 43 31 37 5 28 0 T T 0 8.1 15 290 M M 9 23 280
8 42 32 37 5 28 0 0.45 0.3 0 13.8 26 100 M M 9 1 36 100
9 44 34 39 7 26 0 0.41 0.3 0 15.9 31 280 M M 10 1 42 280
10 44 31 38 6 27 0 0.00 0.0 T 12.9 28 280 M M 7 36 280
11 50 35 43 11 22 0 T 0.0 0 10.9 23 120 M M 6 29 100
12 51 18 35 3 30 0 0.69 0.2 0 18.0 36 270 M M 10 1 48 260
13 22 2 12 -20 53 0 0.03 0.1 T 17.7 30 280 M M 9 40 290
14 3 -7 -2 -34 67 0 T T T 12.6 25 280 M M 8 8 34 280
15 11 -3 4 -28 61 0 0.04 1.2 T 9.2 17 290 M M 8 24 290
16 16 2 9 -23 56 0 0.01 0.1 1 11.0 20 270 M M 2 27 290
17 43 10 27 -5 38 0 0.00 0.0 1 10.9 20 170 M M 4 27 170
18 42 28 35 3 30 0 0.01 0.2 T 5.2 17 340 M M 8 23 330
19 27 7 17 -15 48 0 0.02 0.5 1 14.5 25 310 M M 5 36 320
20 21 2 12 -20 53 0 0.00 0.0 1 7.1 16 310 M M 0 22 310
21 32 8 20 -12 45 0 0.00 0.0 T 11.9 22 150 M M 5 29 170
22 37 30 34 2 31 0 0.58 0.0 T 8.7 14 160 M M 10 16 19 180
23 47 37 42 10 23 0 0.54 0.0 0 5.5 13 130 M M 10 12 16 130
24 46 41 44 12 21 0 0.32 0.0 0 4.4 9 320 M M 10 12 13 310
25 44 39 42 10 23 0 0.48 0.0 0 4.1 12 270 M M 10 12 15 260
26 46 40 43 11 22 0 T 0.0 0 7.1 17 280 M M 10 1 22 270
27 42 39 41 9 24 0 0.25 0.0 0 8.0 17 310 M M 10 1 23 310
28 39 35 37 5 28 0 0.01 0.0 0 11.5 18 310 M M 10 1 29 320
29 56 31 44 12 21 0 0.00 0.0 0 5.8 12 210 M M 5 18 17 170
30 47 39 43 10 22 0 0.00 0.0 0 10.3 18 320 M M 9 28 310
31 55 39 47 14 18 0 0.00 0.0 0 4.8 9 240 M M 5 14 220
================================================================================
SM 1195 781 1020 0 4.03 5.4 287.8 M 238
================================================================================
AV 38.5 25.2 9.3 FASTST M M 8 MAX(MPH)
MISC ----> 36 270 48 260
================================================================================
NOTES:
# LAST OF SEVERAL OCCURRENCES
COLUMN 17 PEAK WIND IN M.P.H.
PRELIMINARY LOCAL CLIMATOLOGICAL DATA (WS FORM: F-6) , PAGE 2
STATION: ST. LOUIS
MONTH: JANUARY
YEAR: 2024
LATITUDE: 38 45 N
LONGITUDE: 90 23 W
[TEMPERATURE DATA] [PRECIPITATION DATA] SYMBOLS USED IN COLUMN 16
AVERAGE MONTHLY: 31.9 TOTAL FOR MONTH: 4.03 1 = FOG OR MIST
DPTR FM NORMAL: -0.2 DPTR FM NORMAL: 1.44 2 = FOG REDUCING VISIBILITY
HIGHEST: 56 ON 29 GRTST 24HR 1.12 ON 22-23 TO 1/4 MILE OR LESS
LOWEST: -7 ON 14 3 = THUNDER
SNOW, ICE PELLETS, HAIL 4 = ICE PELLETS
TOTAL MONTH: 5.4 INCHES 5 = HAIL
GRTST 24HR 1.7 ON 5- 5 6 = FREEZING RAIN OR DRIZZLE
GRTST DEPTH: 2 ON 6, 5 7 = DUSTSTORM OR SANDSTORM:
VSBY 1/2 MILE OR LESS
8 = SMOKE OR HAZE
[NO. OF DAYS WITH] [WEATHER - DAYS WITH] 9 = BLOWING SNOW
X = TORNADO
MAX 32 OR BELOW: 7 0.01 INCH OR MORE: 16
MAX 90 OR ABOVE: 0 0.10 INCH OR MORE: 9
MIN 32 OR BELOW: 19 0.50 INCH OR MORE: 3
MIN 0 OR BELOW: 2 1.00 INCH OR MORE: 0
[HDD (BASE 65) ]
TOTAL THIS MO. 1020 CLEAR (SCALE 0-3) 2
DPTR FM NORMAL 0 PTCLDY (SCALE 4-7) 9
TOTAL FM JUL 1 2283 CLOUDY (SCALE 8-10) 20
DPTR FM NORMAL -443
[CDD (BASE 65) ]
TOTAL THIS MO. 0
DPTR FM NORMAL 0 [PRESSURE DATA]
TOTAL FM JAN 1 0 HIGHEST SLP 30.75 ON 20
DPTR FM NORMAL 0 LOWEST SLP 29.10 ON 9
[REMARKS]
#FINAL-01-24#