000
CDUS43 KLSX 132233
CLISTL


CLIMATE REPORT
NATIONAL WEATHER SERVICE ST LOUIS MO
526 PM CDT FRI APR 13 2018


...................................

...THE ST. LOUIS CLIMATE SUMMARY FOR APRIL 13 2018...
VALID TODAY AS OF 0500 PM LOCAL TIME.

CLIMATE NORMAL PERIOD 1981 TO 2010
CLIMATE RECORD PERIOD 1874 TO 2018


WEATHER ITEM   OBSERVED TIME   RECORD YEAR NORMAL DEPARTURE LAST
                VALUE   (LST)  VALUE       VALUE  FROM      YEAR
                                                  NORMAL
..................................................................
TEMPERATURE (F)
 TODAY
  MAXIMUM         79    205 PM  89    1941  67     12       84
  MINIMUM         66    539 AM  25    1950  46     20       54
  AVERAGE         73                        57     16       69

PRECIPITATION (IN)
  TODAY            T             1.76 1923   0.12  -0.12     0.00
  MONTH TO DATE    0.93                      1.55  -0.62     2.44
  SINCE MAR 1      8.05                      4.87   3.18     6.68
  SINCE JAN 1     14.53                      9.51   5.02     8.97

SNOWFALL (IN)
  TODAY            0.0           T    2008   0.0    0.0      0.0
                                      2007
                                      1997
  MONTH TO DATE    0.6                       0.3    0.3      0.0
  SINCE MAR 1      1.6                       2.6   -1.0      1.8
  SINCE JUL 1      7.1                      17.6  -10.5      3.2
  SNOW DEPTH       0

DEGREE DAYS
 HEATING
  TODAY            0                        10    -10        0
  MONTH TO DATE  255                       151    104       84
  SINCE MAR 1    929                       739    190      551
  SINCE JUL 1   4400                      4337     63     3284

 COOLING
  TODAY            8                         1      7        4
  MONTH TO DATE   16                        13      3       18
  SINCE MAR 1     16                        20     -4       24
  SINCE JAN 1     16                        20     -4       26
..................................................................


WIND (MPH)
  HIGHEST WIND SPEED    26   HIGHEST WIND DIRECTION     S (170)
  HIGHEST GUST SPEED    34   HIGHEST GUST DIRECTION     S (160)
  AVERAGE WIND SPEED    15.0


SKY COVER
  AVERAGE SKY COVER 0.6



RELATIVE HUMIDITY (PERCENT)
 HIGHEST    64           400 PM
 LOWEST     38          1200 AM
 AVERAGE    51

..........................................................


THE ST. LOUIS CLIMATE NORMALS FOR TOMORROW
                         NORMAL    RECORD    YEAR
 MAXIMUM TEMPERATURE (F)   67        92      2006
 MINIMUM TEMPERATURE (F)   47        28      1950
                                             1943


SUNRISE AND SUNSET
APRIL 13 2018.........SUNRISE   628 AM CDT   SUNSET   737 PM CDT
APRIL 14 2018.........SUNRISE   627 AM CDT   SUNSET   738 PM CDT


-  INDICATES NEGATIVE NUMBERS.
R  INDICATES RECORD WAS SET OR TIED.
MM INDICATES DATA IS MISSING.
T  INDICATES TRACE AMOUNT.




$$

maples
