000
CDUS43 KLSX 072230
CLISTL


CLIMATE REPORT
NATIONAL WEATHER SERVICE ST LOUIS MO
529 PM CDT SAT APR 7 2018


...................................

...THE ST. LOUIS CLIMATE SUMMARY FOR APRIL 7 2018...
VALID TODAY AS OF 0500 PM LOCAL TIME.

CLIMATE NORMAL PERIOD 1981 TO 2010
CLIMATE RECORD PERIOD 1874 TO 2018


WEATHER ITEM   OBSERVED TIME   RECORD YEAR NORMAL DEPARTURE LAST
                VALUE   (LST)  VALUE       VALUE  FROM      YEAR
                                                  NORMAL
..................................................................
TEMPERATURE (F)
 TODAY
  MAXIMUM         44    359 PM  88    1948  65    -21       63
                                      1893
  MINIMUM         24    604 AM  23    2007  44    -20       39
  AVERAGE         34                        54    -20       51

PRECIPITATION (IN)
  TODAY            0.00          2.86 1929   0.12  -0.12     0.00
  MONTH TO DATE    0.92                      0.84   0.08     2.41
  SINCE MAR 1      8.04                      4.16   3.88     6.65
  SINCE JAN 1     14.52                      8.80   5.72     8.94

SNOWFALL (IN)
  TODAY            0.0           1.5  1982   0.0    0.0      0.0
  MONTH TO DATE    0.6                       0.2    0.4      0.0
  SINCE MAR 1      1.6                       2.5   -0.9      1.8
  SINCE JUL 1      7.1                      17.5  -10.4      3.2
  SNOW DEPTH       0

DEGREE DAYS
 HEATING
  TODAY           31                        11     20       14
  MONTH TO DATE  177                        88     89       65
  SINCE MAR 1    851                       676    175      532
  SINCE JUL 1   4322                      4274     48     3265

 COOLING
  TODAY            0                         1     -1        0
  MONTH TO DATE    0                         7     -7        0
  SINCE MAR 1      0                        14    -14        6
  SINCE JAN 1      0                        14    -14        8
..................................................................


WIND (MPH)
  HIGHEST WIND SPEED    20   HIGHEST WIND DIRECTION     N (10)
  HIGHEST GUST SPEED    25   HIGHEST GUST DIRECTION     N (10)
  AVERAGE WIND SPEED    11.3


SKY COVER
  AVERAGE SKY COVER 0.6



RELATIVE HUMIDITY (PERCENT)
 HIGHEST    55           600 AM
 LOWEST     33           400 PM
 AVERAGE    44

..........................................................


THE ST. LOUIS CLIMATE NORMALS FOR TOMORROW
                         NORMAL    RECORD    YEAR
 MAXIMUM TEMPERATURE (F)   65        89      1890
 MINIMUM TEMPERATURE (F)   45        22      1972


SUNRISE AND SUNSET
APRIL  7 2018.........SUNRISE   637 AM CDT   SUNSET   731 PM CDT
APRIL  8 2018.........SUNRISE   636 AM CDT   SUNSET   732 PM CDT


-  INDICATES NEGATIVE NUMBERS.
R  INDICATES RECORD WAS SET OR TIED.
MM INDICATES DATA IS MISSING.
T  INDICATES TRACE AMOUNT.




$$
