000
CXUS55 KSTO 080534
CF6STO
PRELIMINARY LOCAL CLIMATOLOGICAL DATA (WS FORM: F-6)
STATION: SACRAMENTO CITY
MONTH: NOVEMBER
YEAR: 2022
LATITUDE: 38 36 N
LONGITUDE: 121 23 W
TEMPERATURE IN F: :PCPN: SNOW: WIND :SUNSHINE: SKY :PK WND
================================================================================
1 2 3 4 5 6A 6B 7 8 9 10 11 12 13 14 15 16 17 18
12Z AVG MX 2MIN
DY MAX MIN AVG DEP HDD CDD WTR SNW DPTH SPD SPD DIR MIN PSBL S-S WX SPD DR
================================================================================
1 61 49 55 -5 10 0 0.18 0.0 M M M M M M M M M
2 62 46 54 -6 11 0 0.00 0.0 M M M M M M M M M
3 61 39 50 -10 15 0 0.00 0.0 M M M M M M M M M
4 65 42 54 -5 11 0 0.00 0.0 M M M M M M M M M
5 61 47 54 -5 11 0 0.00 0.0 M M M M M M M M M
6 66 52 59 1 6 0 0.00 0.0 M M M M M M M M M
7 62 46 54 -4 11 0 0.16 0.0 M M M M M M M M M
8 53 46 50 -8 15 0 0.81 0.0 M M M M M M M M M
9 59 44 52 -5 13 0 0.00 0.0 M M M M M M M M M
10 58 39 49 -8 16 0 0.00 0.0 M M M M M M M M M
11 62 38 50 -7 15 0 0.00 0.0 M M M M M M M M M
12 58 42 50 -6 15 0 0.01 0.0 M M M M M M M M M
13 63 41 52 -4 13 0 0.00 0.0 M M M M M M M M M
14 61 37 49 -7 16 0 0.00 0.0 M M M M M M M M M
15 70 38 54 -1 11 0 0.00 0.0 M M M M M M M M M
16 67 37 52 -3 13 0 0.00 0.0 M M M M M M M M M
17 67 39 53 -2 12 0 0.00 0.0 M M M M M M M M M
18 66 40 53 -1 12 0 0.00 0.0 M M M M M M M M M
19 64 38 51 -3 14 0 0.00 0.0 M M M M M M M M M
20 64 35 50 -4 15 0 0.00 0.0 M M M M M M M M M
21 64 34 49 -4 16 0 0.00 0.0 M M M M M M M M M
22 65 36 51 -2 14 0 0.00 0.0 M M M M M M M M M
23 66 36 51 -2 14 0 0.00 0.0 M M M M M M M M M
24 69 39 54 2 11 0 0.00 0.0 M M M M M M M M M
25 69 40 55 3 10 0 0.00 0.0 M M M M M M M M M
26 68 41 55 3 10 0 0.00 0.0 M M M M M M M M M
27 67 39 53 1 12 0 0.00 0.0 M M M M M M M M M
28 64 38 51 0 14 0 0.00 0.0 M M M M M M M M M
29 61 37 49 -2 16 0 0.00 0.0 M M M M M M M M M
30 61 34 48 -3 17 0 0.00 0.0 M M M M M M M M M
================================================================================
SM 1904 1209 389 0 1.16 0.0 M M M
================================================================================
AV 63.5 40.3 M FASTST M M M MAX(MPH)
MISC ----> M M M M
================================================================================
NOTES:
# LAST OF SEVERAL OCCURRENCES
COLUMN 17 PEAK WIND IN M.P.H.
PRELIMINARY LOCAL CLIMATOLOGICAL DATA (WS FORM: F-6) , PAGE 2
STATION: SACRAMENTO CITY
MONTH: NOVEMBER
YEAR: 2022
LATITUDE: 38 36 N
LONGITUDE: 121 23 W
[TEMPERATURE DATA] [PRECIPITATION DATA] SYMBOLS USED IN COLUMN 16
AVERAGE MONTHLY: 51.9 TOTAL FOR MONTH: 1.16 1 = FOG OR MIST
DPTR FM NORMAL: -3.4 DPTR FM NORMAL: -0.62 2 = FOG REDUCING VISIBILITY
HIGHEST: 70 ON 15 GRTST 24HR 0.81 ON 8- 8 TO 1/4 MILE OR LESS
LOWEST: 34 ON 30,21 3 = THUNDER
SNOW, ICE PELLETS, HAIL 4 = ICE PELLETS
TOTAL MONTH: 0.0 INCH 5 = HAIL
GRTST 24HR 0.0 6 = FREEZING RAIN OR DRIZZLE
GRTST DEPTH: M ON M 7 = DUSTSTORM OR SANDSTORM:
VSBY 1/2 MILE OR LESS
8 = SMOKE OR HAZE
[NO. OF DAYS WITH] [WEATHER - DAYS WITH] 9 = BLOWING SNOW
X = TORNADO
MAX 32 OR BELOW: 0 0.01 INCH OR MORE: 4
MAX 90 OR ABOVE: 0 0.10 INCH OR MORE: 3
MIN 32 OR BELOW: 0 0.50 INCH OR MORE: 1
MIN 0 OR BELOW: 0 1.00 INCH OR MORE: 0
[HDD (BASE 65) ]
TOTAL THIS MO. 389 CLEAR (SCALE 0-3) 0
DPTR FM NORMAL 96 PTCLDY (SCALE 4-7) 0
TOTAL FM JUL 1 427 CLOUDY (SCALE 8-10) 30
DPTR FM NORMAL 73
[CDD (BASE 65) ]
TOTAL THIS MO. 0
DPTR FM NORMAL -2 [PRESSURE DATA]
TOTAL FM JAN 1 2076 HIGHEST SLP M ON M
DPTR FM NORMAL 499 LOWEST SLP M ON M
[REMARKS]
#FINAL-11-22#