000
CXUS53 KLSX 112022
CF6SUS
PRELIMINARY LOCAL CLIMATOLOGICAL DATA (WS FORM: F-6)

                                          STATION:   SPIRIT OF ST LOUIS MO
                                          MONTH:     MARCH
                                          YEAR:      2018
                                          LATITUDE:   38 39 N
                                          LONGITUDE:  90 38 W

  TEMPERATURE IN F:       :PCPN:    SNOW:  WIND      :SUNSHINE: SKY     :PK WND
================================================================================
1   2   3   4   5  6A  6B    7    8   9   10  11  12  13   14  15   16   17  18
                                     12Z  AVG MX 2MIN
DY MAX MIN AVG DEP HDD CDD  WTR  SNW DPTH SPD SPD DIR MIN PSBL S-S WX    SPD DR
================================================================================

 1  57  32  45   5  20   0 0.11  0.0    0 12.0 25 310   M    M   7 13     33 300
 2  55  26  41   1  24   0 0.00  0.0    0  3.5 13  90   M    M   0        16  70
 3  58  26  42   1  23   0 0.00  0.0    0  6.3 16 150   M    M   0        23 100
 4  61  30  46   5  19   0    T  0.0    0  8.8 16  90   M    M   3 36     23 120
 5  51  31  41   0  24   0 0.51  0.0    0  6.7 22 310   M    M   8 13     30 310
 6  48  28  38  -4  27   0 0.02    M    0 13.9 36 280   M    M   6 128    53 280
 7  39  30  35  -7  30   0 0.00  0.0    0 13.2 22 310   M    M  10        30 300
 8  43  24  34  -8  31   0 0.00  0.0    0  8.8 20 330   M    M   4        27 330
 9  53  22  38  -5  27   0 0.00  0.0    0  6.7 16  70   M    M   4        24  90
10  55  31  43   0  22   0 0.00  0.0    0  8.1 16  80   M    M   2        23  80
11  45  29  37  -6  28   0 0.25    M    0  7.5 17  40   M    M   7 1      25  40
12  47  29  38  -6  27   0 0.00  0.0    M  8.9 22 280   M    M   4        29 280
13  50  28  39  -5  26   0 0.00  0.0    0 10.4 24 300   M    M   1        34 290
14  58  20  39  -5  26   0 0.00  0.0    0  8.0 18 230   M    M   0        24 240
15  73  46  60  15   5   0 0.00  0.0    0 10.4 21 260   M    M   0        29 280
16  54  41  48   3  17   0 0.10    M    0 10.4 22  80   M    M   7 13     32  90
17  49  36  43  -3  22   0 0.00  0.0    0  8.6 22 280   M    M  10 18     27 280
18  44  39  42  -4  23   0 0.00  0.0    0  4.0  8  50   M    M  10 18     12  70
19  48  40  44  -2  21   0 1.24  0.0    0  8.2 18  40   M    M  10 138    26  40
20  47  35  41  -6  24   0    T  0.0    0 11.2 20 330   M    M   9        33 320
21  50  31  41  -6  24   0 0.00  0.0    0  9.3 21 290   M    M   5        26 290
22  50  26  38  -9  27   0    T  0.0    0  2.0  7  90   M    M   6        11 310
23  53  41  47  -1  18   0 0.21  0.0    0  9.1 17 100   M    M   9 1      27 120
24  45  35  40  -8  25   0 0.29  0.0    0 11.4 18  90   M    M   7 13     28 100
25  48  35  42  -6  23   0 0.00  0.0    0  7.8 17  70   M    M  10 1      22  70
26  58  34  46  -3  19   0 0.68  0.0    0  6.2 29 320   M    M   8 13     38 330
27  60  45  53   4  12   0 0.93  0.0    0  6.0 17 330   M    M  10 1      21 330
28  50  43  47  -2  18   0 0.05  0.0    0  2.7 10  60   M    M  10 18     12  70
29  49  46  48  -2  17   0 0.56  0.0    0  7.7 14 330   M    M   9 1      20 360
30  57  36  47  -3  18   0 0.00  0.0    0  5.7 18 320   M    M   3        24 320
31  58  35  47  -3  18   0 0.02  0.0    0  9.6 23 200   M    M   7        35 200
================================================================================
SM 1613 1030       685   0  4.97     0.0 253.1          M      186
================================================================================
AV 52.0 33.2                               8.2 FASTST   M    M   6    MAX(MPH)
                                 MISC ---->  # 36 280               # 53  280
================================================================================
NOTES:
# LAST OF SEVERAL OCCURRENCES

COLUMN 17 PEAK WIND IN M.P.H.

PRELIMINARY LOCAL CLIMATOLOGICAL DATA (WS FORM: F-6) , PAGE 2

                                          STATION:  SPIRIT OF ST LOUIS MO
                                          MONTH:    MARCH
                                          YEAR:     2018
                                          LATITUDE:   38 39 N
                                          LONGITUDE:  90 38 W

[TEMPERATURE DATA]      [PRECIPITATION DATA]       SYMBOLS USED IN COLUMN 16

AVERAGE MONTHLY: 42.6   TOTAL FOR MONTH:   4.97    1 = FOG OR MIST
DPTR FM NORMAL:  -2.6   DPTR FM NORMAL:    1.52    2 = FOG REDUCING VISIBILITY
HIGHEST:    73 ON 15    GRTST 24HR  1.24 ON 19-19      TO 1/4 MILE OR LESS
LOWEST:     20 ON 14                               3 = THUNDER
                        SNOW, ICE PELLETS, HAIL    4 = ICE PELLETS
                        TOTAL MONTH:   0.0 INCH    5 = HAIL
                        GRTST 24HR     0.0         6 = FREEZING RAIN OR DRIZZLE
                        GRTST DEPTH:   0           7 = DUSTSTORM OR SANDSTORM:
                                                       VSBY 1/2 MILE OR LESS
                                                   8 = SMOKE OR HAZE
[NO. OF DAYS WITH]      [WEATHER - DAYS WITH]      9 = BLOWING SNOW
                                                   X = TORNADO
MAX 32 OR BELOW:   0    0.01 INCH OR MORE:  13
MAX 90 OR ABOVE:   0    0.10 INCH OR MORE:  10
MIN 32 OR BELOW:  16    0.50 INCH OR MORE:   5
MIN  0 OR BELOW:   0    1.00 INCH OR MORE:   1

[HDD (BASE 65) ]
TOTAL THIS MO.   685    CLEAR  (SCALE 0-3)   7
DPTR FM NORMAL    66    PTCLDY (SCALE 4-7)  14
TOTAL FM JUL 1  4292    CLOUDY (SCALE 8-10) 10
DPTR FM NORMAL   -81

[CDD (BASE 65) ]
TOTAL THIS MO.     0
DPTR FM NORMAL    -5    [PRESSURE DATA]
TOTAL FM JAN 1     0    HIGHEST SLP 30.48 ON  2
DPTR FM NORMAL    -5    LOWEST  SLP 29.57 ON 19

[REMARKS]
#FINAL-03-18#
