000
CXUS53 KLSX 020529
CF6SUS
PRELIMINARY LOCAL CLIMATOLOGICAL DATA (WS FORM: F-6)

                                          STATION:   SPIRIT OF ST LOUIS MO
                                          MONTH:     DECEMBER
                                          YEAR:      2017
                                          LATITUDE:   38 39 N
                                          LONGITUDE:  90 38 W

  TEMPERATURE IN F:       :PCPN:    SNOW:  WIND      :SUNSHINE: SKY     :PK WND
================================================================================
1   2   3   4   5  6A  6B    7    8   9   10  11  12  13   14  15   16   17  18
                                     12Z  AVG MX 2MIN
DY MAX MIN AVG DEP HDD CDD  WTR  SNW DPTH SPD SPD DIR MIN PSBL S-S WX    SPD DR
================================================================================

 1  57  24  41   3  24   0 0.00  0.0    0  2.9  9 210   M    M   0 8      14 110
 2  64  33  49  11  16   0 0.00  0.0    0  1.6  8 240   M    M   2        12 180
 3  68  31  50  12  15   0 0.00  0.0    0  5.3 15 160   M    M   2 1      24 150
 4  70  48  59  22   6   0 0.19  0.0    0 12.4 24 300   M    M   6 13     39 180
 5  48  33  41   4  24   0 0.00  0.0    0 12.9 23 300   M    M   2        34 230
 6  50  30  40   4  25   0 0.00  0.0    0 11.1 20 300   M    M   3        26 310
 7  37  16  27  -9  38   0 0.00  0.0    0 11.0 24 320   M    M   5        34 320
 8  39  13  26 -10  39   0 0.00  0.0    0  4.5 14 220   M    M   0        20 220
 9  39  19  29  -6  36   0 0.00  0.0    0 11.3 25 300   M    M   5        33 300
10  53  18  36   1  29   0 0.00  0.0    0  6.3 17 250   M    M   1        26 260
11  59  23  41   6  24   0 0.00  0.0    0 12.0 33 290   M    M   5        47 290
12  42  20  31  -3  34   0 0.00  0.0    0 10.0 24 320   M    M   3        36 320
13  59  19  39   5  26   0 0.00  0.0    0 13.8 31 290   M    M   2        45 290
14  39  26  33  -1  32   0 0.00  0.0    0  5.5 21 330   M    M  10        30 320
15  45  25  35   1  30   0 0.00  0.0    0  6.3 17 270   M    M   5        26 290
16  62  27  45  12  20   0 0.00  0.0    0  8.7 20 240   M    M   0        28 230
17  55  40  48  15  17   0    T  0.0    0  3.8 14 230   M    M   8        18 230
18  55  32  44  11  21   0 0.00  0.0    0  6.2 17 250   M    M   6 1      22 240
19  54  30  42   9  23   0 0.00  0.0    0  3.6 17 250   M    M   4 128    26 250
20  51  27  39   6  26   0 0.00  0.0    0  4.2 12  60   M    M   1 12     15  70
21  59  26  43  11  22   0 0.00  0.0    0  4.0 15 160   M    M   6        28 170
22  54  36  45  13  20   0 0.22    M    0  8.1 15 320   M    M   8 18     19 320
23  37  29  33   1  32   0 0.23    M    M  6.4 14 330   M    M   5 1      19 290
24  31  17  24  -8  41   0 0.04    M    M 10.5 24 290   M    M   5 18     33 300
25  29  15  22 -10  43   0 0.00  0.0    M  7.4 13 250   M    M   4        16 230
26  25  10  18 -14  47   0    T    M    M  9.2 14  50   M    M   9 8      19  30
27  14   1   8 -24  57   0 0.00  0.0    M  6.0 10  70   M    M   1        15  30
28  21   8  15 -17  50   0 0.00  0.0    M  4.1  8 210   M    M   7        10 120
29  27  14  21 -10  44   0    T    M    M  3.5  9  90   M    M   8 1      14 120
30  26   6  16 -15  49   0 0.00  0.0    M 10.6 22 340   M    M   6 1      27 330
31  13   2   8 -23  57   0 0.00  0.0    M 10.1 16 310   M    M   4        22 330
================================================================================
SM 1382  698       967   0  0.68     0.0 233.3          M      133
================================================================================
AV 44.6 22.5                               7.5 FASTST   M    M   4    MAX(MPH)
                                 MISC ---->  # 33 290               # 47  290
================================================================================
NOTES:
# LAST OF SEVERAL OCCURRENCES

COLUMN 17 PEAK WIND IN M.P.H.

PRELIMINARY LOCAL CLIMATOLOGICAL DATA (WS FORM: F-6) , PAGE 2

                                          STATION:  SPIRIT OF ST LOUIS MO
                                          MONTH:    DECEMBER
                                          YEAR:     2017
                                          LATITUDE:   38 39 N
                                          LONGITUDE:  90 38 W

[TEMPERATURE DATA]      [PRECIPITATION DATA]       SYMBOLS USED IN COLUMN 16

AVERAGE MONTHLY: 33.6   TOTAL FOR MONTH:   0.68    1 = FOG OR MIST
DPTR FM NORMAL:  -0.4   DPTR FM NORMAL:   -2.25    2 = FOG REDUCING VISIBILITY
HIGHEST:    70 ON  4    GRTST 24HR  0.23 ON 23-23      TO 1/4 MILE OR LESS
LOWEST:      1 ON 27                               3 = THUNDER
                        SNOW, ICE PELLETS, HAIL    4 = ICE PELLETS
                        TOTAL MONTH:   0.0 INCH    5 = HAIL
                        GRTST 24HR     0.0         6 = FREEZING RAIN OR DRIZZLE
                        GRTST DEPTH:   0           7 = DUSTSTORM OR SANDSTORM:
                                                       VSBY 1/2 MILE OR LESS
                                                   8 = SMOKE OR HAZE
[NO. OF DAYS WITH]      [WEATHER - DAYS WITH]      9 = BLOWING SNOW
                                                   X = TORNADO
MAX 32 OR BELOW:   8    0.01 INCH OR MORE:   4
MAX 90 OR ABOVE:   0    0.10 INCH OR MORE:   3
MIN 32 OR BELOW:  26    0.50 INCH OR MORE:   0
MIN  0 OR BELOW:   0    1.00 INCH OR MORE:   0

[HDD (BASE 65) ]
TOTAL THIS MO.   967    CLEAR  (SCALE 0-3)  12
DPTR FM NORMAL     3    PTCLDY (SCALE 4-7)  16
TOTAL FM JUL 1  1737    CLOUDY (SCALE 8-10)  3
DPTR FM NORMAL  -145

[CDD (BASE 65) ]
TOTAL THIS MO.     0
DPTR FM NORMAL     0    [PRESSURE DATA]
TOTAL FM JAN 1  1481    HIGHEST SLP 30.89 ON 27
DPTR FM NORMAL   120    LOWEST  SLP 29.56 ON 13

[REMARKS]
#FINAL-12-17#
